{"version":"1.0","provider_name":"CAID","provider_url":"https:\/\/caid.gob.do\/caid","title":"CAID celebra 8vo. Aniversario - CAID","type":"rich","width":600,"height":338,"html":"<blockquote class=\"wp-embedded-content\" data-secret=\"ptlyHD9c8m\"><a href=\"https:\/\/caid.gob.do\/caid\/caid-celebra-8vo-aniversario\/\">CAID celebra 8vo. Aniversario<\/a><\/blockquote><iframe sandbox=\"allow-scripts\" security=\"restricted\" src=\"https:\/\/caid.gob.do\/caid\/caid-celebra-8vo-aniversario\/embed\/#?secret=ptlyHD9c8m\" width=\"600\" height=\"338\" title=\"\u00abCAID celebra 8vo. Aniversario\u00bb \u2014 CAID\" data-secret=\"ptlyHD9c8m\" frameborder=\"0\" marginwidth=\"0\" marginheight=\"0\" scrolling=\"no\" class=\"wp-embedded-content\"><\/iframe><script>\n\/*! This file is auto-generated *\/\n!function(d,l){\"use strict\";l.querySelector&&d.addEventListener&&\"undefined\"!=typeof URL&&(d.wp=d.wp||{},d.wp.receiveEmbedMessage||(d.wp.receiveEmbedMessage=function(e){var t=e.data;if((t||t.secret||t.message||t.value)&&!\/[^a-zA-Z0-9]\/.test(t.secret)){for(var s,r,n,a=l.querySelectorAll('iframe[data-secret=\"'+t.secret+'\"]'),o=l.querySelectorAll('blockquote[data-secret=\"'+t.secret+'\"]'),c=new RegExp(\"^https?:$\",\"i\"),i=0;i<o.length;i++)o[i].style.display=\"none\";for(i=0;i<a.length;i++)s=a[i],e.source===s.contentWindow&&(s.removeAttribute(\"style\"),\"height\"===t.message?(1e3<(r=parseInt(t.value,10))?r=1e3:~~r<200&&(r=200),s.height=r):\"link\"===t.message&&(r=new URL(s.getAttribute(\"src\")),n=new URL(t.value),c.test(n.protocol))&&n.host===r.host&&l.activeElement===s&&(d.top.location.href=t.value))}},d.addEventListener(\"message\",d.wp.receiveEmbedMessage,!1),l.addEventListener(\"DOMContentLoaded\",function(){for(var e,t,s=l.querySelectorAll(\"iframe.wp-embedded-content\"),r=0;r<s.length;r++)(t=(e=s[r]).getAttribute(\"data-secret\"))||(t=Math.random().toString(36).substring(2,12),e.src+=\"#?secret=\"+t,e.setAttribute(\"data-secret\",t)),e.contentWindow.postMessage({message:\"ready\",secret:t},\"*\")},!1)))}(window,document);\n\/\/# sourceURL=https:\/\/caid.gob.do\/caid\/wp-includes\/js\/wp-embed.min.js\n<\/script>\n","thumbnail_url":"https:\/\/caid.gob.do\/caid\/wp-content\/uploads\/caid-fachada-oeste-2-e1661787876735.jpeg","thumbnail_width":1280,"thumbnail_height":528,"description":"Lunes, 29 Noviembre 2021 Santo Domingo, D.N. Al cumplirse ocho a\u00f1os del inicio de sus labores, el Centro de Atenci\u00f3n Integral para la Discapacidad, celebr\u00f3 los logros alcanzados en este a\u00f1o de gesti\u00f3n, y afianz\u00f3 el compromiso de brindar asistencia con calidad profesional y tecnol\u00f3gica a la poblaci\u00f3n con condiciones de discapacidad. Desde su inauguraci\u00f3n, [&hellip;]"}

Lunes, 29 Noviembre 2021 Santo Domingo, D.N. Al cumplirse ocho años del inicio de sus labores, el Centro de Atención Integral para la Discapacidad, celebró los logros alcanzados en este año de gestión, y afianzó el compromiso de brindar asistencia con calidad profesional y tecnológica a la población con condiciones de discapacidad. Desde su inauguración, [&hellip;]
