{"id":12910,"date":"2023-06-07T20:03:51","date_gmt":"2023-06-08T00:03:51","guid":{"rendered":"https:\/\/caid.gob.do\/caid\/?page_id=12910"},"modified":"2024-11-06T10:06:16","modified_gmt":"2024-11-06T14:06:16","slug":"apoyo-psicopedagogico","status":"publish","type":"page","link":"https:\/\/caid.gob.do\/caid\/inicio\/servicios\/servicios-presenciales\/apoyo-psicopedagogico\/","title":{"rendered":"Apoyo psicopedag\u00f3gico"},"content":{"rendered":"\t\t<div data-elementor-type=\"wp-page\" data-elementor-id=\"12910\" class=\"elementor elementor-12910\" data-elementor-post-type=\"page\">\n\t\t\t\t<div class=\"elementor-element elementor-element-baf4724 e-con-full e-flex e-con e-parent\" data-id=\"baf4724\" data-element_type=\"container\" data-e-type=\"container\" data-settings=\"{&quot;background_background&quot;:&quot;classic&quot;}\">\n\t\t\t\t<div class=\"elementor-element elementor-element-5d7ca3a elementor-widget__width-initial elementor-widget elementor-widget-image\" data-id=\"5d7ca3a\" data-element_type=\"widget\" data-e-type=\"widget\" data-widget_type=\"image.default\">\n\t\t\t\t<div class=\"elementor-widget-container\">\n\t\t\t\t\t\t\t\t\t\t\t\t\t\t\t<img loading=\"lazy\" decoding=\"async\" width=\"400\" height=\"267\" src=\"https:\/\/caid.gob.do\/caid\/wp-content\/uploads\/9b61c9add26ae66de11f78f97af7a160_M.jpg\" class=\"attachment-full size-full wp-image-2080\" alt=\"\" srcset=\"https:\/\/caid.gob.do\/caid\/wp-content\/uploads\/9b61c9add26ae66de11f78f97af7a160_M.jpg 400w, https:\/\/caid.gob.do\/caid\/wp-content\/uploads\/9b61c9add26ae66de11f78f97af7a160_M-300x200.jpg 300w, https:\/\/caid.gob.do\/caid\/wp-content\/uploads\/9b61c9add26ae66de11f78f97af7a160_M-150x100.jpg 150w\" sizes=\"auto, (max-width: 400px) 100vw, 400px\" \/>\t\t\t\t\t\t\t\t\t\t\t\t\t\t\t<\/div>\n\t\t\t\t<\/div>\n\t\t\t\t<div class=\"elementor-element elementor-element-ac05bcd elementor-widget elementor-widget-heading\" data-id=\"ac05bcd\" data-element_type=\"widget\" data-e-type=\"widget\" data-widget_type=\"heading.default\">\n\t\t\t\t<div class=\"elementor-widget-container\">\n\t\t\t\t\t<p class=\"elementor-heading-title elementor-size-default\">Apoyo psicopedag\u00f3gico<\/p>\t\t\t\t<\/div>\n\t\t\t\t<\/div>\n\t\t\t\t<div class=\"elementor-element elementor-element-46ca164 elementor-widget elementor-widget-text-editor\" data-id=\"46ca164\" data-element_type=\"widget\" data-e-type=\"widget\" data-widget_type=\"text-editor.default\">\n\t\t\t\t<div class=\"elementor-widget-container\">\n\t\t\t\t\t\t\t\t\t<p>Se encarga de potenciar el proceso de ense\u00f1anza-aprendizaje bas\u00e1ndose en enfoques psicopedag\u00f3gicos, reforzando las habilidades cognitivas que anticipan el aprendizaje escolar, para lograr un mejor desempe\u00f1o en el proceso de aprendizaje, facilitando su participaci\u00f3n y \u00e9xito en el \u00e1mbito escolar y otros contextos.<\/p>\t\t\t\t\t\t\t\t<\/div>\n\t\t\t\t<\/div>\n\t\t<div class=\"elementor-element elementor-element-efd7cac e-flex e-con-boxed e-con e-child\" data-id=\"efd7cac\" data-element_type=\"container\" data-e-type=\"container\">\n\t\t\t\t\t<div class=\"e-con-inner\">\n\t\t<div class=\"elementor-element elementor-element-e0ab7e9 e-con-full e-flex e-con e-child\" data-id=\"e0ab7e9\" data-element_type=\"container\" data-e-type=\"container\">\n\t\t\t\t<div class=\"elementor-element elementor-element-797f9ae elementor-widget elementor-widget-text-editor\" data-id=\"797f9ae\" data-element_type=\"widget\" data-e-type=\"widget\" data-widget_type=\"text-editor.default\">\n\t\t\t\t<div class=\"elementor-widget-container\">\n\t\t\t\t\t\t\t\t\t<p><img loading=\"lazy\" decoding=\"async\" class=\"alignnone wp-image-12854\" src=\"https:\/\/caid.gob.do\/caid\/wp-content\/uploads\/a-cargo.png\" alt=\"\" width=\"28\" height=\"27\" \/> <strong>A cargo de:<\/strong> Divisi\u00f3n de intervenci\u00f3n terap\u00e9utica<\/p>\t\t\t\t\t\t\t\t<\/div>\n\t\t\t\t<\/div>\n\t\t\t\t<\/div>\n\t\t<div class=\"elementor-element elementor-element-d68d669 e-con-full e-flex e-con e-child\" data-id=\"d68d669\" data-element_type=\"container\" data-e-type=\"container\">\n\t\t\t\t<div class=\"elementor-element elementor-element-436ecfd elementor-widget elementor-widget-text-editor\" data-id=\"436ecfd\" data-element_type=\"widget\" data-e-type=\"widget\" data-widget_type=\"text-editor.default\">\n\t\t\t\t<div class=\"elementor-widget-container\">\n\t\t\t\t\t\t\t\t\t<p><img loading=\"lazy\" decoding=\"async\" class=\"wp-image-12856 alignnone\" src=\"https:\/\/caid.gob.do\/caid\/wp-content\/uploads\/espera.png\" alt=\"\" width=\"30\" height=\"30\" \/> <strong>Tiempo de respuesta:<\/strong> <i>No aplica, ya que este servicio no se ofrece por solicitud sino que es parte de un programa de intervenci\u00f3n.<\/i><\/p>\t\t\t\t\t\t\t\t<\/div>\n\t\t\t\t<\/div>\n\t\t\t\t<\/div>\n\t\t\t\t\t<\/div>\n\t\t\t\t<\/div>\n\t\t<div class=\"elementor-element elementor-element-5652798 e-flex e-con-boxed e-con e-child\" data-id=\"5652798\" data-element_type=\"container\" data-e-type=\"container\">\n\t\t\t\t\t<div class=\"e-con-inner\">\n\t\t<div class=\"elementor-element elementor-element-76fff8c e-con-full e-flex e-con e-child\" data-id=\"76fff8c\" data-element_type=\"container\" data-e-type=\"container\">\n\t\t\t\t<div class=\"elementor-element elementor-element-42aeb2c elementor-widget elementor-widget-text-editor\" data-id=\"42aeb2c\" data-element_type=\"widget\" data-e-type=\"widget\" data-widget_type=\"text-editor.default\">\n\t\t\t\t<div class=\"elementor-widget-container\">\n\t\t\t\t\t\t\t\t\t<p><img loading=\"lazy\" decoding=\"async\" class=\"alignnone wp-image-12861\" src=\"https:\/\/caid.gob.do\/caid\/wp-content\/uploads\/dirigido-a-2.png\" alt=\"\" width=\"29\" height=\"29\" \/><strong>Dirigido a:<\/strong> <br \/>Ni\u00f1os de 0 a 12 a\u00f1os con s\u00edndrome de Down, par\u00e1lisis cerebral y trastorno del espectro autista que han agotado el proceso de evaluaci\u00f3n del CAID, han sido admitidos en el centro y hayan sido referidos internamente.<\/p>\t\t\t\t\t\t\t\t<\/div>\n\t\t\t\t<\/div>\n\t\t\t\t<\/div>\n\t\t<div class=\"elementor-element elementor-element-9b7eef5 e-flex e-con-boxed e-con e-child\" data-id=\"9b7eef5\" data-element_type=\"container\" data-e-type=\"container\">\n\t\t\t\t\t<div class=\"e-con-inner\">\n\t\t\t\t<div class=\"elementor-element elementor-element-409ba53 elementor-widget elementor-widget-text-editor\" data-id=\"409ba53\" data-element_type=\"widget\" data-e-type=\"widget\" data-widget_type=\"text-editor.default\">\n\t\t\t\t<div class=\"elementor-widget-container\">\n\t\t\t\t\t\t\t\t\t<p><img loading=\"lazy\" decoding=\"async\" class=\"alignnone wp-image-12857\" src=\"https:\/\/caid.gob.do\/caid\/wp-content\/uploads\/requsitos.png\" alt=\"\" width=\"30\" height=\"38\" \/> <strong>Requisitos:<br \/><\/strong>Ser referido por los servicios de evaluaci\u00f3n del centro u otro servicio de intervenci\u00f3n terap\u00e9utica.<\/p>\t\t\t\t\t\t\t\t<\/div>\n\t\t\t\t<\/div>\n\t\t\t\t\t<\/div>\n\t\t\t\t<\/div>\n\t\t\t\t\t<\/div>\n\t\t\t\t<\/div>\n\t\t\t\t<div class=\"elementor-element elementor-element-01b75bb elementor-widget elementor-widget-text-editor\" data-id=\"01b75bb\" data-element_type=\"widget\" data-e-type=\"widget\" data-widget_type=\"text-editor.default\">\n\t\t\t\t<div class=\"elementor-widget-container\">\n\t\t\t\t\t\t\t\t\t<strong style=\"font-fimily: GOTHAM HTF; font-height: 600;\"><img loading=\"lazy\" decoding=\"async\" class=\"alignnone wp-image-12855\" src=\"https:\/\/caid.gob.do\/caid\/wp-content\/uploads\/proce.png\" alt=\"\" width=\"30\" height=\"26\" \/> Procedimientos\n<\/strong>\n\n \t<li>Recibir informaci\u00f3n por parte de la instituci\u00f3n sobre la fecha asignada para la cita.<\/li>\n \t<li>Asistir el d\u00eda asignado.<\/li>\n \t<li>Completar proceso de facturaci\u00f3n.\t\t\t\t\t\t\t\t<\/div>\n\t\t\t\t<\/div>\n\t\t\t\t<div class=\"elementor-element elementor-element-da37993 elementor-widget-divider--view-line elementor-widget elementor-widget-divider\" data-id=\"da37993\" data-element_type=\"widget\" data-e-type=\"widget\" data-widget_type=\"divider.default\">\n\t\t\t\t<div class=\"elementor-widget-container\">\n\t\t\t\t\t\t\t<div class=\"elementor-divider\">\n\t\t\t<span class=\"elementor-divider-separator\">\n\t\t\t\t\t\t<\/span>\n\t\t<\/div>\n\t\t\t\t\t\t<\/div>\n\t\t\t\t<\/div>\n\t\t<div class=\"elementor-element elementor-element-f5adba5 e-flex e-con-boxed e-con e-child\" data-id=\"f5adba5\" data-element_type=\"container\" data-e-type=\"container\">\n\t\t\t\t\t<div class=\"e-con-inner\">\n\t\t<div class=\"elementor-element elementor-element-83eb775 e-flex e-con-boxed e-con e-child\" data-id=\"83eb775\" data-element_type=\"container\" data-e-type=\"container\">\n\t\t\t\t\t<div class=\"e-con-inner\">\n\t\t\t\t<div class=\"elementor-element elementor-element-920c8fc elementor-widget elementor-widget-text-editor\" data-id=\"920c8fc\" data-element_type=\"widget\" data-e-type=\"widget\" data-widget_type=\"text-editor.default\">\n\t\t\t\t<div class=\"elementor-widget-container\">\n\t\t\t\t\t\t\t\t\t<p><strong>CAID Santo Domingo Oeste:<br \/><\/strong>Caroline M. Rodriguez<br \/><a href=\"mailto:c.rodriguez@caid.gob.do\"><img loading=\"lazy\" decoding=\"async\" class=\"alignnone wp-image-12859\" src=\"https:\/\/caid.gob.do\/caid\/wp-content\/uploads\/correo.png\" alt=\"\" width=\"25\" height=\"18\" \/><\/a><a href=\"mailto:c.rodriguez@caid.gob.do\">c.rodriguez@caid.gob.do<\/a><br \/><img loading=\"lazy\" decoding=\"async\" class=\"alignnone wp-image-12858\" src=\"https:\/\/caid.gob.do\/caid\/wp-content\/uploads\/tel.png\" alt=\"\" width=\"25\" height=\"22\" \/>849-936-8787 Ext. 1017<\/p>\t\t\t\t\t\t\t\t<\/div>\n\t\t\t\t<\/div>\n\t\t\t\t\t<\/div>\n\t\t\t\t<\/div>\n\t\t<div class=\"elementor-element elementor-element-29efca7 e-con-full e-flex e-con e-child\" data-id=\"29efca7\" data-element_type=\"container\" data-e-type=\"container\">\n\t\t\t\t<div class=\"elementor-element elementor-element-af69722 elementor-widget elementor-widget-text-editor\" data-id=\"af69722\" data-element_type=\"widget\" data-e-type=\"widget\" data-widget_type=\"text-editor.default\">\n\t\t\t\t<div class=\"elementor-widget-container\">\n\t\t\t\t\t\t\t\t\t<p><strong>CAID Santiago de los Caballeros:<\/strong><br \/>Soraya Peralta<br \/><img loading=\"lazy\" decoding=\"async\" class=\"alignnone wp-image-12859\" src=\"https:\/\/caid.gob.do\/caid\/wp-content\/uploads\/correo.png\" alt=\"\" width=\"25\" height=\"18\" \/> <a href=\"mailto:so.peralta@caid.gob.do\">so.peralta@caid.gob.do<\/a><br \/><img loading=\"lazy\" decoding=\"async\" class=\"alignnone wp-image-12858\" src=\"https:\/\/caid.gob.do\/caid\/wp-content\/uploads\/tel.png\" alt=\"\" width=\"25\" height=\"22\" \/>849-937-4141<\/p>\t\t\t\t\t\t\t\t<\/div>\n\t\t\t\t<\/div>\n\t\t\t\t<\/div>\n\t\t<div class=\"elementor-element elementor-element-2617c94 e-flex e-con-boxed e-con e-child\" data-id=\"2617c94\" data-element_type=\"container\" data-e-type=\"container\">\n\t\t\t\t\t<div class=\"e-con-inner\">\n\t\t\t\t<div class=\"elementor-element elementor-element-26ec695 elementor-widget elementor-widget-text-editor\" data-id=\"26ec695\" data-element_type=\"widget\" data-e-type=\"widget\" data-widget_type=\"text-editor.default\">\n\t\t\t\t<div class=\"elementor-widget-container\">\n\t\t\t\t\t\t\t\t\t<p><strong>CAID San Juan de la Maguana:<\/strong><br \/>Keylin De Los Santos <br \/><img loading=\"lazy\" decoding=\"async\" class=\"alignnone wp-image-12859\" src=\"https:\/\/caid.gob.do\/caid\/wp-content\/uploads\/correo.png\" alt=\"\" width=\"25\" height=\"18\" \/> <a href=\"mailto:k.delossantos@caid.gob.do\">k.delossantos@caid.gob.do<\/a><\/p>\t\t\t\t\t\t\t\t<\/div>\n\t\t\t\t<\/div>\n\t\t\t\t\t<\/div>\n\t\t\t\t<\/div>\n\t\t\t\t\t<\/div>\n\t\t\t\t<\/div>\n\t\t\t\t<\/div>\n\t\t\t\t<\/div>\n\t\t","protected":false},"excerpt":{"rendered":"<p>Se encarga de potenciar el proceso de ense\u00f1anza-aprendizaje bas\u00e1ndose en enfoques psicopedag\u00f3gicos, reforzando las habilidades cognitivas que anticipan el aprendizaje escolar, para lograr un mejor desempe\u00f1o en el proceso de aprendizaje, facilitando su participaci\u00f3n y \u00e9xito en el \u00e1mbito escolar y otros contextos. A cargo de: Divisi\u00f3n de intervenci\u00f3n terap\u00e9utica Tiempo de respuesta: No aplica, [&hellip;]<\/p>\n","protected":false},"author":1,"featured_media":0,"parent":116,"menu_order":0,"comment_status":"closed","ping_status":"closed","template":"","meta":{"_acf_changed":false,"footnotes":""},"class_list":["post-12910","page","type-page","status-publish","hentry"],"acf":[],"yoast_head":"<!-- This site is optimized with the Yoast SEO plugin v27.5 - https:\/\/yoast.com\/product\/yoast-seo-wordpress\/ -->\r\n<title>Apoyo psicopedag\u00f3gico - CAID<\/title>\r\n<meta name=\"robots\" content=\"index, follow, max-snippet:-1, max-image-preview:large, max-video-preview:-1\" \/>\r\n<link rel=\"canonical\" href=\"https:\/\/caid.gob.do\/caid\/inicio\/servicios\/servicios-presenciales\/apoyo-psicopedagogico\/\" \/>\r\n<meta property=\"og:locale\" content=\"es_ES\" \/>\r\n<meta property=\"og:type\" content=\"article\" \/>\r\n<meta property=\"og:title\" content=\"Apoyo psicopedag\u00f3gico - CAID\" \/>\r\n<meta property=\"og:description\" content=\"Se encarga de potenciar el proceso de ense\u00f1anza-aprendizaje bas\u00e1ndose en enfoques psicopedag\u00f3gicos, reforzando las habilidades cognitivas que anticipan el aprendizaje escolar, para lograr un mejor desempe\u00f1o en el proceso de aprendizaje, facilitando su participaci\u00f3n y \u00e9xito en el \u00e1mbito escolar y otros contextos. A cargo de: Divisi\u00f3n de intervenci\u00f3n terap\u00e9utica Tiempo de respuesta: No aplica, [&hellip;]\" \/>\r\n<meta property=\"og:url\" content=\"https:\/\/caid.gob.do\/caid\/inicio\/servicios\/servicios-presenciales\/apoyo-psicopedagogico\/\" \/>\r\n<meta property=\"og:site_name\" content=\"CAID\" \/>\r\n<meta property=\"article:publisher\" content=\"https:\/\/www.facebook.com\/redcaidrd\" \/>\r\n<meta property=\"article:modified_time\" content=\"2024-11-06T14:06:16+00:00\" \/>\r\n<meta property=\"og:image\" content=\"https:\/\/caid.gob.do\/caid\/wp-content\/uploads\/9b61c9add26ae66de11f78f97af7a160_M.jpg\" \/>\r\n<meta name=\"twitter:card\" content=\"summary_large_image\" \/>\r\n<meta name=\"twitter:site\" content=\"@CAIDRDO\" \/>\r\n<meta name=\"twitter:label1\" content=\"Est. reading time\" \/>\n\t<meta name=\"twitter:data1\" content=\"4 minutos\" \/>\r\n<script type=\"application\/ld+json\" class=\"yoast-schema-graph\">{\"@context\":\"https:\\\/\\\/schema.org\",\"@graph\":[{\"@type\":\"WebPage\",\"@id\":\"https:\\\/\\\/caid.gob.do\\\/caid\\\/inicio\\\/servicios\\\/servicios-presenciales\\\/apoyo-psicopedagogico\\\/\",\"url\":\"https:\\\/\\\/caid.gob.do\\\/caid\\\/inicio\\\/servicios\\\/servicios-presenciales\\\/apoyo-psicopedagogico\\\/\",\"name\":\"Apoyo psicopedag\u00f3gico - CAID\",\"isPartOf\":{\"@id\":\"https:\\\/\\\/caid.gob.do\\\/caid\\\/#website\"},\"primaryImageOfPage\":{\"@id\":\"https:\\\/\\\/caid.gob.do\\\/caid\\\/inicio\\\/servicios\\\/servicios-presenciales\\\/apoyo-psicopedagogico\\\/#primaryimage\"},\"image\":{\"@id\":\"https:\\\/\\\/caid.gob.do\\\/caid\\\/inicio\\\/servicios\\\/servicios-presenciales\\\/apoyo-psicopedagogico\\\/#primaryimage\"},\"thumbnailUrl\":\"https:\\\/\\\/caid.gob.do\\\/caid\\\/wp-content\\\/uploads\\\/9b61c9add26ae66de11f78f97af7a160_M.jpg\",\"datePublished\":\"2023-06-08T00:03:51+00:00\",\"dateModified\":\"2024-11-06T14:06:16+00:00\",\"breadcrumb\":{\"@id\":\"https:\\\/\\\/caid.gob.do\\\/caid\\\/inicio\\\/servicios\\\/servicios-presenciales\\\/apoyo-psicopedagogico\\\/#breadcrumb\"},\"inLanguage\":\"es-DO\",\"potentialAction\":[{\"@type\":\"ReadAction\",\"target\":[\"https:\\\/\\\/caid.gob.do\\\/caid\\\/inicio\\\/servicios\\\/servicios-presenciales\\\/apoyo-psicopedagogico\\\/\"]}]},{\"@type\":\"ImageObject\",\"inLanguage\":\"es-DO\",\"@id\":\"https:\\\/\\\/caid.gob.do\\\/caid\\\/inicio\\\/servicios\\\/servicios-presenciales\\\/apoyo-psicopedagogico\\\/#primaryimage\",\"url\":\"https:\\\/\\\/caid.gob.do\\\/caid\\\/wp-content\\\/uploads\\\/9b61c9add26ae66de11f78f97af7a160_M.jpg\",\"contentUrl\":\"https:\\\/\\\/caid.gob.do\\\/caid\\\/wp-content\\\/uploads\\\/9b61c9add26ae66de11f78f97af7a160_M.jpg\",\"width\":400,\"height\":267},{\"@type\":\"BreadcrumbList\",\"@id\":\"https:\\\/\\\/caid.gob.do\\\/caid\\\/inicio\\\/servicios\\\/servicios-presenciales\\\/apoyo-psicopedagogico\\\/#breadcrumb\",\"itemListElement\":[{\"@type\":\"ListItem\",\"position\":1,\"name\":\"Est\u00e1s aqu\u00ed:\",\"item\":\"https:\\\/\\\/caid.gob.do\\\/caid\\\/\"},{\"@type\":\"ListItem\",\"position\":2,\"name\":\"Inicio\",\"item\":\"https:\\\/\\\/caid.gob.do\\\/caid\\\/\"},{\"@type\":\"ListItem\",\"position\":3,\"name\":\"Servicios\",\"item\":\"https:\\\/\\\/caid.gob.do\\\/caid\\\/inicio\\\/servicios\\\/\"},{\"@type\":\"ListItem\",\"position\":4,\"name\":\"Servicios presenciales\",\"item\":\"https:\\\/\\\/caid.gob.do\\\/caid\\\/inicio\\\/servicios\\\/servicios-presenciales\\\/\"},{\"@type\":\"ListItem\",\"position\":5,\"name\":\"Apoyo psicopedag\u00f3gico\"}]},{\"@type\":\"WebSite\",\"@id\":\"https:\\\/\\\/caid.gob.do\\\/caid\\\/#website\",\"url\":\"https:\\\/\\\/caid.gob.do\\\/caid\\\/\",\"name\":\"CAID\",\"description\":\"Centro de Atenci\u00f3n Integral a la Discapacidad\",\"publisher\":{\"@id\":\"https:\\\/\\\/caid.gob.do\\\/caid\\\/#organization\"},\"potentialAction\":[{\"@type\":\"SearchAction\",\"target\":{\"@type\":\"EntryPoint\",\"urlTemplate\":\"https:\\\/\\\/caid.gob.do\\\/caid\\\/?s={search_term_string}\"},\"query-input\":{\"@type\":\"PropertyValueSpecification\",\"valueRequired\":true,\"valueName\":\"search_term_string\"}}],\"inLanguage\":\"es-DO\"},{\"@type\":\"Organization\",\"@id\":\"https:\\\/\\\/caid.gob.do\\\/caid\\\/#organization\",\"name\":\"Centro de Atenci\u00f3n Integral para la Discapacidad\",\"url\":\"https:\\\/\\\/caid.gob.do\\\/caid\\\/\",\"logo\":{\"@type\":\"ImageObject\",\"inLanguage\":\"es-DO\",\"@id\":\"https:\\\/\\\/caid.gob.do\\\/caid\\\/#\\\/schema\\\/logo\\\/image\\\/\",\"url\":\"https:\\\/\\\/caid.gob.do\\\/caid\\\/wp-content\\\/uploads\\\/CAID-LOGOS-EN-PNG_Mesa-de-trabajo-1-2-1024x505-1.png\",\"contentUrl\":\"https:\\\/\\\/caid.gob.do\\\/caid\\\/wp-content\\\/uploads\\\/CAID-LOGOS-EN-PNG_Mesa-de-trabajo-1-2-1024x505-1.png\",\"width\":1024,\"height\":505,\"caption\":\"Centro de Atenci\u00f3n Integral para la Discapacidad\"},\"image\":{\"@id\":\"https:\\\/\\\/caid.gob.do\\\/caid\\\/#\\\/schema\\\/logo\\\/image\\\/\"},\"sameAs\":[\"https:\\\/\\\/www.facebook.com\\\/redcaidrd\",\"https:\\\/\\\/x.com\\\/CAIDRDO\",\"https:\\\/\\\/www.instagram.com\\\/caidrd\\\/\",\"https:\\\/\\\/www.youtube.com\\\/channel\\\/UCLnt-fnRlxQdgJQwjgWkrCg\"]}]}<\/script>\r\n<!-- \/ Yoast SEO plugin. -->","yoast_head_json":{"title":"Apoyo psicopedag\u00f3gico - CAID","robots":{"index":"index","follow":"follow","max-snippet":"max-snippet:-1","max-image-preview":"max-image-preview:large","max-video-preview":"max-video-preview:-1"},"canonical":"https:\/\/caid.gob.do\/caid\/inicio\/servicios\/servicios-presenciales\/apoyo-psicopedagogico\/","og_locale":"es_ES","og_type":"article","og_title":"Apoyo psicopedag\u00f3gico - CAID","og_description":"Se encarga de potenciar el proceso de ense\u00f1anza-aprendizaje bas\u00e1ndose en enfoques psicopedag\u00f3gicos, reforzando las habilidades cognitivas que anticipan el aprendizaje escolar, para lograr un mejor desempe\u00f1o en el proceso de aprendizaje, facilitando su participaci\u00f3n y \u00e9xito en el \u00e1mbito escolar y otros contextos. A cargo de: Divisi\u00f3n de intervenci\u00f3n terap\u00e9utica Tiempo de respuesta: No aplica, [&hellip;]","og_url":"https:\/\/caid.gob.do\/caid\/inicio\/servicios\/servicios-presenciales\/apoyo-psicopedagogico\/","og_site_name":"CAID","article_publisher":"https:\/\/www.facebook.com\/redcaidrd","article_modified_time":"2024-11-06T14:06:16+00:00","og_image":[{"url":"https:\/\/caid.gob.do\/caid\/wp-content\/uploads\/9b61c9add26ae66de11f78f97af7a160_M.jpg","type":"","width":"","height":""}],"twitter_card":"summary_large_image","twitter_site":"@CAIDRDO","twitter_misc":{"Est. reading time":"4 minutos"},"schema":{"@context":"https:\/\/schema.org","@graph":[{"@type":"WebPage","@id":"https:\/\/caid.gob.do\/caid\/inicio\/servicios\/servicios-presenciales\/apoyo-psicopedagogico\/","url":"https:\/\/caid.gob.do\/caid\/inicio\/servicios\/servicios-presenciales\/apoyo-psicopedagogico\/","name":"Apoyo psicopedag\u00f3gico - CAID","isPartOf":{"@id":"https:\/\/caid.gob.do\/caid\/#website"},"primaryImageOfPage":{"@id":"https:\/\/caid.gob.do\/caid\/inicio\/servicios\/servicios-presenciales\/apoyo-psicopedagogico\/#primaryimage"},"image":{"@id":"https:\/\/caid.gob.do\/caid\/inicio\/servicios\/servicios-presenciales\/apoyo-psicopedagogico\/#primaryimage"},"thumbnailUrl":"https:\/\/caid.gob.do\/caid\/wp-content\/uploads\/9b61c9add26ae66de11f78f97af7a160_M.jpg","datePublished":"2023-06-08T00:03:51+00:00","dateModified":"2024-11-06T14:06:16+00:00","breadcrumb":{"@id":"https:\/\/caid.gob.do\/caid\/inicio\/servicios\/servicios-presenciales\/apoyo-psicopedagogico\/#breadcrumb"},"inLanguage":"es-DO","potentialAction":[{"@type":"ReadAction","target":["https:\/\/caid.gob.do\/caid\/inicio\/servicios\/servicios-presenciales\/apoyo-psicopedagogico\/"]}]},{"@type":"ImageObject","inLanguage":"es-DO","@id":"https:\/\/caid.gob.do\/caid\/inicio\/servicios\/servicios-presenciales\/apoyo-psicopedagogico\/#primaryimage","url":"https:\/\/caid.gob.do\/caid\/wp-content\/uploads\/9b61c9add26ae66de11f78f97af7a160_M.jpg","contentUrl":"https:\/\/caid.gob.do\/caid\/wp-content\/uploads\/9b61c9add26ae66de11f78f97af7a160_M.jpg","width":400,"height":267},{"@type":"BreadcrumbList","@id":"https:\/\/caid.gob.do\/caid\/inicio\/servicios\/servicios-presenciales\/apoyo-psicopedagogico\/#breadcrumb","itemListElement":[{"@type":"ListItem","position":1,"name":"Est\u00e1s aqu\u00ed:","item":"https:\/\/caid.gob.do\/caid\/"},{"@type":"ListItem","position":2,"name":"Inicio","item":"https:\/\/caid.gob.do\/caid\/"},{"@type":"ListItem","position":3,"name":"Servicios","item":"https:\/\/caid.gob.do\/caid\/inicio\/servicios\/"},{"@type":"ListItem","position":4,"name":"Servicios presenciales","item":"https:\/\/caid.gob.do\/caid\/inicio\/servicios\/servicios-presenciales\/"},{"@type":"ListItem","position":5,"name":"Apoyo psicopedag\u00f3gico"}]},{"@type":"WebSite","@id":"https:\/\/caid.gob.do\/caid\/#website","url":"https:\/\/caid.gob.do\/caid\/","name":"CAID","description":"Centro de Atenci\u00f3n Integral a la Discapacidad","publisher":{"@id":"https:\/\/caid.gob.do\/caid\/#organization"},"potentialAction":[{"@type":"SearchAction","target":{"@type":"EntryPoint","urlTemplate":"https:\/\/caid.gob.do\/caid\/?s={search_term_string}"},"query-input":{"@type":"PropertyValueSpecification","valueRequired":true,"valueName":"search_term_string"}}],"inLanguage":"es-DO"},{"@type":"Organization","@id":"https:\/\/caid.gob.do\/caid\/#organization","name":"Centro de Atenci\u00f3n Integral para la Discapacidad","url":"https:\/\/caid.gob.do\/caid\/","logo":{"@type":"ImageObject","inLanguage":"es-DO","@id":"https:\/\/caid.gob.do\/caid\/#\/schema\/logo\/image\/","url":"https:\/\/caid.gob.do\/caid\/wp-content\/uploads\/CAID-LOGOS-EN-PNG_Mesa-de-trabajo-1-2-1024x505-1.png","contentUrl":"https:\/\/caid.gob.do\/caid\/wp-content\/uploads\/CAID-LOGOS-EN-PNG_Mesa-de-trabajo-1-2-1024x505-1.png","width":1024,"height":505,"caption":"Centro de Atenci\u00f3n Integral para la Discapacidad"},"image":{"@id":"https:\/\/caid.gob.do\/caid\/#\/schema\/logo\/image\/"},"sameAs":["https:\/\/www.facebook.com\/redcaidrd","https:\/\/x.com\/CAIDRDO","https:\/\/www.instagram.com\/caidrd\/","https:\/\/www.youtube.com\/channel\/UCLnt-fnRlxQdgJQwjgWkrCg"]}]}},"jetpack_sharing_enabled":true,"_links":{"self":[{"href":"https:\/\/caid.gob.do\/caid\/wp-json\/wp\/v2\/pages\/12910","targetHints":{"allow":["GET"]}}],"collection":[{"href":"https:\/\/caid.gob.do\/caid\/wp-json\/wp\/v2\/pages"}],"about":[{"href":"https:\/\/caid.gob.do\/caid\/wp-json\/wp\/v2\/types\/page"}],"author":[{"embeddable":true,"href":"https:\/\/caid.gob.do\/caid\/wp-json\/wp\/v2\/users\/1"}],"replies":[{"embeddable":true,"href":"https:\/\/caid.gob.do\/caid\/wp-json\/wp\/v2\/comments?post=12910"}],"version-history":[{"count":30,"href":"https:\/\/caid.gob.do\/caid\/wp-json\/wp\/v2\/pages\/12910\/revisions"}],"predecessor-version":[{"id":19529,"href":"https:\/\/caid.gob.do\/caid\/wp-json\/wp\/v2\/pages\/12910\/revisions\/19529"}],"up":[{"embeddable":true,"href":"https:\/\/caid.gob.do\/caid\/wp-json\/wp\/v2\/pages\/116"}],"wp:attachment":[{"href":"https:\/\/caid.gob.do\/caid\/wp-json\/wp\/v2\/media?parent=12910"}],"curies":[{"name":"wp","href":"https:\/\/api.w.org\/{rel}","templated":true}]}}