{"id":21583,"date":"2025-06-05T12:27:16","date_gmt":"2025-06-05T16:27:16","guid":{"rendered":"https:\/\/caid.gob.do\/caid\/?page_id=21583"},"modified":"2025-06-26T15:22:43","modified_gmt":"2025-06-26T19:22:43","slug":"lista-de-espera","status":"publish","type":"page","link":"https:\/\/caid.gob.do\/caid\/lista-de-espera\/","title":{"rendered":"Lista de Espera"},"content":{"rendered":"\t\t<div data-elementor-type=\"wp-page\" data-elementor-id=\"21583\" class=\"elementor elementor-21583\" data-elementor-post-type=\"page\">\n\t\t\t\t<div class=\"elementor-element elementor-element-2ffe5cc3 e-flex e-con-boxed e-con e-parent\" data-id=\"2ffe5cc3\" data-element_type=\"container\" data-e-type=\"container\" data-settings=\"{&quot;background_background&quot;:&quot;classic&quot;}\">\n\t\t\t\t\t<div class=\"e-con-inner\">\n\t\t\t\t<div class=\"elementor-element elementor-element-31130514 elementor-widget__width-inherit elementor-widget elementor-widget-heading\" data-id=\"31130514\" data-element_type=\"widget\" data-e-type=\"widget\" data-widget_type=\"heading.default\">\n\t\t\t\t<div class=\"elementor-widget-container\">\n\t\t\t\t\t<h1 class=\"elementor-heading-title elementor-size-default\">LISTA DE ESPERA<\/h1>\t\t\t\t<\/div>\n\t\t\t\t<\/div>\n\t\t\t\t\t<\/div>\n\t\t\t\t<\/div>\n\t\t<div class=\"elementor-element elementor-element-5e0383d1 e-flex e-con-boxed e-con e-parent\" data-id=\"5e0383d1\" data-element_type=\"container\" data-e-type=\"container\">\n\t\t\t\t\t<div class=\"e-con-inner\">\n\t\t<div class=\"elementor-element elementor-element-54acd1ad e-con-full elementor-hidden-mobile e-flex e-con e-child\" data-id=\"54acd1ad\" data-element_type=\"container\" data-e-type=\"container\">\n\t\t\t\t<div class=\"elementor-element elementor-element-55a902c8 elementor-widget elementor-widget-heading\" data-id=\"55a902c8\" data-element_type=\"widget\" data-e-type=\"widget\" data-widget_type=\"heading.default\">\n\t\t\t\t<div class=\"elementor-widget-container\">\n\t\t\t\t\t<h3 class=\"elementor-heading-title elementor-size-default\">MEN\u00da INTERNO<\/h3>\t\t\t\t<\/div>\n\t\t\t\t<\/div>\n\t\t\t\t<div class=\"elementor-element elementor-element-7743c2c4 elementor-widget elementor-widget-shortcode\" data-id=\"7743c2c4\" data-element_type=\"widget\" data-e-type=\"widget\" data-widget_type=\"shortcode.default\">\n\t\t\t\t<div class=\"elementor-widget-container\">\n\t\t\t\t\t\t\t<div class=\"elementor-shortcode\">\r\n<div class=\"menuNosotros\">\r\n\r\n    <!-- Qui\u00e9nes somos -->\r\n    <a href=\"https:\/\/caid.gob.do\/caid\/inicio\/sobre-nosotros\/quienes-somos\/\" >\r\n        <div class=\"menuli\">\r\n            <img decoding=\"async\" class=\"iconMenu\"\r\n                src=\"\">\r\n            <p class=\"menuText\">Qui\u00e9nes somos<\/p>\r\n        <\/div>\r\n    <\/a>\r\n    <!-- Historia -->\r\n    <a href=\"https:\/\/caid.gob.do\/caid\/inicio\/sobre-nosotros\/historia\/\" >\r\n    <div class=\"menuli\">\r\n        <img decoding=\"async\" class=\"iconMenu\" src=\"\">\r\n        <p class=\"menuText\">Historia<\/p>\r\n    <\/div><\/a>\r\n    <!-- Organigrama -->\r\n    <a href=\"https:\/\/caid.gob.do\/caid\/inicio\/sobre-nosotros\/organigrama\/\" >\r\n        <div class=\"menuli\">\r\n\r\n            <img decoding=\"async\" class=\"iconMenu\"\r\n                src=\"\">\r\n            <p class=\"menuText\">Organigrama<\/p>\r\n        <\/div>\r\n    <\/a>\r\n    <!-- Dependencias -->\r\n    <a href=\"https:\/\/caid.gob.do\/caid\/inicio\/sobre-nosotros\/dependencias\/\" >\r\n        <div class=\"menuli\">\r\n\r\n            <img decoding=\"async\" class=\"iconMenu\"\r\n                src=\"\">\r\n            <p class=\"menuText\">Dependencias<\/p>\r\n        <\/div>\r\n    <\/a>\r\n    <!-- Consejo Directivo -->\r\n    <a href=\"https:\/\/caid.gob.do\/caid\/inicio\/sobre-nosotros\/consejo-de-directivos\/\" >\r\n        <div class=\"menuli\">\r\n\r\n            <img decoding=\"async\" class=\"iconMenu\"\r\n                src=\"\">\r\n            <p class=\"menuText\">Consejo Directivo<\/p>\r\n        <\/div>\r\n    <\/a>\r\n    <!-- Despacho del director -->\r\n    <a href=\"https:\/\/caid.gob.do\/caid\/inicio\/sobre-nosotros\/despacho-del-director\/\" >\r\n        <div class=\"menuli\">\r\n\r\n            <img decoding=\"async\" class=\"iconMenu\"\r\n                src=\"\">\r\n            <p class=\"menuText\">Despacho del Director<\/p>\r\n        <\/div>\r\n    <\/a>\r\n\r\n    <!-- Directores m\u00e9dicos -->\r\n    <a href=\"https:\/\/caid.gob.do\/caid\/inicio\/sobre-nosotros\/directorio-de-funcionarios\/\" >\r\n        <div class=\"menuli\">\r\n\r\n            <img decoding=\"async\" class=\"iconMenu\"\r\n                src=\"\">\r\n            <p class=\"menuText\">Directores Sedes<\/p>\r\n        <\/div>\r\n    <\/a>\r\n\r\n     <!-- Marco legal -->\r\n     <a href=\"https:\/\/caid.gob.do\/caid\/inicio\/sobre-nosotros\/marco-legal\/\" >\r\n        <div class=\"menuli\">\r\n\r\n            <img decoding=\"async\" class=\"iconMenu\"\r\n                src=\"\">\r\n            <p class=\"menuText\">Marco legal<\/p>\r\n        <\/div>\r\n    <\/a>\r\n\r\n       <!-- Plan Estrat\u00e9gico Institucional -->\r\n       <a href=\"https:\/\/caid.gob.do\/caid\/inicio\/sobre-nosotros\/plan-estrategico-institucional\/\" >\r\n        <div class=\"menuli\">\r\n\r\n            <img decoding=\"async\" class=\"iconMenu\"\r\n                src=\"\">\r\n            <p class=\"menuText\">Plan Estrat\u00e9gico Institucional<\/p>\r\n        <\/div>\r\n    <\/a>\r\n\r\n    <!-- Carta compromiso -->\r\n    <a href=\"https:\/\/caid.gob.do\/caid\/carta-compromiso\/\" >\r\n        <div class=\"menuli\">\r\n\r\n            <img decoding=\"async\" class=\"iconMenu\"\r\n                src=\"\">\r\n            <p class=\"menuText\">Carta compromiso<\/p>\r\n        <\/div>\r\n    <\/a>\r\n\r\n    <!-- Estadisticas institucionales -->\r\n    <a href=\"https:\/\/caid.gob.do\/caid\/estadisticas-institucionales\/\" >\r\n        <div class=\"menuli\">\r\n\r\n            <img decoding=\"async\" class=\"iconMenu\"\r\n                src=\"\">\r\n            <p class=\"menuText\">Estad\u00edsticas institucionales<\/p>\r\n        <\/div>\r\n    <\/a>\r\n\r\n    <!-- Documentos de trabajo -->\r\n    <a href=\"https:\/\/caid.gob.do\/caid\/inicio\/sobre-nosotros\/documentos-de-trabajo\/\" >\r\n        <div class=\"menuli\">\r\n\r\n            <img decoding=\"async\" class=\"iconMenu\"\r\n                src=\"\">\r\n            <p class=\"menuText\">Documentos de trabajo<\/p>\r\n        <\/div>\r\n    <\/a>\r\n\r\n     <!-- Ruta de autobuses -->\r\n     <a href=\"https:\/\/caid.gob.do\/caid\/inicio\/sobre-nosotros\/rutas-de-autobuses-caid-2\/\" >\r\n        <div class=\"menuli\">\r\n\r\n            <img decoding=\"async\" class=\"iconMenu\"\r\n                src=\"\">\r\n            <p class=\"menuText\">Ruta de autobuses<\/p>\r\n        <\/div>\r\n    <\/a>\r\n    \r\n<\/div>    <script>\r\n            \/\/ Obtener la URL actual\r\n    var currentUrl = window.location.href;\r\n\r\n    \/\/ Obtener todos los enlaces dentro del men\u00fa\r\n    var links = document.querySelectorAll('.menuNosotros a');\r\n\r\n    \/\/ Recorrer cada enlace y comparar con la URL actual\r\n    for (var i = 0; i < links.length; i++) {\r\n        var link = links[i];\r\n        var linkUrl = link.getAttribute('href');\r\n\r\n        \/\/ Si la URL actual contiene el texto de la etiqueta <p>, agregar la clase \"selected\"\r\n        if (currentUrl.includes(linkUrl)) {\r\n            link.classList.add('selected');\r\n        }\r\n    }    <\/script>\r\n    <style>\r\n        .menuNosotros {\r\n    width: 295px;\r\n    align-items: center;\r\n      \r\n}\r\n\r\n.menuli {\r\n    display: flex;\r\n    align-items: center;\r\n    padding-top: 5px;\r\n    padding-bottom: 5px;\r\n   }\r\n\r\na {\r\n\r\n    text-decoration: none;\r\n}\r\n\r\n\r\n.menuli:hover {\r\n\r\n    background-color: #42ADE126;\r\n    font-weight: 600;\r\n     \r\n}\r\n\r\n\r\n.iconMenu {\r\n    width: 25px;\r\n    margin-left: 10px;    \r\n}\r\n\r\n\r\n.menuText {\r\n    font-family: arcon;\r\n    font-size: 14px;\r\n    color: black;\r\n    margin-top: 15px;\r\n}\r\n\r\n.selected {\r\n\r\nfont-weight: 600;\r\nbackground-color: #42ADE126;\r\n\r\n\r\n}    <\/style>\r\n    <\/div>\n\t\t\t\t\t\t<\/div>\n\t\t\t\t<\/div>\n\t\t\t\t<\/div>\n\t\t<div class=\"elementor-element elementor-element-6878dc51 e-con-full e-flex e-con e-child\" data-id=\"6878dc51\" data-element_type=\"container\" data-e-type=\"container\">\n\t\t<div class=\"elementor-element elementor-element-589dce7f e-con-full e-flex e-con e-child\" data-id=\"589dce7f\" data-element_type=\"container\" data-e-type=\"container\">\n\t\t\t\t<div class=\"elementor-element elementor-element-1d07c2b7 elementor-align-left elementor-widget elementor-widget-breadcrumbs\" data-id=\"1d07c2b7\" data-element_type=\"widget\" data-e-type=\"widget\" data-widget_type=\"breadcrumbs.default\">\n\t\t\t\t<div class=\"elementor-widget-container\">\n\t\t\t\t\t<p id=\"breadcrumbs\"><span><span><a href=\"https:\/\/caid.gob.do\/caid\/\">Est\u00e1s aqu\u00ed:<\/a><\/span><\/span><\/p>\t\t\t\t<\/div>\n\t\t\t\t<\/div>\n\t\t\t\t<div class=\"elementor-element elementor-element-1e8ef9 elementor-share-buttons--align-left elementor-share-buttons--color-custom elementor-share-buttons--view-icon-text elementor-share-buttons--skin-gradient elementor-share-buttons--shape-square elementor-grid-0 elementor-widget elementor-widget-share-buttons\" data-id=\"1e8ef9\" data-element_type=\"widget\" data-e-type=\"widget\" data-widget_type=\"share-buttons.default\">\n\t\t\t\t<div class=\"elementor-widget-container\">\n\t\t\t\t\t\t\t<div class=\"elementor-grid\" role=\"list\">\n\t\t\t\t\t\t\t\t<div class=\"elementor-grid-item\" role=\"listitem\">\n\t\t\t\t\t\t<div class=\"elementor-share-btn elementor-share-btn_print\" role=\"button\" tabindex=\"0\" aria-label=\"Share on print\">\n\t\t\t\t\t\t\t\t\t\t\t\t\t\t\t<span class=\"elementor-share-btn__icon\">\n\t\t\t\t\t\t\t\t<i class=\"fas fa-print\" aria-hidden=\"true\"><\/i>\t\t\t\t\t\t\t<\/span>\n\t\t\t\t\t\t\t\t\t\t\t\t\t\t\t\t\t\t\t\t\t\t<div class=\"elementor-share-btn__text\">\n\t\t\t\t\t\t\t\t\t\t\t\t\t\t\t\t\t\t\t<span class=\"elementor-share-btn__title\">\n\t\t\t\t\t\t\t\t\t\tPDF \/ Imprimir\t\t\t\t\t\t\t\t\t<\/span>\n\t\t\t\t\t\t\t\t\t\t\t\t\t\t\t\t\t<\/div>\n\t\t\t\t\t\t\t\t\t\t\t\t\t<\/div>\n\t\t\t\t\t<\/div>\n\t\t\t\t\t\t\t\t\t<div class=\"elementor-grid-item\" role=\"listitem\">\n\t\t\t\t\t\t<div class=\"elementor-share-btn elementor-share-btn_email\" role=\"button\" tabindex=\"0\" aria-label=\"Share on email\">\n\t\t\t\t\t\t\t\t\t\t\t\t\t\t\t<span class=\"elementor-share-btn__icon\">\n\t\t\t\t\t\t\t\t<i class=\"fas fa-envelope\" aria-hidden=\"true\"><\/i>\t\t\t\t\t\t\t<\/span>\n\t\t\t\t\t\t\t\t\t\t\t\t\t\t\t\t\t\t\t\t\t\t<div class=\"elementor-share-btn__text\">\n\t\t\t\t\t\t\t\t\t\t\t\t\t\t\t\t\t\t\t<span class=\"elementor-share-btn__title\">\n\t\t\t\t\t\t\t\t\t\tEmail\t\t\t\t\t\t\t\t\t<\/span>\n\t\t\t\t\t\t\t\t\t\t\t\t\t\t\t\t\t<\/div>\n\t\t\t\t\t\t\t\t\t\t\t\t\t<\/div>\n\t\t\t\t\t<\/div>\n\t\t\t\t\t\t\t\t\t<div class=\"elementor-grid-item\" role=\"listitem\">\n\t\t\t\t\t\t<div class=\"elementor-share-btn elementor-share-btn_whatsapp\" role=\"button\" tabindex=\"0\" aria-label=\"Share on whatsapp\">\n\t\t\t\t\t\t\t\t\t\t\t\t\t\t\t<span class=\"elementor-share-btn__icon\">\n\t\t\t\t\t\t\t\t<i class=\"fab fa-whatsapp\" aria-hidden=\"true\"><\/i>\t\t\t\t\t\t\t<\/span>\n\t\t\t\t\t\t\t\t\t\t\t\t\t\t\t\t\t\t\t\t\t\t<div class=\"elementor-share-btn__text\">\n\t\t\t\t\t\t\t\t\t\t\t\t\t\t\t\t\t\t\t<span class=\"elementor-share-btn__title\">\n\t\t\t\t\t\t\t\t\t\tWhatsApp\t\t\t\t\t\t\t\t\t<\/span>\n\t\t\t\t\t\t\t\t\t\t\t\t\t\t\t\t\t<\/div>\n\t\t\t\t\t\t\t\t\t\t\t\t\t<\/div>\n\t\t\t\t\t<\/div>\n\t\t\t\t\t\t<\/div>\n\t\t\t\t\t\t<\/div>\n\t\t\t\t<\/div>\n\t\t\t\t<\/div>\n\t\t<div class=\"elementor-element elementor-element-1aa07441 e-con-full e-flex e-con e-child\" data-id=\"1aa07441\" data-element_type=\"container\" data-e-type=\"container\">\n\t\t\t\t<div class=\"elementor-element elementor-element-2703b336 elementor-widget elementor-widget-html\" data-id=\"2703b336\" data-element_type=\"widget\" data-e-type=\"widget\" data-widget_type=\"html.default\">\n\t\t\t\t<div class=\"elementor-widget-container\">\n\t\t\t\t\t<iframe loading=\"lazy\" title=\"OAI - Coms\" width=\"100%\" height=\"600px\" src=\"https:\/\/app.powerbi.com\/view?r=eyJrIjoiOWY2MWI1MmUtZjVkNC00MjZhLTk3YzgtZTIyYTQ1OTdmMzQ0IiwidCI6IjA1ZTVjNGU3LTkwZTktNGNkYi1iMWMxLTJkZWExNWFjYzI3NCIsImMiOjJ9\" frameborder=\"0\" allowFullScreen=\"true\" ><\/iframe>\t\t\t\t<\/div>\n\t\t\t\t<\/div>\n\t\t\t\t<\/div>\n\t\t<div class=\"elementor-element elementor-element-7d79364 e-con-full e-flex e-con e-child\" data-id=\"7d79364\" data-element_type=\"container\" data-e-type=\"container\">\n\t\t\t\t<div class=\"elementor-element elementor-element-71dea0d elementor-widget elementor-widget-text-editor\" data-id=\"71dea0d\" data-element_type=\"widget\" data-e-type=\"widget\" data-widget_type=\"text-editor.default\">\n\t\t\t\t<div class=\"elementor-widget-container\">\n\t\t\t\t\t\t\t\t\t<p style=\"text-align: center;\"><strong>El arduo trabajo para disminuir las listas de espera<\/strong><\/p><p style=\"text-align: justify;\">Desde la fundaci\u00f3n del Centro de Atenci\u00f3n Integral para la Discapacidad en noviembre de 2013, ha sido preocupaci\u00f3n de la opini\u00f3n p\u00fablica la existencia de las listas de espera en nuestra instituci\u00f3n. La preocupaci\u00f3n es leg\u00edtima. El nuestro es el \u00fanico centro p\u00fablico especializado en la atenci\u00f3n a la poblaci\u00f3n infantil con trastorno del espectro autista, s\u00edndrome de Down y par\u00e1lisis cerebral, y la poblaci\u00f3n demanda respuesta, tanto sobre la posibilidad de acceso como del tiempo que deber\u00e1 aguardar para recibir los servicios.<\/p><p>Uno de los retos encontrados al asumir la gesti\u00f3n del CAID en agosto de 2020, fue idear la v\u00eda para la descongesti\u00f3n de los servicios. El modelo heredado, aunque encomiable en sus prop\u00f3sitos, obstaculizaba la movilidad de la poblaci\u00f3n atendida, por lo que ha sido reformulado de manera integral para responder de manera oportuna a la demanda.<\/p><p>Entre las medidas adoptadas est\u00e1 la transparentaci\u00f3n de nuestras estad\u00edsticas con dos objetivos fundamentales: mantener informada a la opini\u00f3n p\u00fablica interesada en el curso del funcionamiento institucional, y poner en un contexto real la oportunidad y alcance de los servicios brindados con datos actualizados.<\/p><p>Para lograr este objetivo, el CAID cre\u00f3 el Departamento de Gesti\u00f3n y Monitoreo de Servicios, que nos ha permitido ordenar y digitalizar las listas de espera. Ahora se tiene una idea una precisa del avance en la oferta terap\u00e9utica y es posible el dise\u00f1o de pol\u00edticas de atenci\u00f3n que satisfagan las necesidades de nuestros usuarios en el menor tiempo posible.<\/p><p>Como se desprende de las tablas que acompa\u00f1an este texto, existen cinco listas. Cada una de ellas agrupa a los usuarios seg\u00fan los servicios recibidos. Esta categorizaci\u00f3n rompe con la idea equivocada de que la totalidad de los usuarios est\u00e1 en una lista de espera \u00fanica de solicitantes que no han recibido ninguna atenci\u00f3n. <\/p><p>Adem\u00e1s, y en la perspectiva de optimizar el servicio, el CAID dispone de informaci\u00f3n sobre cu\u00e1ntos de sus usuarios han recibido o esperan por intervenciones terap\u00e9uticas espec\u00edficas. El provecho no es solo institucional. El agrupamiento en listas diferentes garantiza a las familias informarse sobre su turno de atenci\u00f3n y dar seguimiento a la evoluci\u00f3n de este proceso mediante los canales de acceso a la informaci\u00f3n p\u00fablica y de la Divisi\u00f3n de Atenci\u00f3n a Usuarios que tambi\u00e9n hemos creado.<\/p><p>El CAID est\u00e1 comprometido con mejorar cada d\u00eda la atenci\u00f3n a la poblaci\u00f3n infantil con discapacidad y a generar las condiciones para optimizar el flujo de la atenci\u00f3n terap\u00e9utica. Esto no solo apunta a la eficiencia, sino a una atenci\u00f3n que tenga como eje el respeto a la dignidad de nuestros usuarios, la empat\u00eda y la solidaridad.<br \/><script> jQuery(document).ready(function($) { var delay = 100; setTimeout(function() { $('.elementor-tab-title').removeClass('elementor-active'); $('.elementor-tab-content').css('display', 'none'); }, delay); }); <\/script><\/p>\t\t\t\t\t\t\t\t<\/div>\n\t\t\t\t<\/div>\n\t\t\t\t<\/div>\n\t\t<div class=\"elementor-element elementor-element-4e1dae23 e-con-full e-flex e-con e-child\" data-id=\"4e1dae23\" data-element_type=\"container\" data-e-type=\"container\">\n\t\t<div class=\"elementor-element elementor-element-6dbc6983 e-grid e-con-full e-con e-child\" data-id=\"6dbc6983\" data-element_type=\"container\" data-e-type=\"container\">\n\t\t\t\t<div class=\"elementor-element elementor-element-64c8555d elementor-widget elementor-widget-text-editor\" data-id=\"64c8555d\" data-element_type=\"widget\" data-e-type=\"widget\" data-widget_type=\"text-editor.default\">\n\t\t\t\t<div class=\"elementor-widget-container\">\n\t\t\t\t\t\t\t\t\t<p style=\"text-align: left;\"><strong>Fuente<\/strong><br \/>Departamento de Gesti\u00f3n y Monitoreo de Servicios.<\/p>\t\t\t\t\t\t\t\t<\/div>\n\t\t\t\t<\/div>\n\t\t\t\t<div class=\"elementor-element elementor-element-6984edd8 elementor-widget elementor-widget-text-editor\" data-id=\"6984edd8\" data-element_type=\"widget\" data-e-type=\"widget\" data-widget_type=\"text-editor.default\">\n\t\t\t\t<div class=\"elementor-widget-container\">\n\t\t\t\t\t\t\t\t\t<p style=\"text-align: right;\">\u261d\ufe0f<\/p>\n<p style=\"text-align: right;\">Clic para verlo en pantalla completa<\/p>\t\t\t\t\t\t\t\t<\/div>\n\t\t\t\t<\/div>\n\t\t\t\t<\/div>\n\t\t\t\t<\/div>\n\t\t\t\t<\/div>\n\t\t\t\t\t<\/div>\n\t\t\t\t<\/div>\n\t\t\t\t<\/div>\n\t\t","protected":false},"excerpt":{"rendered":"<p>LISTA DE ESPERA MEN\u00da INTERNO PDF \/ Imprimir Email WhatsApp El arduo trabajo para disminuir las listas de espera Desde la fundaci\u00f3n del Centro de Atenci\u00f3n Integral para la Discapacidad en noviembre de 2013, ha sido preocupaci\u00f3n de la opini\u00f3n p\u00fablica la existencia de las listas de espera en nuestra instituci\u00f3n. La preocupaci\u00f3n es leg\u00edtima. [&hellip;]<\/p>\n","protected":false},"author":13,"featured_media":0,"parent":0,"menu_order":0,"comment_status":"closed","ping_status":"closed","template":"","meta":{"_acf_changed":false,"footnotes":""},"class_list":["post-21583","page","type-page","status-publish","hentry"],"acf":[],"yoast_head":"<!-- This site is optimized with the Yoast SEO plugin v27.0 - https:\/\/yoast.com\/product\/yoast-seo-wordpress\/ -->\r\n<title>Lista de Espera - CAID<\/title>\r\n<meta name=\"robots\" content=\"index, follow, max-snippet:-1, max-image-preview:large, max-video-preview:-1\" \/>\r\n<link rel=\"canonical\" href=\"https:\/\/caid.gob.do\/caid\/lista-de-espera\/\" \/>\r\n<meta property=\"og:locale\" content=\"es_ES\" \/>\r\n<meta property=\"og:type\" content=\"article\" \/>\r\n<meta property=\"og:title\" content=\"Lista de Espera - CAID\" \/>\r\n<meta property=\"og:description\" content=\"LISTA DE ESPERA MEN\u00da INTERNO PDF \/ Imprimir Email WhatsApp El arduo trabajo para disminuir las listas de espera Desde la fundaci\u00f3n del Centro de Atenci\u00f3n Integral para la Discapacidad en noviembre de 2013, ha sido preocupaci\u00f3n de la opini\u00f3n p\u00fablica la existencia de las listas de espera en nuestra instituci\u00f3n. La preocupaci\u00f3n es leg\u00edtima. [&hellip;]\" \/>\r\n<meta property=\"og:url\" content=\"https:\/\/caid.gob.do\/caid\/lista-de-espera\/\" \/>\r\n<meta property=\"og:site_name\" content=\"CAID\" \/>\r\n<meta property=\"article:publisher\" content=\"https:\/\/www.facebook.com\/redcaidrd\" \/>\r\n<meta property=\"article:modified_time\" content=\"2025-06-26T19:22:43+00:00\" \/>\r\n<meta property=\"og:image\" content=\"https:\/\/caid.gob.do\/caid\/wp-content\/uploads\/caid-fachada-oeste-2-e1661787876735.jpeg\" \/>\r\n\t<meta property=\"og:image:width\" content=\"1280\" \/>\r\n\t<meta property=\"og:image:height\" content=\"528\" \/>\r\n\t<meta property=\"og:image:type\" content=\"image\/jpeg\" \/>\r\n<meta name=\"twitter:card\" content=\"summary_large_image\" \/>\r\n<meta name=\"twitter:site\" content=\"@CAIDRDO\" \/>\r\n<meta name=\"twitter:label1\" content=\"Est. reading time\" \/>\n\t<meta name=\"twitter:data1\" content=\"3 minutos\" \/>\r\n<script type=\"application\/ld+json\" class=\"yoast-schema-graph\">{\"@context\":\"https:\/\/schema.org\",\"@graph\":[{\"@type\":\"WebPage\",\"@id\":\"https:\/\/caid.gob.do\/caid\/lista-de-espera\/\",\"url\":\"https:\/\/caid.gob.do\/caid\/lista-de-espera\/\",\"name\":\"Lista de Espera - CAID\",\"isPartOf\":{\"@id\":\"https:\/\/caid.gob.do\/caid\/#website\"},\"datePublished\":\"2025-06-05T16:27:16+00:00\",\"dateModified\":\"2025-06-26T19:22:43+00:00\",\"breadcrumb\":{\"@id\":\"https:\/\/caid.gob.do\/caid\/lista-de-espera\/#breadcrumb\"},\"inLanguage\":\"es-DO\",\"potentialAction\":[{\"@type\":\"ReadAction\",\"target\":[\"https:\/\/caid.gob.do\/caid\/lista-de-espera\/\"]}]},{\"@type\":\"BreadcrumbList\",\"@id\":\"https:\/\/caid.gob.do\/caid\/lista-de-espera\/#breadcrumb\",\"itemListElement\":[{\"@type\":\"ListItem\",\"position\":1,\"name\":\"Est\u00e1s aqu\u00ed:\",\"item\":\"https:\/\/caid.gob.do\/caid\/\"},{\"@type\":\"ListItem\",\"position\":2,\"name\":\"Lista de Espera\"}]},{\"@type\":\"WebSite\",\"@id\":\"https:\/\/caid.gob.do\/caid\/#website\",\"url\":\"https:\/\/caid.gob.do\/caid\/\",\"name\":\"CAID\",\"description\":\"Centro de Atenci\u00f3n Integral a la Discapacidad\",\"publisher\":{\"@id\":\"https:\/\/caid.gob.do\/caid\/#organization\"},\"potentialAction\":[{\"@type\":\"SearchAction\",\"target\":{\"@type\":\"EntryPoint\",\"urlTemplate\":\"https:\/\/caid.gob.do\/caid\/?s={search_term_string}\"},\"query-input\":{\"@type\":\"PropertyValueSpecification\",\"valueRequired\":true,\"valueName\":\"search_term_string\"}}],\"inLanguage\":\"es-DO\"},{\"@type\":\"Organization\",\"@id\":\"https:\/\/caid.gob.do\/caid\/#organization\",\"name\":\"Centro de Atenci\u00f3n Integral para la Discapacidad\",\"url\":\"https:\/\/caid.gob.do\/caid\/\",\"logo\":{\"@type\":\"ImageObject\",\"inLanguage\":\"es-DO\",\"@id\":\"https:\/\/caid.gob.do\/caid\/#\/schema\/logo\/image\/\",\"url\":\"https:\/\/caid.gob.do\/caid\/wp-content\/uploads\/CAID-LOGOS-EN-PNG_Mesa-de-trabajo-1-2-1024x505-1.png\",\"contentUrl\":\"https:\/\/caid.gob.do\/caid\/wp-content\/uploads\/CAID-LOGOS-EN-PNG_Mesa-de-trabajo-1-2-1024x505-1.png\",\"width\":1024,\"height\":505,\"caption\":\"Centro de Atenci\u00f3n Integral para la Discapacidad\"},\"image\":{\"@id\":\"https:\/\/caid.gob.do\/caid\/#\/schema\/logo\/image\/\"},\"sameAs\":[\"https:\/\/www.facebook.com\/redcaidrd\",\"https:\/\/x.com\/CAIDRDO\",\"https:\/\/www.instagram.com\/caidrd\/\",\"https:\/\/www.youtube.com\/channel\/UCLnt-fnRlxQdgJQwjgWkrCg\"]}]}<\/script>\r\n<!-- \/ Yoast SEO plugin. -->","yoast_head_json":{"title":"Lista de Espera - CAID","robots":{"index":"index","follow":"follow","max-snippet":"max-snippet:-1","max-image-preview":"max-image-preview:large","max-video-preview":"max-video-preview:-1"},"canonical":"https:\/\/caid.gob.do\/caid\/lista-de-espera\/","og_locale":"es_ES","og_type":"article","og_title":"Lista de Espera - CAID","og_description":"LISTA DE ESPERA MEN\u00da INTERNO PDF \/ Imprimir Email WhatsApp El arduo trabajo para disminuir las listas de espera Desde la fundaci\u00f3n del Centro de Atenci\u00f3n Integral para la Discapacidad en noviembre de 2013, ha sido preocupaci\u00f3n de la opini\u00f3n p\u00fablica la existencia de las listas de espera en nuestra instituci\u00f3n. La preocupaci\u00f3n es leg\u00edtima. [&hellip;]","og_url":"https:\/\/caid.gob.do\/caid\/lista-de-espera\/","og_site_name":"CAID","article_publisher":"https:\/\/www.facebook.com\/redcaidrd","article_modified_time":"2025-06-26T19:22:43+00:00","og_image":[{"width":1280,"height":528,"url":"https:\/\/caid.gob.do\/caid\/wp-content\/uploads\/caid-fachada-oeste-2-e1661787876735.jpeg","type":"image\/jpeg"}],"twitter_card":"summary_large_image","twitter_site":"@CAIDRDO","twitter_misc":{"Est. reading time":"3 minutos"},"schema":{"@context":"https:\/\/schema.org","@graph":[{"@type":"WebPage","@id":"https:\/\/caid.gob.do\/caid\/lista-de-espera\/","url":"https:\/\/caid.gob.do\/caid\/lista-de-espera\/","name":"Lista de Espera - CAID","isPartOf":{"@id":"https:\/\/caid.gob.do\/caid\/#website"},"datePublished":"2025-06-05T16:27:16+00:00","dateModified":"2025-06-26T19:22:43+00:00","breadcrumb":{"@id":"https:\/\/caid.gob.do\/caid\/lista-de-espera\/#breadcrumb"},"inLanguage":"es-DO","potentialAction":[{"@type":"ReadAction","target":["https:\/\/caid.gob.do\/caid\/lista-de-espera\/"]}]},{"@type":"BreadcrumbList","@id":"https:\/\/caid.gob.do\/caid\/lista-de-espera\/#breadcrumb","itemListElement":[{"@type":"ListItem","position":1,"name":"Est\u00e1s aqu\u00ed:","item":"https:\/\/caid.gob.do\/caid\/"},{"@type":"ListItem","position":2,"name":"Lista de Espera"}]},{"@type":"WebSite","@id":"https:\/\/caid.gob.do\/caid\/#website","url":"https:\/\/caid.gob.do\/caid\/","name":"CAID","description":"Centro de Atenci\u00f3n Integral a la Discapacidad","publisher":{"@id":"https:\/\/caid.gob.do\/caid\/#organization"},"potentialAction":[{"@type":"SearchAction","target":{"@type":"EntryPoint","urlTemplate":"https:\/\/caid.gob.do\/caid\/?s={search_term_string}"},"query-input":{"@type":"PropertyValueSpecification","valueRequired":true,"valueName":"search_term_string"}}],"inLanguage":"es-DO"},{"@type":"Organization","@id":"https:\/\/caid.gob.do\/caid\/#organization","name":"Centro de Atenci\u00f3n Integral para la Discapacidad","url":"https:\/\/caid.gob.do\/caid\/","logo":{"@type":"ImageObject","inLanguage":"es-DO","@id":"https:\/\/caid.gob.do\/caid\/#\/schema\/logo\/image\/","url":"https:\/\/caid.gob.do\/caid\/wp-content\/uploads\/CAID-LOGOS-EN-PNG_Mesa-de-trabajo-1-2-1024x505-1.png","contentUrl":"https:\/\/caid.gob.do\/caid\/wp-content\/uploads\/CAID-LOGOS-EN-PNG_Mesa-de-trabajo-1-2-1024x505-1.png","width":1024,"height":505,"caption":"Centro de Atenci\u00f3n Integral para la Discapacidad"},"image":{"@id":"https:\/\/caid.gob.do\/caid\/#\/schema\/logo\/image\/"},"sameAs":["https:\/\/www.facebook.com\/redcaidrd","https:\/\/x.com\/CAIDRDO","https:\/\/www.instagram.com\/caidrd\/","https:\/\/www.youtube.com\/channel\/UCLnt-fnRlxQdgJQwjgWkrCg"]}]}},"jetpack_sharing_enabled":true,"_links":{"self":[{"href":"https:\/\/caid.gob.do\/caid\/wp-json\/wp\/v2\/pages\/21583","targetHints":{"allow":["GET"]}}],"collection":[{"href":"https:\/\/caid.gob.do\/caid\/wp-json\/wp\/v2\/pages"}],"about":[{"href":"https:\/\/caid.gob.do\/caid\/wp-json\/wp\/v2\/types\/page"}],"author":[{"embeddable":true,"href":"https:\/\/caid.gob.do\/caid\/wp-json\/wp\/v2\/users\/13"}],"replies":[{"embeddable":true,"href":"https:\/\/caid.gob.do\/caid\/wp-json\/wp\/v2\/comments?post=21583"}],"version-history":[{"count":49,"href":"https:\/\/caid.gob.do\/caid\/wp-json\/wp\/v2\/pages\/21583\/revisions"}],"predecessor-version":[{"id":22227,"href":"https:\/\/caid.gob.do\/caid\/wp-json\/wp\/v2\/pages\/21583\/revisions\/22227"}],"wp:attachment":[{"href":"https:\/\/caid.gob.do\/caid\/wp-json\/wp\/v2\/media?parent=21583"}],"curies":[{"name":"wp","href":"https:\/\/api.w.org\/{rel}","templated":true}]}}