{"id":24154,"date":"2026-04-21T15:07:23","date_gmt":"2026-04-21T19:07:23","guid":{"rendered":"https:\/\/caid.gob.do\/caid\/?page_id=24154"},"modified":"2026-04-21T15:10:48","modified_gmt":"2026-04-21T19:10:48","slug":"mapa-interactivo-2","status":"publish","type":"page","link":"https:\/\/caid.gob.do\/caid\/mapa-interactivo-2\/","title":{"rendered":"mapa interactivo"},"content":{"rendered":"\t\t<div data-elementor-type=\"wp-page\" data-elementor-id=\"24154\" class=\"elementor elementor-24154\" data-elementor-post-type=\"page\">\n\t\t\t\t<div class=\"elementor-element elementor-element-a9a1d91 e-flex e-con-boxed e-con e-parent\" data-id=\"a9a1d91\" data-element_type=\"container\" data-e-type=\"container\">\n\t\t\t\t\t<div class=\"e-con-inner\">\n\t\t\t\t<div class=\"elementor-element elementor-element-aedf8f0 hola1 elementor-widget__width-inherit elementor-widget elementor-widget-html\" data-id=\"aedf8f0\" data-element_type=\"widget\" data-e-type=\"widget\" data-widget_type=\"html.default\">\n\t\t\t\t<div class=\"elementor-widget-container\">\n\t\t\t\t\t<iframe style=\"height: 100%; min-height:500px; \" src=\"https:\/\/mapa-interactivo-gilt.vercel.app\/\" frameborder=\"0\"><\/iframe>\t\t\t\t<\/div>\n\t\t\t\t<\/div>\n\t\t\t\t<div class=\"elementor-element elementor-element-33ccd0a elementor-widget elementor-widget-text-editor\" data-id=\"33ccd0a\" data-element_type=\"widget\" data-e-type=\"widget\" data-widget_type=\"text-editor.default\">\n\t\t\t\t<div class=\"elementor-widget-container\">\n\t\t\t\t\t\t\t\t\t<center><strong>Acercando la atenci\u00f3n al territorio: plan nacional de expansi\u00f3n del CAID<\/strong><\/center><div class=\"x_elementToProof\" data-olk-copy-source=\"MessageBody\">En el a\u00f1o 2024, el Centro de Atenci\u00f3n Integral para la Discapacidad inici\u00f3 un proceso de expansi\u00f3n con el objetivo principal de acercar sus servicios a las comunidades que, por motivos diversos, tienen dificultades para acceder a ellos en las cuatro sedes de la instituci\u00f3n.<\/div><p>\u00a0<\/p><div class=\"x_elementToProof\">La v\u00eda para lograrlo son las Unidades de Intervenci\u00f3n Terap\u00e9utica Territorial (UITT), que brindar\u00e1n atenci\u00f3n e intervenci\u00f3n temprana a ni\u00f1os y ni\u00f1as entre los 0 y 5 a\u00f1os y 11 meses. En relaci\u00f3n con las cuatro sedes del CAID, el tiempo de atenci\u00f3n terap\u00e9utica que rige en las UITT es significativamente menor. El per\u00edodo que va del nacimiento a los seis a\u00f1os es el de mayor plasticidad del cerebro humano, por lo que permite alcanzar los objetivos terap\u00e9uticos en un menor tiempo.<\/div><p>\u00a0<\/p><div class=\"x_elementToProof\">Para optimizar la oferta, las UITT dar\u00e1n prioridad a los servicios terap\u00e9uticos en las discapacidades de mayor demanda en el territorio. Es decir, all\u00ed donde m\u00e1s ni\u00f1os y ni\u00f1as est\u00e9n afectados por una condici\u00f3n espec\u00edfica (por ejemplo, autismo), la atenci\u00f3n se centrar\u00e1 en esta condici\u00f3n, sin que esto implique no ocuparse de las otras.<\/div><p>\u00a0<\/p><div class=\"x_elementToProof\">Estos datos ser\u00e1n actualizados con frecuencia de modo que la poblaci\u00f3n y los sectores interesados est\u00e9n convenientemente informados de los progresos en el proceso de ejecuci\u00f3n de las obras y de apertura.<\/div><p>\u00a0<\/p><div class=\"x_elementToProof\">La medida tiene tres motivaciones principales: llevar los servicios a las comunidades para facilitar su acceso; descongestionar las listas de espera en las sedes de Santo Domingo Oeste, Santo Domingo Este, San Juan de la Maguana y Santiago y ampliar el n\u00famero de sedes regionales.<\/div><p>\u00a0<\/p><div class=\"x_elementToProof\">En t\u00e9rminos de pol\u00edticas de atenci\u00f3n, las UITT fomentan una relaci\u00f3n productiva con la comunidad por cuanto le concede participaci\u00f3n en la identificaci\u00f3n de los requerimientos y sirven de plataforma para la creaci\u00f3n de redes de apoyo que mejoren la calidad de vida de los usuarios.<\/div><p>\u00a0<\/p><div class=\"x_elementToProof\">Dado que es un plan de largo alcance, participan en su articulaci\u00f3n la Direcci\u00f3n General de Mantenimiento e Infraestructura Escolar (DGMIE) del Ministerio de Educaci\u00f3n, el CAID, y el Instituto Nacional de Atenci\u00f3n Integral a la Primera Infancia (INAIPI); la Direcci\u00f3n General de Bienes Nacionales (BN), el Instituto Postal Dominicano (INPOSDOM), la Oficina Nacional de Evaluaci\u00f3n S\u00edsmica y Vulnerabilidad de Infraestructura y Edificaciones (ONESVIE), y el Ministerio de la Vivienda y Edificaciones (MIVED).<\/div>\t\t\t\t\t\t\t\t<\/div>\n\t\t\t\t<\/div>\n\t\t\t\t\t<\/div>\n\t\t\t\t<\/div>\n\t\t\t\t<\/div>\n\t\t","protected":false},"excerpt":{"rendered":"<p>Acercando la atenci\u00f3n al territorio: plan nacional de expansi\u00f3n del CAIDEn el a\u00f1o 2024, el Centro de Atenci\u00f3n Integral para la Discapacidad inici\u00f3 un proceso de expansi\u00f3n con el objetivo principal de acercar sus servicios a las comunidades que, por motivos diversos, tienen dificultades para acceder a ellos en las cuatro sedes de la instituci\u00f3n. [&hellip;]<\/p>\n","protected":false},"author":16,"featured_media":0,"parent":0,"menu_order":0,"comment_status":"closed","ping_status":"closed","template":"","meta":{"_acf_changed":false,"footnotes":""},"class_list":["post-24154","page","type-page","status-publish","hentry"],"acf":[],"yoast_head":"<!-- This site is optimized with the Yoast SEO plugin v27.5 - https:\/\/yoast.com\/product\/yoast-seo-wordpress\/ -->\r\n<title>mapa interactivo - CAID<\/title>\r\n<meta name=\"robots\" content=\"index, follow, max-snippet:-1, max-image-preview:large, max-video-preview:-1\" \/>\r\n<link rel=\"canonical\" href=\"https:\/\/caid.gob.do\/caid\/mapa-interactivo-2\/\" \/>\r\n<meta property=\"og:locale\" content=\"es_ES\" \/>\r\n<meta property=\"og:type\" content=\"article\" \/>\r\n<meta property=\"og:title\" content=\"mapa interactivo - CAID\" \/>\r\n<meta property=\"og:description\" content=\"Acercando la atenci\u00f3n al territorio: plan nacional de expansi\u00f3n del CAIDEn el a\u00f1o 2024, el Centro de Atenci\u00f3n Integral para la Discapacidad inici\u00f3 un proceso de expansi\u00f3n con el objetivo principal de acercar sus servicios a las comunidades que, por motivos diversos, tienen dificultades para acceder a ellos en las cuatro sedes de la instituci\u00f3n. [&hellip;]\" \/>\r\n<meta property=\"og:url\" content=\"https:\/\/caid.gob.do\/caid\/mapa-interactivo-2\/\" \/>\r\n<meta property=\"og:site_name\" content=\"CAID\" \/>\r\n<meta property=\"article:publisher\" content=\"https:\/\/www.facebook.com\/redcaidrd\" \/>\r\n<meta property=\"article:modified_time\" content=\"2026-04-21T19:10:48+00:00\" \/>\r\n<meta property=\"og:image\" content=\"https:\/\/caid.gob.do\/caid\/wp-content\/uploads\/caid-fachada-oeste-2-e1661787876735.jpeg\" \/>\r\n\t<meta property=\"og:image:width\" content=\"1280\" \/>\r\n\t<meta property=\"og:image:height\" content=\"528\" \/>\r\n\t<meta property=\"og:image:type\" content=\"image\/jpeg\" \/>\r\n<meta name=\"twitter:card\" content=\"summary_large_image\" \/>\r\n<meta name=\"twitter:site\" content=\"@CAIDRDO\" \/>\r\n<meta name=\"twitter:label1\" content=\"Est. reading time\" \/>\n\t<meta name=\"twitter:data1\" content=\"2 minutos\" \/>\r\n<script type=\"application\/ld+json\" class=\"yoast-schema-graph\">{\"@context\":\"https:\\\/\\\/schema.org\",\"@graph\":[{\"@type\":\"WebPage\",\"@id\":\"https:\\\/\\\/caid.gob.do\\\/caid\\\/mapa-interactivo-2\\\/\",\"url\":\"https:\\\/\\\/caid.gob.do\\\/caid\\\/mapa-interactivo-2\\\/\",\"name\":\"mapa interactivo - CAID\",\"isPartOf\":{\"@id\":\"https:\\\/\\\/caid.gob.do\\\/caid\\\/#website\"},\"datePublished\":\"2026-04-21T19:07:23+00:00\",\"dateModified\":\"2026-04-21T19:10:48+00:00\",\"breadcrumb\":{\"@id\":\"https:\\\/\\\/caid.gob.do\\\/caid\\\/mapa-interactivo-2\\\/#breadcrumb\"},\"inLanguage\":\"es-DO\",\"potentialAction\":[{\"@type\":\"ReadAction\",\"target\":[\"https:\\\/\\\/caid.gob.do\\\/caid\\\/mapa-interactivo-2\\\/\"]}]},{\"@type\":\"BreadcrumbList\",\"@id\":\"https:\\\/\\\/caid.gob.do\\\/caid\\\/mapa-interactivo-2\\\/#breadcrumb\",\"itemListElement\":[{\"@type\":\"ListItem\",\"position\":1,\"name\":\"Est\u00e1s aqu\u00ed:\",\"item\":\"https:\\\/\\\/caid.gob.do\\\/caid\\\/\"},{\"@type\":\"ListItem\",\"position\":2,\"name\":\"mapa interactivo\"}]},{\"@type\":\"WebSite\",\"@id\":\"https:\\\/\\\/caid.gob.do\\\/caid\\\/#website\",\"url\":\"https:\\\/\\\/caid.gob.do\\\/caid\\\/\",\"name\":\"CAID\",\"description\":\"Centro de Atenci\u00f3n Integral a la Discapacidad\",\"publisher\":{\"@id\":\"https:\\\/\\\/caid.gob.do\\\/caid\\\/#organization\"},\"potentialAction\":[{\"@type\":\"SearchAction\",\"target\":{\"@type\":\"EntryPoint\",\"urlTemplate\":\"https:\\\/\\\/caid.gob.do\\\/caid\\\/?s={search_term_string}\"},\"query-input\":{\"@type\":\"PropertyValueSpecification\",\"valueRequired\":true,\"valueName\":\"search_term_string\"}}],\"inLanguage\":\"es-DO\"},{\"@type\":\"Organization\",\"@id\":\"https:\\\/\\\/caid.gob.do\\\/caid\\\/#organization\",\"name\":\"Centro de Atenci\u00f3n Integral para la Discapacidad\",\"url\":\"https:\\\/\\\/caid.gob.do\\\/caid\\\/\",\"logo\":{\"@type\":\"ImageObject\",\"inLanguage\":\"es-DO\",\"@id\":\"https:\\\/\\\/caid.gob.do\\\/caid\\\/#\\\/schema\\\/logo\\\/image\\\/\",\"url\":\"https:\\\/\\\/caid.gob.do\\\/caid\\\/wp-content\\\/uploads\\\/CAID-LOGOS-EN-PNG_Mesa-de-trabajo-1-2-1024x505-1.png\",\"contentUrl\":\"https:\\\/\\\/caid.gob.do\\\/caid\\\/wp-content\\\/uploads\\\/CAID-LOGOS-EN-PNG_Mesa-de-trabajo-1-2-1024x505-1.png\",\"width\":1024,\"height\":505,\"caption\":\"Centro de Atenci\u00f3n Integral para la Discapacidad\"},\"image\":{\"@id\":\"https:\\\/\\\/caid.gob.do\\\/caid\\\/#\\\/schema\\\/logo\\\/image\\\/\"},\"sameAs\":[\"https:\\\/\\\/www.facebook.com\\\/redcaidrd\",\"https:\\\/\\\/x.com\\\/CAIDRDO\",\"https:\\\/\\\/www.instagram.com\\\/caidrd\\\/\",\"https:\\\/\\\/www.youtube.com\\\/channel\\\/UCLnt-fnRlxQdgJQwjgWkrCg\"]}]}<\/script>\r\n<!-- \/ Yoast SEO plugin. -->","yoast_head_json":{"title":"mapa interactivo - CAID","robots":{"index":"index","follow":"follow","max-snippet":"max-snippet:-1","max-image-preview":"max-image-preview:large","max-video-preview":"max-video-preview:-1"},"canonical":"https:\/\/caid.gob.do\/caid\/mapa-interactivo-2\/","og_locale":"es_ES","og_type":"article","og_title":"mapa interactivo - CAID","og_description":"Acercando la atenci\u00f3n al territorio: plan nacional de expansi\u00f3n del CAIDEn el a\u00f1o 2024, el Centro de Atenci\u00f3n Integral para la Discapacidad inici\u00f3 un proceso de expansi\u00f3n con el objetivo principal de acercar sus servicios a las comunidades que, por motivos diversos, tienen dificultades para acceder a ellos en las cuatro sedes de la instituci\u00f3n. [&hellip;]","og_url":"https:\/\/caid.gob.do\/caid\/mapa-interactivo-2\/","og_site_name":"CAID","article_publisher":"https:\/\/www.facebook.com\/redcaidrd","article_modified_time":"2026-04-21T19:10:48+00:00","og_image":[{"width":1280,"height":528,"url":"https:\/\/caid.gob.do\/caid\/wp-content\/uploads\/caid-fachada-oeste-2-e1661787876735.jpeg","type":"image\/jpeg"}],"twitter_card":"summary_large_image","twitter_site":"@CAIDRDO","twitter_misc":{"Est. reading time":"2 minutos"},"schema":{"@context":"https:\/\/schema.org","@graph":[{"@type":"WebPage","@id":"https:\/\/caid.gob.do\/caid\/mapa-interactivo-2\/","url":"https:\/\/caid.gob.do\/caid\/mapa-interactivo-2\/","name":"mapa interactivo - CAID","isPartOf":{"@id":"https:\/\/caid.gob.do\/caid\/#website"},"datePublished":"2026-04-21T19:07:23+00:00","dateModified":"2026-04-21T19:10:48+00:00","breadcrumb":{"@id":"https:\/\/caid.gob.do\/caid\/mapa-interactivo-2\/#breadcrumb"},"inLanguage":"es-DO","potentialAction":[{"@type":"ReadAction","target":["https:\/\/caid.gob.do\/caid\/mapa-interactivo-2\/"]}]},{"@type":"BreadcrumbList","@id":"https:\/\/caid.gob.do\/caid\/mapa-interactivo-2\/#breadcrumb","itemListElement":[{"@type":"ListItem","position":1,"name":"Est\u00e1s aqu\u00ed:","item":"https:\/\/caid.gob.do\/caid\/"},{"@type":"ListItem","position":2,"name":"mapa interactivo"}]},{"@type":"WebSite","@id":"https:\/\/caid.gob.do\/caid\/#website","url":"https:\/\/caid.gob.do\/caid\/","name":"CAID","description":"Centro de Atenci\u00f3n Integral a la Discapacidad","publisher":{"@id":"https:\/\/caid.gob.do\/caid\/#organization"},"potentialAction":[{"@type":"SearchAction","target":{"@type":"EntryPoint","urlTemplate":"https:\/\/caid.gob.do\/caid\/?s={search_term_string}"},"query-input":{"@type":"PropertyValueSpecification","valueRequired":true,"valueName":"search_term_string"}}],"inLanguage":"es-DO"},{"@type":"Organization","@id":"https:\/\/caid.gob.do\/caid\/#organization","name":"Centro de Atenci\u00f3n Integral para la Discapacidad","url":"https:\/\/caid.gob.do\/caid\/","logo":{"@type":"ImageObject","inLanguage":"es-DO","@id":"https:\/\/caid.gob.do\/caid\/#\/schema\/logo\/image\/","url":"https:\/\/caid.gob.do\/caid\/wp-content\/uploads\/CAID-LOGOS-EN-PNG_Mesa-de-trabajo-1-2-1024x505-1.png","contentUrl":"https:\/\/caid.gob.do\/caid\/wp-content\/uploads\/CAID-LOGOS-EN-PNG_Mesa-de-trabajo-1-2-1024x505-1.png","width":1024,"height":505,"caption":"Centro de Atenci\u00f3n Integral para la Discapacidad"},"image":{"@id":"https:\/\/caid.gob.do\/caid\/#\/schema\/logo\/image\/"},"sameAs":["https:\/\/www.facebook.com\/redcaidrd","https:\/\/x.com\/CAIDRDO","https:\/\/www.instagram.com\/caidrd\/","https:\/\/www.youtube.com\/channel\/UCLnt-fnRlxQdgJQwjgWkrCg"]}]}},"jetpack_sharing_enabled":true,"_links":{"self":[{"href":"https:\/\/caid.gob.do\/caid\/wp-json\/wp\/v2\/pages\/24154","targetHints":{"allow":["GET"]}}],"collection":[{"href":"https:\/\/caid.gob.do\/caid\/wp-json\/wp\/v2\/pages"}],"about":[{"href":"https:\/\/caid.gob.do\/caid\/wp-json\/wp\/v2\/types\/page"}],"author":[{"embeddable":true,"href":"https:\/\/caid.gob.do\/caid\/wp-json\/wp\/v2\/users\/16"}],"replies":[{"embeddable":true,"href":"https:\/\/caid.gob.do\/caid\/wp-json\/wp\/v2\/comments?post=24154"}],"version-history":[{"count":9,"href":"https:\/\/caid.gob.do\/caid\/wp-json\/wp\/v2\/pages\/24154\/revisions"}],"predecessor-version":[{"id":24164,"href":"https:\/\/caid.gob.do\/caid\/wp-json\/wp\/v2\/pages\/24154\/revisions\/24164"}],"wp:attachment":[{"href":"https:\/\/caid.gob.do\/caid\/wp-json\/wp\/v2\/media?parent=24154"}],"curies":[{"name":"wp","href":"https:\/\/api.w.org\/{rel}","templated":true}]}}