{"id":517,"date":"2022-03-14T13:33:52","date_gmt":"2022-03-14T17:33:52","guid":{"rendered":"https:\/\/caid.gob.do\/?page_id=517"},"modified":"2024-07-11T10:47:07","modified_gmt":"2024-07-11T14:47:07","slug":"caid-santiago-de-los-caballeros","status":"publish","type":"page","link":"https:\/\/caid.gob.do\/caid\/inicio\/sobre-nosotros\/dependencias\/caid-santiago-de-los-caballeros\/","title":{"rendered":"CAID Santiago de los Caballeros"},"content":{"rendered":"\t\t<div data-elementor-type=\"wp-page\" data-elementor-id=\"517\" class=\"elementor elementor-517\" data-elementor-post-type=\"page\">\n\t\t\t\t<div class=\"elementor-element elementor-element-4829177 e-con-full e-flex e-con e-parent\" data-id=\"4829177\" data-element_type=\"container\" data-e-type=\"container\">\n\t\t\t\t<div class=\"elementor-element elementor-element-44d2ca9 elementor-widget elementor-widget-image\" data-id=\"44d2ca9\" data-element_type=\"widget\" data-e-type=\"widget\" data-widget_type=\"image.default\">\n\t\t\t\t<div class=\"elementor-widget-container\">\n\t\t\t\t\t\t\t\t\t\t\t\t\t\t\t<img loading=\"lazy\" decoding=\"async\" width=\"1024\" height=\"550\" src=\"https:\/\/caid.gob.do\/caid\/wp-content\/uploads\/CAID_Santiago.jpeg\" class=\"attachment-full size-full wp-image-2037\" alt=\"\" srcset=\"https:\/\/caid.gob.do\/caid\/wp-content\/uploads\/CAID_Santiago.jpeg 1024w, https:\/\/caid.gob.do\/caid\/wp-content\/uploads\/CAID_Santiago-300x161.jpeg 300w, https:\/\/caid.gob.do\/caid\/wp-content\/uploads\/CAID_Santiago-150x81.jpeg 150w, https:\/\/caid.gob.do\/caid\/wp-content\/uploads\/CAID_Santiago-768x413.jpeg 768w\" sizes=\"auto, (max-width: 1024px) 100vw, 1024px\" \/>\t\t\t\t\t\t\t\t\t\t\t\t\t\t\t<\/div>\n\t\t\t\t<\/div>\n\t\t\t\t<div class=\"elementor-element elementor-element-6fd82c9 elementor-widget elementor-widget-text-editor\" data-id=\"6fd82c9\" data-element_type=\"widget\" data-e-type=\"widget\" data-widget_type=\"text-editor.default\">\n\t\t\t\t<div class=\"elementor-widget-container\">\n\t\t\t\t\t\t\t\t\t<p>El Centro de Atenci\u00f3n Integral para la Discapacidad (CAID) es el primer centro p\u00fablico dedicado a la evaluaci\u00f3n, diagn\u00f3stico y la rehabilitaci\u00f3n de ni\u00f1os y ni\u00f1as de cero a doce a\u00f1os con trastorno del espectro autista (TEA), par\u00e1lisis cerebral (PC) y s\u00edndrome de Down<\/p><p><strong>Servicios que ofrece<\/strong><\/p><p>Evaluaci\u00f3n social<br \/>Evaluaci\u00f3n m\u00e9dica<br \/>Pediatr\u00eda<br \/>Odontopediatr\u00eda<br \/>Fisiatr\u00eda<br \/>Nutrici\u00f3n<br \/>Psiquiatr\u00eda<br \/>Evaluaci\u00f3n del desarrollo<br \/>Atenci\u00f3n e intervenci\u00f3n temprana<br \/>Apoyo psicopedag\u00f3gico<br \/>Intervenci\u00f3n conductual<br \/>Terapia ocupacional<br \/>Terapia del habla y del lenguaje<br \/>Terapia f\u00edsica<br \/>Terapia complementaria<br \/>Terapia familiar<br \/>Intervenci\u00f3n grupal<br \/>Terapia acu\u00e1tica (hidroterapia)<\/p>\t\t\t\t\t\t\t\t<\/div>\n\t\t\t\t<\/div>\n\t\t\t\t<div class=\"elementor-element elementor-element-f07c1d3 elementor-widget elementor-widget-text-editor\" data-id=\"f07c1d3\" data-element_type=\"widget\" data-e-type=\"widget\" data-widget_type=\"text-editor.default\">\n\t\t\t\t<div class=\"elementor-widget-container\">\n\t\t\t\t\t\t\t\t\t<div class=\"ficha__item\" data-uw-styling-context=\"true\"><span data-uw-styling-context=\"true\"><strong>Direcci\u00f3n:<\/strong> Av. Hispanoamericana, 51000, Barrio Pek\u00edn<\/span><\/div><div data-uw-styling-context=\"true\"><span style=\"text-decoration: underline;\"><span style=\"color: #0000ff;\"><span style=\"color: #0000ff;\"><a style=\"color: #0000ff; text-decoration: underline;\" href=\"https:\/\/goo.gl\/maps\/bP7UpA4QicTXcovK7\">Dar clic aqu\u00ed para abrir la ubicaci\u00f3n en la app de mapas<\/a><\/span><\/span><\/span><\/div><div data-uw-styling-context=\"true\">\u00a0<\/div><div data-uw-styling-context=\"true\"><hr \/><\/div><div data-uw-styling-context=\"true\">\u00a0<\/div><div class=\"ficha__item\" data-uw-styling-context=\"true\"><span data-uw-styling-context=\"true\"><strong>Tel\u00e9fono:<\/strong> 849-937-4141<\/span><\/div><div class=\"ficha__item\" data-uw-styling-context=\"true\"><span data-uw-styling-context=\"true\"><strong>URL:<\/strong>\u00a0<\/span>www.caid.gob.do<\/div><div class=\"ficha__item\" data-uw-styling-context=\"true\"><span data-uw-styling-context=\"true\"><strong>Otras Informaciones:<\/strong>\u00a0<\/span><span id=\"cloake4e03f7dbb94f3afbb923d0c9c6bbe0d\" data-uw-styling-context=\"true\">infostgo<\/span><span id=\"cloake4e03f7dbb94f3afbb923d0c9c6bbe0d\" data-uw-styling-context=\"true\">@caid.gob.do<\/span><\/div>\t\t\t\t\t\t\t\t<\/div>\n\t\t\t\t<\/div>\n\t\t\t\t<\/div>\n\t\t\t\t<\/div>\n\t\t","protected":false},"excerpt":{"rendered":"<p>El Centro de Atenci\u00f3n Integral para la Discapacidad (CAID) es el primer centro p\u00fablico dedicado a la evaluaci\u00f3n, diagn\u00f3stico y la rehabilitaci\u00f3n de ni\u00f1os y ni\u00f1as de cero a doce a\u00f1os con trastorno del espectro autista (TEA), par\u00e1lisis cerebral (PC) y s\u00edndrome de Down Servicios que ofrece Evaluaci\u00f3n socialEvaluaci\u00f3n m\u00e9dicaPediatr\u00edaOdontopediatr\u00edaFisiatr\u00edaNutrici\u00f3nPsiquiatr\u00edaEvaluaci\u00f3n del desarrolloAtenci\u00f3n e intervenci\u00f3n tempranaApoyo [&hellip;]<\/p>\n","protected":false},"author":1,"featured_media":0,"parent":139,"menu_order":0,"comment_status":"closed","ping_status":"closed","template":"","meta":{"_acf_changed":false,"footnotes":""},"class_list":["post-517","page","type-page","status-publish","hentry"],"acf":[],"yoast_head":"<!-- This site is optimized with the Yoast SEO plugin v27.0 - https:\/\/yoast.com\/product\/yoast-seo-wordpress\/ -->\r\n<title>CAID Santiago de los Caballeros - CAID<\/title>\r\n<meta name=\"robots\" content=\"index, follow, max-snippet:-1, max-image-preview:large, max-video-preview:-1\" \/>\r\n<link rel=\"canonical\" href=\"https:\/\/caid.gob.do\/caid\/inicio\/sobre-nosotros\/dependencias\/caid-santiago-de-los-caballeros\/\" \/>\r\n<meta property=\"og:locale\" content=\"es_ES\" \/>\r\n<meta property=\"og:type\" content=\"article\" \/>\r\n<meta property=\"og:title\" content=\"CAID Santiago de los Caballeros - CAID\" \/>\r\n<meta property=\"og:description\" content=\"El Centro de Atenci\u00f3n Integral para la Discapacidad (CAID) es el primer centro p\u00fablico dedicado a la evaluaci\u00f3n, diagn\u00f3stico y la rehabilitaci\u00f3n de ni\u00f1os y ni\u00f1as de cero a doce a\u00f1os con trastorno del espectro autista (TEA), par\u00e1lisis cerebral (PC) y s\u00edndrome de Down Servicios que ofrece Evaluaci\u00f3n socialEvaluaci\u00f3n m\u00e9dicaPediatr\u00edaOdontopediatr\u00edaFisiatr\u00edaNutrici\u00f3nPsiquiatr\u00edaEvaluaci\u00f3n del desarrolloAtenci\u00f3n e intervenci\u00f3n tempranaApoyo [&hellip;]\" \/>\r\n<meta property=\"og:url\" content=\"https:\/\/caid.gob.do\/caid\/inicio\/sobre-nosotros\/dependencias\/caid-santiago-de-los-caballeros\/\" \/>\r\n<meta property=\"og:site_name\" content=\"CAID\" \/>\r\n<meta property=\"article:publisher\" content=\"https:\/\/www.facebook.com\/redcaidrd\" \/>\r\n<meta property=\"article:modified_time\" content=\"2024-07-11T14:47:07+00:00\" \/>\r\n<meta property=\"og:image\" content=\"https:\/\/caid.gob.do\/caid\/wp-content\/uploads\/CAID_Santiago.jpeg\" \/>\r\n<meta name=\"twitter:card\" content=\"summary_large_image\" \/>\r\n<meta name=\"twitter:site\" content=\"@CAIDRDO\" \/>\r\n<meta name=\"twitter:label1\" content=\"Est. reading time\" \/>\n\t<meta name=\"twitter:data1\" content=\"1 minuto\" \/>\r\n<script type=\"application\/ld+json\" class=\"yoast-schema-graph\">{\"@context\":\"https:\/\/schema.org\",\"@graph\":[{\"@type\":\"WebPage\",\"@id\":\"https:\/\/caid.gob.do\/caid\/inicio\/sobre-nosotros\/dependencias\/caid-santiago-de-los-caballeros\/\",\"url\":\"https:\/\/caid.gob.do\/caid\/inicio\/sobre-nosotros\/dependencias\/caid-santiago-de-los-caballeros\/\",\"name\":\"CAID Santiago de los Caballeros - CAID\",\"isPartOf\":{\"@id\":\"https:\/\/caid.gob.do\/caid\/#website\"},\"primaryImageOfPage\":{\"@id\":\"https:\/\/caid.gob.do\/caid\/inicio\/sobre-nosotros\/dependencias\/caid-santiago-de-los-caballeros\/#primaryimage\"},\"image\":{\"@id\":\"https:\/\/caid.gob.do\/caid\/inicio\/sobre-nosotros\/dependencias\/caid-santiago-de-los-caballeros\/#primaryimage\"},\"thumbnailUrl\":\"https:\/\/caid.gob.do\/caid\/wp-content\/uploads\/CAID_Santiago.jpeg\",\"datePublished\":\"2022-03-14T17:33:52+00:00\",\"dateModified\":\"2024-07-11T14:47:07+00:00\",\"breadcrumb\":{\"@id\":\"https:\/\/caid.gob.do\/caid\/inicio\/sobre-nosotros\/dependencias\/caid-santiago-de-los-caballeros\/#breadcrumb\"},\"inLanguage\":\"es-DO\",\"potentialAction\":[{\"@type\":\"ReadAction\",\"target\":[\"https:\/\/caid.gob.do\/caid\/inicio\/sobre-nosotros\/dependencias\/caid-santiago-de-los-caballeros\/\"]}]},{\"@type\":\"ImageObject\",\"inLanguage\":\"es-DO\",\"@id\":\"https:\/\/caid.gob.do\/caid\/inicio\/sobre-nosotros\/dependencias\/caid-santiago-de-los-caballeros\/#primaryimage\",\"url\":\"https:\/\/caid.gob.do\/caid\/wp-content\/uploads\/CAID_Santiago.jpeg\",\"contentUrl\":\"https:\/\/caid.gob.do\/caid\/wp-content\/uploads\/CAID_Santiago.jpeg\",\"width\":1024,\"height\":550},{\"@type\":\"BreadcrumbList\",\"@id\":\"https:\/\/caid.gob.do\/caid\/inicio\/sobre-nosotros\/dependencias\/caid-santiago-de-los-caballeros\/#breadcrumb\",\"itemListElement\":[{\"@type\":\"ListItem\",\"position\":1,\"name\":\"Est\u00e1s aqu\u00ed:\",\"item\":\"https:\/\/caid.gob.do\/caid\/\"},{\"@type\":\"ListItem\",\"position\":2,\"name\":\"Inicio\",\"item\":\"https:\/\/caid.gob.do\/caid\/\"},{\"@type\":\"ListItem\",\"position\":3,\"name\":\"Sobre nosotros\",\"item\":\"https:\/\/caid.gob.do\/caid\/pagina-de-inicio\/sobre-nosotros\/\"},{\"@type\":\"ListItem\",\"position\":4,\"name\":\"Dependencias\",\"item\":\"https:\/\/caid.gob.do\/caid\/inicio\/sobre-nosotros\/dependencias\/\"},{\"@type\":\"ListItem\",\"position\":5,\"name\":\"CAID Santiago de los Caballeros\"}]},{\"@type\":\"WebSite\",\"@id\":\"https:\/\/caid.gob.do\/caid\/#website\",\"url\":\"https:\/\/caid.gob.do\/caid\/\",\"name\":\"CAID\",\"description\":\"Centro de Atenci\u00f3n Integral a la Discapacidad\",\"publisher\":{\"@id\":\"https:\/\/caid.gob.do\/caid\/#organization\"},\"potentialAction\":[{\"@type\":\"SearchAction\",\"target\":{\"@type\":\"EntryPoint\",\"urlTemplate\":\"https:\/\/caid.gob.do\/caid\/?s={search_term_string}\"},\"query-input\":{\"@type\":\"PropertyValueSpecification\",\"valueRequired\":true,\"valueName\":\"search_term_string\"}}],\"inLanguage\":\"es-DO\"},{\"@type\":\"Organization\",\"@id\":\"https:\/\/caid.gob.do\/caid\/#organization\",\"name\":\"Centro de Atenci\u00f3n Integral para la Discapacidad\",\"url\":\"https:\/\/caid.gob.do\/caid\/\",\"logo\":{\"@type\":\"ImageObject\",\"inLanguage\":\"es-DO\",\"@id\":\"https:\/\/caid.gob.do\/caid\/#\/schema\/logo\/image\/\",\"url\":\"https:\/\/caid.gob.do\/caid\/wp-content\/uploads\/CAID-LOGOS-EN-PNG_Mesa-de-trabajo-1-2-1024x505-1.png\",\"contentUrl\":\"https:\/\/caid.gob.do\/caid\/wp-content\/uploads\/CAID-LOGOS-EN-PNG_Mesa-de-trabajo-1-2-1024x505-1.png\",\"width\":1024,\"height\":505,\"caption\":\"Centro de Atenci\u00f3n Integral para la Discapacidad\"},\"image\":{\"@id\":\"https:\/\/caid.gob.do\/caid\/#\/schema\/logo\/image\/\"},\"sameAs\":[\"https:\/\/www.facebook.com\/redcaidrd\",\"https:\/\/x.com\/CAIDRDO\",\"https:\/\/www.instagram.com\/caidrd\/\",\"https:\/\/www.youtube.com\/channel\/UCLnt-fnRlxQdgJQwjgWkrCg\"]}]}<\/script>\r\n<!-- \/ Yoast SEO plugin. -->","yoast_head_json":{"title":"CAID Santiago de los Caballeros - CAID","robots":{"index":"index","follow":"follow","max-snippet":"max-snippet:-1","max-image-preview":"max-image-preview:large","max-video-preview":"max-video-preview:-1"},"canonical":"https:\/\/caid.gob.do\/caid\/inicio\/sobre-nosotros\/dependencias\/caid-santiago-de-los-caballeros\/","og_locale":"es_ES","og_type":"article","og_title":"CAID Santiago de los Caballeros - CAID","og_description":"El Centro de Atenci\u00f3n Integral para la Discapacidad (CAID) es el primer centro p\u00fablico dedicado a la evaluaci\u00f3n, diagn\u00f3stico y la rehabilitaci\u00f3n de ni\u00f1os y ni\u00f1as de cero a doce a\u00f1os con trastorno del espectro autista (TEA), par\u00e1lisis cerebral (PC) y s\u00edndrome de Down Servicios que ofrece Evaluaci\u00f3n socialEvaluaci\u00f3n m\u00e9dicaPediatr\u00edaOdontopediatr\u00edaFisiatr\u00edaNutrici\u00f3nPsiquiatr\u00edaEvaluaci\u00f3n del desarrolloAtenci\u00f3n e intervenci\u00f3n tempranaApoyo [&hellip;]","og_url":"https:\/\/caid.gob.do\/caid\/inicio\/sobre-nosotros\/dependencias\/caid-santiago-de-los-caballeros\/","og_site_name":"CAID","article_publisher":"https:\/\/www.facebook.com\/redcaidrd","article_modified_time":"2024-07-11T14:47:07+00:00","og_image":[{"url":"https:\/\/caid.gob.do\/caid\/wp-content\/uploads\/CAID_Santiago.jpeg","type":"","width":"","height":""}],"twitter_card":"summary_large_image","twitter_site":"@CAIDRDO","twitter_misc":{"Est. reading time":"1 minuto"},"schema":{"@context":"https:\/\/schema.org","@graph":[{"@type":"WebPage","@id":"https:\/\/caid.gob.do\/caid\/inicio\/sobre-nosotros\/dependencias\/caid-santiago-de-los-caballeros\/","url":"https:\/\/caid.gob.do\/caid\/inicio\/sobre-nosotros\/dependencias\/caid-santiago-de-los-caballeros\/","name":"CAID Santiago de los Caballeros - CAID","isPartOf":{"@id":"https:\/\/caid.gob.do\/caid\/#website"},"primaryImageOfPage":{"@id":"https:\/\/caid.gob.do\/caid\/inicio\/sobre-nosotros\/dependencias\/caid-santiago-de-los-caballeros\/#primaryimage"},"image":{"@id":"https:\/\/caid.gob.do\/caid\/inicio\/sobre-nosotros\/dependencias\/caid-santiago-de-los-caballeros\/#primaryimage"},"thumbnailUrl":"https:\/\/caid.gob.do\/caid\/wp-content\/uploads\/CAID_Santiago.jpeg","datePublished":"2022-03-14T17:33:52+00:00","dateModified":"2024-07-11T14:47:07+00:00","breadcrumb":{"@id":"https:\/\/caid.gob.do\/caid\/inicio\/sobre-nosotros\/dependencias\/caid-santiago-de-los-caballeros\/#breadcrumb"},"inLanguage":"es-DO","potentialAction":[{"@type":"ReadAction","target":["https:\/\/caid.gob.do\/caid\/inicio\/sobre-nosotros\/dependencias\/caid-santiago-de-los-caballeros\/"]}]},{"@type":"ImageObject","inLanguage":"es-DO","@id":"https:\/\/caid.gob.do\/caid\/inicio\/sobre-nosotros\/dependencias\/caid-santiago-de-los-caballeros\/#primaryimage","url":"https:\/\/caid.gob.do\/caid\/wp-content\/uploads\/CAID_Santiago.jpeg","contentUrl":"https:\/\/caid.gob.do\/caid\/wp-content\/uploads\/CAID_Santiago.jpeg","width":1024,"height":550},{"@type":"BreadcrumbList","@id":"https:\/\/caid.gob.do\/caid\/inicio\/sobre-nosotros\/dependencias\/caid-santiago-de-los-caballeros\/#breadcrumb","itemListElement":[{"@type":"ListItem","position":1,"name":"Est\u00e1s aqu\u00ed:","item":"https:\/\/caid.gob.do\/caid\/"},{"@type":"ListItem","position":2,"name":"Inicio","item":"https:\/\/caid.gob.do\/caid\/"},{"@type":"ListItem","position":3,"name":"Sobre nosotros","item":"https:\/\/caid.gob.do\/caid\/pagina-de-inicio\/sobre-nosotros\/"},{"@type":"ListItem","position":4,"name":"Dependencias","item":"https:\/\/caid.gob.do\/caid\/inicio\/sobre-nosotros\/dependencias\/"},{"@type":"ListItem","position":5,"name":"CAID Santiago de los Caballeros"}]},{"@type":"WebSite","@id":"https:\/\/caid.gob.do\/caid\/#website","url":"https:\/\/caid.gob.do\/caid\/","name":"CAID","description":"Centro de Atenci\u00f3n Integral a la Discapacidad","publisher":{"@id":"https:\/\/caid.gob.do\/caid\/#organization"},"potentialAction":[{"@type":"SearchAction","target":{"@type":"EntryPoint","urlTemplate":"https:\/\/caid.gob.do\/caid\/?s={search_term_string}"},"query-input":{"@type":"PropertyValueSpecification","valueRequired":true,"valueName":"search_term_string"}}],"inLanguage":"es-DO"},{"@type":"Organization","@id":"https:\/\/caid.gob.do\/caid\/#organization","name":"Centro de Atenci\u00f3n Integral para la Discapacidad","url":"https:\/\/caid.gob.do\/caid\/","logo":{"@type":"ImageObject","inLanguage":"es-DO","@id":"https:\/\/caid.gob.do\/caid\/#\/schema\/logo\/image\/","url":"https:\/\/caid.gob.do\/caid\/wp-content\/uploads\/CAID-LOGOS-EN-PNG_Mesa-de-trabajo-1-2-1024x505-1.png","contentUrl":"https:\/\/caid.gob.do\/caid\/wp-content\/uploads\/CAID-LOGOS-EN-PNG_Mesa-de-trabajo-1-2-1024x505-1.png","width":1024,"height":505,"caption":"Centro de Atenci\u00f3n Integral para la Discapacidad"},"image":{"@id":"https:\/\/caid.gob.do\/caid\/#\/schema\/logo\/image\/"},"sameAs":["https:\/\/www.facebook.com\/redcaidrd","https:\/\/x.com\/CAIDRDO","https:\/\/www.instagram.com\/caidrd\/","https:\/\/www.youtube.com\/channel\/UCLnt-fnRlxQdgJQwjgWkrCg"]}]}},"jetpack_sharing_enabled":true,"_links":{"self":[{"href":"https:\/\/caid.gob.do\/caid\/wp-json\/wp\/v2\/pages\/517","targetHints":{"allow":["GET"]}}],"collection":[{"href":"https:\/\/caid.gob.do\/caid\/wp-json\/wp\/v2\/pages"}],"about":[{"href":"https:\/\/caid.gob.do\/caid\/wp-json\/wp\/v2\/types\/page"}],"author":[{"embeddable":true,"href":"https:\/\/caid.gob.do\/caid\/wp-json\/wp\/v2\/users\/1"}],"replies":[{"embeddable":true,"href":"https:\/\/caid.gob.do\/caid\/wp-json\/wp\/v2\/comments?post=517"}],"version-history":[{"count":30,"href":"https:\/\/caid.gob.do\/caid\/wp-json\/wp\/v2\/pages\/517\/revisions"}],"predecessor-version":[{"id":18039,"href":"https:\/\/caid.gob.do\/caid\/wp-json\/wp\/v2\/pages\/517\/revisions\/18039"}],"up":[{"embeddable":true,"href":"https:\/\/caid.gob.do\/caid\/wp-json\/wp\/v2\/pages\/139"}],"wp:attachment":[{"href":"https:\/\/caid.gob.do\/caid\/wp-json\/wp\/v2\/media?parent=517"}],"curies":[{"name":"wp","href":"https:\/\/api.w.org\/{rel}","templated":true}]}}