{"id":723,"date":"2022-03-20T17:24:03","date_gmt":"2022-03-20T21:24:03","guid":{"rendered":"https:\/\/caid.gob.do\/?page_id=723"},"modified":"2023-12-05T10:08:22","modified_gmt":"2023-12-05T14:08:22","slug":"programa-de-actividades-tematicas-actividades-de-inclusion-social","status":"publish","type":"page","link":"https:\/\/caid.gob.do\/caid\/inicio\/programas\/programa-de-actividades-tematicas-actividades-de-inclusion-social\/","title":{"rendered":"Programa de Actividades Tem\u00e1ticas: Actividades de Inclusi\u00f3n Social"},"content":{"rendered":"\t\t<div data-elementor-type=\"wp-page\" data-elementor-id=\"723\" class=\"elementor elementor-723\" data-elementor-post-type=\"page\">\n\t\t\t\t<div class=\"elementor-element elementor-element-1cb252c e-con-full e-flex e-con e-parent\" data-id=\"1cb252c\" data-element_type=\"container\" data-e-type=\"container\">\n\t\t\t\t<div class=\"elementor-element elementor-element-d5843aa elementor-widget__width-inherit elementor-widget elementor-widget-image\" data-id=\"d5843aa\" data-element_type=\"widget\" data-e-type=\"widget\" data-widget_type=\"image.default\">\n\t\t\t\t<div class=\"elementor-widget-container\">\n\t\t\t\t\t\t\t\t\t\t\t\t\t\t\t<img loading=\"lazy\" decoding=\"async\" width=\"1280\" height=\"720\" src=\"https:\/\/caid.gob.do\/caid\/wp-content\/uploads\/Talent-Show-SJ-_002-1.jpg\" class=\"attachment-full size-full wp-image-2141\" alt=\"\" srcset=\"https:\/\/caid.gob.do\/caid\/wp-content\/uploads\/Talent-Show-SJ-_002-1.jpg 1280w, https:\/\/caid.gob.do\/caid\/wp-content\/uploads\/Talent-Show-SJ-_002-1-300x169.jpg 300w, https:\/\/caid.gob.do\/caid\/wp-content\/uploads\/Talent-Show-SJ-_002-1-1024x576.jpg 1024w, https:\/\/caid.gob.do\/caid\/wp-content\/uploads\/Talent-Show-SJ-_002-1-150x84.jpg 150w, https:\/\/caid.gob.do\/caid\/wp-content\/uploads\/Talent-Show-SJ-_002-1-768x432.jpg 768w\" sizes=\"auto, (max-width: 1280px) 100vw, 1280px\" \/>\t\t\t\t\t\t\t\t\t\t\t\t\t\t\t<\/div>\n\t\t\t\t<\/div>\n\t\t\t\t<div class=\"elementor-element elementor-element-63ace76 elementor-share-buttons--align-left elementor-share-buttons--color-custom elementor-share-buttons--view-icon-text elementor-share-buttons--skin-gradient elementor-share-buttons--shape-square elementor-grid-0 elementor-widget elementor-widget-share-buttons\" data-id=\"63ace76\" data-element_type=\"widget\" data-e-type=\"widget\" data-widget_type=\"share-buttons.default\">\n\t\t\t\t<div class=\"elementor-widget-container\">\n\t\t\t\t\t\t\t<div class=\"elementor-grid\" role=\"list\">\n\t\t\t\t\t\t\t\t<div class=\"elementor-grid-item\" role=\"listitem\">\n\t\t\t\t\t\t<div class=\"elementor-share-btn elementor-share-btn_print\" role=\"button\" tabindex=\"0\" aria-label=\"Share on print\">\n\t\t\t\t\t\t\t\t\t\t\t\t\t\t\t<span class=\"elementor-share-btn__icon\">\n\t\t\t\t\t\t\t\t<i class=\"fas fa-print\" aria-hidden=\"true\"><\/i>\t\t\t\t\t\t\t<\/span>\n\t\t\t\t\t\t\t\t\t\t\t\t\t\t\t\t\t\t\t\t\t\t<div class=\"elementor-share-btn__text\">\n\t\t\t\t\t\t\t\t\t\t\t\t\t\t\t\t\t\t\t<span class=\"elementor-share-btn__title\">\n\t\t\t\t\t\t\t\t\t\tImprimir \/ descargar PDF\t\t\t\t\t\t\t\t\t<\/span>\n\t\t\t\t\t\t\t\t\t\t\t\t\t\t\t\t\t<\/div>\n\t\t\t\t\t\t\t\t\t\t\t\t\t<\/div>\n\t\t\t\t\t<\/div>\n\t\t\t\t\t\t\t\t\t<div class=\"elementor-grid-item\" role=\"listitem\">\n\t\t\t\t\t\t<div class=\"elementor-share-btn elementor-share-btn_email\" role=\"button\" tabindex=\"0\" aria-label=\"Share on email\">\n\t\t\t\t\t\t\t\t\t\t\t\t\t\t\t<span class=\"elementor-share-btn__icon\">\n\t\t\t\t\t\t\t\t<i class=\"fas fa-envelope\" aria-hidden=\"true\"><\/i>\t\t\t\t\t\t\t<\/span>\n\t\t\t\t\t\t\t\t\t\t\t\t\t\t\t\t\t\t\t\t\t\t<div class=\"elementor-share-btn__text\">\n\t\t\t\t\t\t\t\t\t\t\t\t\t\t\t\t\t\t\t<span class=\"elementor-share-btn__title\">\n\t\t\t\t\t\t\t\t\t\tEmail\t\t\t\t\t\t\t\t\t<\/span>\n\t\t\t\t\t\t\t\t\t\t\t\t\t\t\t\t\t<\/div>\n\t\t\t\t\t\t\t\t\t\t\t\t\t<\/div>\n\t\t\t\t\t<\/div>\n\t\t\t\t\t\t\t\t\t<div class=\"elementor-grid-item\" role=\"listitem\">\n\t\t\t\t\t\t<div class=\"elementor-share-btn elementor-share-btn_whatsapp\" role=\"button\" tabindex=\"0\" aria-label=\"Share on whatsapp\">\n\t\t\t\t\t\t\t\t\t\t\t\t\t\t\t<span class=\"elementor-share-btn__icon\">\n\t\t\t\t\t\t\t\t<i class=\"fab fa-whatsapp\" aria-hidden=\"true\"><\/i>\t\t\t\t\t\t\t<\/span>\n\t\t\t\t\t\t\t\t\t\t\t\t\t\t\t\t\t\t\t\t\t\t<div class=\"elementor-share-btn__text\">\n\t\t\t\t\t\t\t\t\t\t\t\t\t\t\t\t\t\t\t<span class=\"elementor-share-btn__title\">\n\t\t\t\t\t\t\t\t\t\tWhatsApp\t\t\t\t\t\t\t\t\t<\/span>\n\t\t\t\t\t\t\t\t\t\t\t\t\t\t\t\t\t<\/div>\n\t\t\t\t\t\t\t\t\t\t\t\t\t<\/div>\n\t\t\t\t\t<\/div>\n\t\t\t\t\t\t<\/div>\n\t\t\t\t\t\t<\/div>\n\t\t\t\t<\/div>\n\t\t\t\t<div class=\"elementor-element elementor-element-2cb6783 elementor-widget elementor-widget-text-editor\" data-id=\"2cb6783\" data-element_type=\"widget\" data-e-type=\"widget\" data-widget_type=\"text-editor.default\">\n\t\t\t\t<div class=\"elementor-widget-container\">\n\t\t\t\t\t\t\t\t\t<div data-uw-styling-context=\"true\"><p data-uw-styling-context=\"true\">Promueve el involucramiento social en ni\u00f1os, ni\u00f1as y sus familias con Trastorno del Espectro Autista, S\u00edndrome de Down y Par\u00e1lisis Cerebral, fomentando su participaci\u00f3n a trav\u00e9s de actividades emblem\u00e1ticas propias de nuestra cultura, su asistencia y disfrute en centros recreativos, asumiendo roles similares en igualdad de condiciones y garantizando las mismas oportunidades que poseen otros ni\u00f1os y ni\u00f1as.<\/p><div data-uw-styling-context=\"true\"><div data-uw-styling-context=\"true\"><p><strong>*Este programa est\u00e1 disponible en CAID Santo Domingo Oeste.<\/strong><\/p><\/div><\/div><\/div>\t\t\t\t\t\t\t\t<\/div>\n\t\t\t\t<\/div>\n\t\t<div class=\"elementor-element elementor-element-48dc8e2 e-flex e-con-boxed e-con e-child\" data-id=\"48dc8e2\" data-element_type=\"container\" data-e-type=\"container\">\n\t\t\t\t\t<div class=\"e-con-inner\">\n\t\t<div class=\"elementor-element elementor-element-9219afd e-con-full e-flex e-con e-child\" data-id=\"9219afd\" data-element_type=\"container\" data-e-type=\"container\">\n\t\t\t\t<div class=\"elementor-element elementor-element-f5a9d85 elementor-widget elementor-widget-text-editor\" data-id=\"f5a9d85\" data-element_type=\"widget\" data-e-type=\"widget\" data-widget_type=\"text-editor.default\">\n\t\t\t\t<div class=\"elementor-widget-container\">\n\t\t\t\t\t\t\t\t\t<p><img loading=\"lazy\" decoding=\"async\" class=\"alignnone wp-image-12861\" src=\"https:\/\/caid.gob.do\/caid\/wp-content\/uploads\/dirigido-a-2.png\" alt=\"\" width=\"29\" height=\"29\" \/><strong>Dirigido a:<\/strong> <br \/>A ni\u00f1os y ni\u00f1as de 0 a 12 a\u00f1os con Par\u00e1lisis Cerebral, S\u00edndrome de Down o Trastorno del Espectro Autista (TEA), que han agotado el proceso de evaluaci\u00f3n social, evaluaci\u00f3n m\u00e9dica, evaluaci\u00f3n del desarrollo y se est\u00e1n en terapia activa.<\/p>\t\t\t\t\t\t\t\t<\/div>\n\t\t\t\t<\/div>\n\t\t\t\t<\/div>\n\t\t<div class=\"elementor-element elementor-element-35ed0ea e-flex e-con-boxed e-con e-child\" data-id=\"35ed0ea\" data-element_type=\"container\" data-e-type=\"container\">\n\t\t\t\t\t<div class=\"e-con-inner\">\n\t\t\t\t<div class=\"elementor-element elementor-element-fbb37c7 elementor-widget elementor-widget-text-editor\" data-id=\"fbb37c7\" data-element_type=\"widget\" data-e-type=\"widget\" data-widget_type=\"text-editor.default\">\n\t\t\t\t<div class=\"elementor-widget-container\">\n\t\t\t\t\t\t\t\t\t<p><img loading=\"lazy\" decoding=\"async\" class=\"alignnone wp-image-12857\" src=\"https:\/\/caid.gob.do\/caid\/wp-content\/uploads\/requsitos.png\" alt=\"\" width=\"30\" height=\"38\" \/> <strong>Requisitos:<br \/><\/strong>Documento de identidad para el registro de entrada.<\/p>\t\t\t\t\t\t\t\t<\/div>\n\t\t\t\t<\/div>\n\t\t\t\t\t<\/div>\n\t\t\t\t<\/div>\n\t\t\t\t\t<\/div>\n\t\t\t\t<\/div>\n\t\t<div class=\"elementor-element elementor-element-2bee50b e-con-full e-flex e-con e-child\" data-id=\"2bee50b\" data-element_type=\"container\" data-e-type=\"container\">\n\t\t\t\t<div class=\"elementor-element elementor-element-a001aa0 elementor-widget elementor-widget-text-editor\" data-id=\"a001aa0\" data-element_type=\"widget\" data-e-type=\"widget\" data-widget_type=\"text-editor.default\">\n\t\t\t\t<div class=\"elementor-widget-container\">\n\t\t\t\t\t\t\t\t\t<p><strong style=\"font-fimily: GOTHAM HTF; font-height: 600;\"><img loading=\"lazy\" decoding=\"async\" class=\"alignnone wp-image-12855\" src=\"https:\/\/caid.gob.do\/caid\/wp-content\/uploads\/proce.png\" alt=\"\" width=\"30\" height=\"26\" \/> Procedimientos<br \/><\/strong><\/p><ul><li><div data-uw-styling-context=\"true\">Recibir llamada de confirmaci\u00f3n para la participaci\u00f3n del ni\u00f1o o ni\u00f1a.<\/div><\/li><\/ul>\t\t\t\t\t\t\t\t<\/div>\n\t\t\t\t<\/div>\n\t\t\t\t<\/div>\n\t\t\t\t<\/div>\n\t\t\t\t<\/div>\n\t\t","protected":false},"excerpt":{"rendered":"<p>Imprimir \/ descargar PDF Email WhatsApp Promueve el involucramiento social en ni\u00f1os, ni\u00f1as y sus familias con Trastorno del Espectro Autista, S\u00edndrome de Down y Par\u00e1lisis Cerebral, fomentando su participaci\u00f3n a trav\u00e9s de actividades emblem\u00e1ticas propias de nuestra cultura, su asistencia y disfrute en centros recreativos, asumiendo roles similares en igualdad de condiciones y garantizando [&hellip;]<\/p>\n","protected":false},"author":1,"featured_media":0,"parent":107,"menu_order":0,"comment_status":"closed","ping_status":"closed","template":"","meta":{"_acf_changed":false,"footnotes":""},"class_list":["post-723","page","type-page","status-publish","hentry"],"acf":[],"yoast_head":"<!-- This site is optimized with the Yoast SEO plugin v27.0 - https:\/\/yoast.com\/product\/yoast-seo-wordpress\/ -->\r\n<title>Programa de Actividades Tem\u00e1ticas: Actividades de Inclusi\u00f3n Social - CAID<\/title>\r\n<meta name=\"robots\" content=\"index, follow, max-snippet:-1, max-image-preview:large, max-video-preview:-1\" \/>\r\n<link rel=\"canonical\" href=\"https:\/\/caid.gob.do\/caid\/inicio\/programas\/programa-de-actividades-tematicas-actividades-de-inclusion-social\/\" \/>\r\n<meta property=\"og:locale\" content=\"es_ES\" \/>\r\n<meta property=\"og:type\" content=\"article\" \/>\r\n<meta property=\"og:title\" content=\"Programa de Actividades Tem\u00e1ticas: Actividades de Inclusi\u00f3n Social - CAID\" \/>\r\n<meta property=\"og:description\" content=\"Imprimir \/ descargar PDF Email WhatsApp Promueve el involucramiento social en ni\u00f1os, ni\u00f1as y sus familias con Trastorno del Espectro Autista, S\u00edndrome de Down y Par\u00e1lisis Cerebral, fomentando su participaci\u00f3n a trav\u00e9s de actividades emblem\u00e1ticas propias de nuestra cultura, su asistencia y disfrute en centros recreativos, asumiendo roles similares en igualdad de condiciones y garantizando [&hellip;]\" \/>\r\n<meta property=\"og:url\" content=\"https:\/\/caid.gob.do\/caid\/inicio\/programas\/programa-de-actividades-tematicas-actividades-de-inclusion-social\/\" \/>\r\n<meta property=\"og:site_name\" content=\"CAID\" \/>\r\n<meta property=\"article:publisher\" content=\"https:\/\/www.facebook.com\/redcaidrd\" \/>\r\n<meta property=\"article:modified_time\" content=\"2023-12-05T14:08:22+00:00\" \/>\r\n<meta property=\"og:image\" content=\"https:\/\/caid.gob.do\/caid\/wp-content\/uploads\/Talent-Show-SJ-_002-1.jpg\" \/>\r\n<meta name=\"twitter:card\" content=\"summary_large_image\" \/>\r\n<meta name=\"twitter:site\" content=\"@CAIDRDO\" \/>\r\n<meta name=\"twitter:label1\" content=\"Est. reading time\" \/>\n\t<meta name=\"twitter:data1\" content=\"2 minutos\" \/>\r\n<script type=\"application\/ld+json\" class=\"yoast-schema-graph\">{\"@context\":\"https:\/\/schema.org\",\"@graph\":[{\"@type\":\"WebPage\",\"@id\":\"https:\/\/caid.gob.do\/caid\/inicio\/programas\/programa-de-actividades-tematicas-actividades-de-inclusion-social\/\",\"url\":\"https:\/\/caid.gob.do\/caid\/inicio\/programas\/programa-de-actividades-tematicas-actividades-de-inclusion-social\/\",\"name\":\"Programa de Actividades Tem\u00e1ticas: Actividades de Inclusi\u00f3n Social - CAID\",\"isPartOf\":{\"@id\":\"https:\/\/caid.gob.do\/caid\/#website\"},\"primaryImageOfPage\":{\"@id\":\"https:\/\/caid.gob.do\/caid\/inicio\/programas\/programa-de-actividades-tematicas-actividades-de-inclusion-social\/#primaryimage\"},\"image\":{\"@id\":\"https:\/\/caid.gob.do\/caid\/inicio\/programas\/programa-de-actividades-tematicas-actividades-de-inclusion-social\/#primaryimage\"},\"thumbnailUrl\":\"https:\/\/caid.gob.do\/caid\/wp-content\/uploads\/Talent-Show-SJ-_002-1.jpg\",\"datePublished\":\"2022-03-20T21:24:03+00:00\",\"dateModified\":\"2023-12-05T14:08:22+00:00\",\"breadcrumb\":{\"@id\":\"https:\/\/caid.gob.do\/caid\/inicio\/programas\/programa-de-actividades-tematicas-actividades-de-inclusion-social\/#breadcrumb\"},\"inLanguage\":\"es-DO\",\"potentialAction\":[{\"@type\":\"ReadAction\",\"target\":[\"https:\/\/caid.gob.do\/caid\/inicio\/programas\/programa-de-actividades-tematicas-actividades-de-inclusion-social\/\"]}]},{\"@type\":\"ImageObject\",\"inLanguage\":\"es-DO\",\"@id\":\"https:\/\/caid.gob.do\/caid\/inicio\/programas\/programa-de-actividades-tematicas-actividades-de-inclusion-social\/#primaryimage\",\"url\":\"https:\/\/caid.gob.do\/caid\/wp-content\/uploads\/Talent-Show-SJ-_002-1.jpg\",\"contentUrl\":\"https:\/\/caid.gob.do\/caid\/wp-content\/uploads\/Talent-Show-SJ-_002-1.jpg\",\"width\":1280,\"height\":720},{\"@type\":\"BreadcrumbList\",\"@id\":\"https:\/\/caid.gob.do\/caid\/inicio\/programas\/programa-de-actividades-tematicas-actividades-de-inclusion-social\/#breadcrumb\",\"itemListElement\":[{\"@type\":\"ListItem\",\"position\":1,\"name\":\"Est\u00e1s aqu\u00ed:\",\"item\":\"https:\/\/caid.gob.do\/caid\/\"},{\"@type\":\"ListItem\",\"position\":2,\"name\":\"Inicio\",\"item\":\"https:\/\/caid.gob.do\/caid\/\"},{\"@type\":\"ListItem\",\"position\":3,\"name\":\"Programas\",\"item\":\"https:\/\/caid.gob.do\/caid\/inicio\/programas\/\"},{\"@type\":\"ListItem\",\"position\":4,\"name\":\"Programa de Actividades Tem\u00e1ticas: Actividades de Inclusi\u00f3n Social\"}]},{\"@type\":\"WebSite\",\"@id\":\"https:\/\/caid.gob.do\/caid\/#website\",\"url\":\"https:\/\/caid.gob.do\/caid\/\",\"name\":\"CAID\",\"description\":\"Centro de Atenci\u00f3n Integral a la Discapacidad\",\"publisher\":{\"@id\":\"https:\/\/caid.gob.do\/caid\/#organization\"},\"potentialAction\":[{\"@type\":\"SearchAction\",\"target\":{\"@type\":\"EntryPoint\",\"urlTemplate\":\"https:\/\/caid.gob.do\/caid\/?s={search_term_string}\"},\"query-input\":{\"@type\":\"PropertyValueSpecification\",\"valueRequired\":true,\"valueName\":\"search_term_string\"}}],\"inLanguage\":\"es-DO\"},{\"@type\":\"Organization\",\"@id\":\"https:\/\/caid.gob.do\/caid\/#organization\",\"name\":\"Centro de Atenci\u00f3n Integral para la Discapacidad\",\"url\":\"https:\/\/caid.gob.do\/caid\/\",\"logo\":{\"@type\":\"ImageObject\",\"inLanguage\":\"es-DO\",\"@id\":\"https:\/\/caid.gob.do\/caid\/#\/schema\/logo\/image\/\",\"url\":\"https:\/\/caid.gob.do\/caid\/wp-content\/uploads\/CAID-LOGOS-EN-PNG_Mesa-de-trabajo-1-2-1024x505-1.png\",\"contentUrl\":\"https:\/\/caid.gob.do\/caid\/wp-content\/uploads\/CAID-LOGOS-EN-PNG_Mesa-de-trabajo-1-2-1024x505-1.png\",\"width\":1024,\"height\":505,\"caption\":\"Centro de Atenci\u00f3n Integral para la Discapacidad\"},\"image\":{\"@id\":\"https:\/\/caid.gob.do\/caid\/#\/schema\/logo\/image\/\"},\"sameAs\":[\"https:\/\/www.facebook.com\/redcaidrd\",\"https:\/\/x.com\/CAIDRDO\",\"https:\/\/www.instagram.com\/caidrd\/\",\"https:\/\/www.youtube.com\/channel\/UCLnt-fnRlxQdgJQwjgWkrCg\"]}]}<\/script>\r\n<!-- \/ Yoast SEO plugin. -->","yoast_head_json":{"title":"Programa de Actividades Tem\u00e1ticas: Actividades de Inclusi\u00f3n Social - CAID","robots":{"index":"index","follow":"follow","max-snippet":"max-snippet:-1","max-image-preview":"max-image-preview:large","max-video-preview":"max-video-preview:-1"},"canonical":"https:\/\/caid.gob.do\/caid\/inicio\/programas\/programa-de-actividades-tematicas-actividades-de-inclusion-social\/","og_locale":"es_ES","og_type":"article","og_title":"Programa de Actividades Tem\u00e1ticas: Actividades de Inclusi\u00f3n Social - CAID","og_description":"Imprimir \/ descargar PDF Email WhatsApp Promueve el involucramiento social en ni\u00f1os, ni\u00f1as y sus familias con Trastorno del Espectro Autista, S\u00edndrome de Down y Par\u00e1lisis Cerebral, fomentando su participaci\u00f3n a trav\u00e9s de actividades emblem\u00e1ticas propias de nuestra cultura, su asistencia y disfrute en centros recreativos, asumiendo roles similares en igualdad de condiciones y garantizando [&hellip;]","og_url":"https:\/\/caid.gob.do\/caid\/inicio\/programas\/programa-de-actividades-tematicas-actividades-de-inclusion-social\/","og_site_name":"CAID","article_publisher":"https:\/\/www.facebook.com\/redcaidrd","article_modified_time":"2023-12-05T14:08:22+00:00","og_image":[{"url":"https:\/\/caid.gob.do\/caid\/wp-content\/uploads\/Talent-Show-SJ-_002-1.jpg","type":"","width":"","height":""}],"twitter_card":"summary_large_image","twitter_site":"@CAIDRDO","twitter_misc":{"Est. reading time":"2 minutos"},"schema":{"@context":"https:\/\/schema.org","@graph":[{"@type":"WebPage","@id":"https:\/\/caid.gob.do\/caid\/inicio\/programas\/programa-de-actividades-tematicas-actividades-de-inclusion-social\/","url":"https:\/\/caid.gob.do\/caid\/inicio\/programas\/programa-de-actividades-tematicas-actividades-de-inclusion-social\/","name":"Programa de Actividades Tem\u00e1ticas: Actividades de Inclusi\u00f3n Social - CAID","isPartOf":{"@id":"https:\/\/caid.gob.do\/caid\/#website"},"primaryImageOfPage":{"@id":"https:\/\/caid.gob.do\/caid\/inicio\/programas\/programa-de-actividades-tematicas-actividades-de-inclusion-social\/#primaryimage"},"image":{"@id":"https:\/\/caid.gob.do\/caid\/inicio\/programas\/programa-de-actividades-tematicas-actividades-de-inclusion-social\/#primaryimage"},"thumbnailUrl":"https:\/\/caid.gob.do\/caid\/wp-content\/uploads\/Talent-Show-SJ-_002-1.jpg","datePublished":"2022-03-20T21:24:03+00:00","dateModified":"2023-12-05T14:08:22+00:00","breadcrumb":{"@id":"https:\/\/caid.gob.do\/caid\/inicio\/programas\/programa-de-actividades-tematicas-actividades-de-inclusion-social\/#breadcrumb"},"inLanguage":"es-DO","potentialAction":[{"@type":"ReadAction","target":["https:\/\/caid.gob.do\/caid\/inicio\/programas\/programa-de-actividades-tematicas-actividades-de-inclusion-social\/"]}]},{"@type":"ImageObject","inLanguage":"es-DO","@id":"https:\/\/caid.gob.do\/caid\/inicio\/programas\/programa-de-actividades-tematicas-actividades-de-inclusion-social\/#primaryimage","url":"https:\/\/caid.gob.do\/caid\/wp-content\/uploads\/Talent-Show-SJ-_002-1.jpg","contentUrl":"https:\/\/caid.gob.do\/caid\/wp-content\/uploads\/Talent-Show-SJ-_002-1.jpg","width":1280,"height":720},{"@type":"BreadcrumbList","@id":"https:\/\/caid.gob.do\/caid\/inicio\/programas\/programa-de-actividades-tematicas-actividades-de-inclusion-social\/#breadcrumb","itemListElement":[{"@type":"ListItem","position":1,"name":"Est\u00e1s aqu\u00ed:","item":"https:\/\/caid.gob.do\/caid\/"},{"@type":"ListItem","position":2,"name":"Inicio","item":"https:\/\/caid.gob.do\/caid\/"},{"@type":"ListItem","position":3,"name":"Programas","item":"https:\/\/caid.gob.do\/caid\/inicio\/programas\/"},{"@type":"ListItem","position":4,"name":"Programa de Actividades Tem\u00e1ticas: Actividades de Inclusi\u00f3n Social"}]},{"@type":"WebSite","@id":"https:\/\/caid.gob.do\/caid\/#website","url":"https:\/\/caid.gob.do\/caid\/","name":"CAID","description":"Centro de Atenci\u00f3n Integral a la Discapacidad","publisher":{"@id":"https:\/\/caid.gob.do\/caid\/#organization"},"potentialAction":[{"@type":"SearchAction","target":{"@type":"EntryPoint","urlTemplate":"https:\/\/caid.gob.do\/caid\/?s={search_term_string}"},"query-input":{"@type":"PropertyValueSpecification","valueRequired":true,"valueName":"search_term_string"}}],"inLanguage":"es-DO"},{"@type":"Organization","@id":"https:\/\/caid.gob.do\/caid\/#organization","name":"Centro de Atenci\u00f3n Integral para la Discapacidad","url":"https:\/\/caid.gob.do\/caid\/","logo":{"@type":"ImageObject","inLanguage":"es-DO","@id":"https:\/\/caid.gob.do\/caid\/#\/schema\/logo\/image\/","url":"https:\/\/caid.gob.do\/caid\/wp-content\/uploads\/CAID-LOGOS-EN-PNG_Mesa-de-trabajo-1-2-1024x505-1.png","contentUrl":"https:\/\/caid.gob.do\/caid\/wp-content\/uploads\/CAID-LOGOS-EN-PNG_Mesa-de-trabajo-1-2-1024x505-1.png","width":1024,"height":505,"caption":"Centro de Atenci\u00f3n Integral para la Discapacidad"},"image":{"@id":"https:\/\/caid.gob.do\/caid\/#\/schema\/logo\/image\/"},"sameAs":["https:\/\/www.facebook.com\/redcaidrd","https:\/\/x.com\/CAIDRDO","https:\/\/www.instagram.com\/caidrd\/","https:\/\/www.youtube.com\/channel\/UCLnt-fnRlxQdgJQwjgWkrCg"]}]}},"jetpack_sharing_enabled":true,"_links":{"self":[{"href":"https:\/\/caid.gob.do\/caid\/wp-json\/wp\/v2\/pages\/723","targetHints":{"allow":["GET"]}}],"collection":[{"href":"https:\/\/caid.gob.do\/caid\/wp-json\/wp\/v2\/pages"}],"about":[{"href":"https:\/\/caid.gob.do\/caid\/wp-json\/wp\/v2\/types\/page"}],"author":[{"embeddable":true,"href":"https:\/\/caid.gob.do\/caid\/wp-json\/wp\/v2\/users\/1"}],"replies":[{"embeddable":true,"href":"https:\/\/caid.gob.do\/caid\/wp-json\/wp\/v2\/comments?post=723"}],"version-history":[{"count":33,"href":"https:\/\/caid.gob.do\/caid\/wp-json\/wp\/v2\/pages\/723\/revisions"}],"predecessor-version":[{"id":15854,"href":"https:\/\/caid.gob.do\/caid\/wp-json\/wp\/v2\/pages\/723\/revisions\/15854"}],"up":[{"embeddable":true,"href":"https:\/\/caid.gob.do\/caid\/wp-json\/wp\/v2\/pages\/107"}],"wp:attachment":[{"href":"https:\/\/caid.gob.do\/caid\/wp-json\/wp\/v2\/media?parent=723"}],"curies":[{"name":"wp","href":"https:\/\/api.w.org\/{rel}","templated":true}]}}