{"id":2180,"date":"2023-02-15T14:54:30","date_gmt":"2023-02-15T14:54:30","guid":{"rendered":"https:\/\/caid.gob.do\/transparencia\/?page_id=2180"},"modified":"2024-09-04T18:24:19","modified_gmt":"2024-09-04T18:24:19","slug":"preguntas-frecuentes","status":"publish","type":"page","link":"https:\/\/caid.gob.do\/transparencia\/preguntas-frecuentes\/","title":{"rendered":"PREGUNTAS FRECUENTES"},"content":{"rendered":"\t\t<div data-elementor-type=\"wp-page\" data-elementor-id=\"2180\" class=\"elementor elementor-2180\" data-elementor-post-type=\"page\">\n\t\t\t\t\t\t<section class=\"elementor-section elementor-top-section elementor-element elementor-element-c086767 elementor-section-boxed elementor-section-height-default elementor-section-height-default\" data-id=\"c086767\" data-element_type=\"section\" data-e-type=\"section\">\n\t\t\t\t\t\t<div class=\"elementor-container elementor-column-gap-no\">\n\t\t\t\t\t<div class=\"elementor-column elementor-col-100 elementor-top-column elementor-element elementor-element-b07dd1e\" data-id=\"b07dd1e\" data-element_type=\"column\" data-e-type=\"column\">\n\t\t\t<div class=\"elementor-widget-wrap elementor-element-populated\">\n\t\t\t\t\t\t<div class=\"elementor-element elementor-element-80b1d22 elementor-widget elementor-widget-toggle\" data-id=\"80b1d22\" data-element_type=\"widget\" data-e-type=\"widget\" data-widget_type=\"toggle.default\">\n\t\t\t\t<div class=\"elementor-widget-container\">\n\t\t\t\t\t\t\t<div class=\"elementor-toggle\">\n\t\t\t\t\t\t\t<div class=\"elementor-toggle-item\">\n\t\t\t\t\t<div id=\"elementor-tab-title-1341\" class=\"elementor-tab-title\" data-tab=\"1\" role=\"button\" aria-controls=\"elementor-tab-content-1341\" aria-expanded=\"false\">\n\t\t\t\t\t\t\t\t\t\t\t\t<span class=\"elementor-toggle-icon elementor-toggle-icon-left\" aria-hidden=\"true\">\n\t\t\t\t\t\t\t\t\t\t\t\t\t\t\t<span class=\"elementor-toggle-icon-closed\"><i class=\"fas fa-caret-right\"><\/i><\/span>\n\t\t\t\t\t\t\t\t<span class=\"elementor-toggle-icon-opened\"><i class=\"elementor-toggle-icon-opened fas fa-caret-up\"><\/i><\/span>\n\t\t\t\t\t\t\t\t\t\t\t\t\t<\/span>\n\t\t\t\t\t\t\t\t\t\t\t\t<a class=\"elementor-toggle-title\" tabindex=\"0\">\u00bfQu\u00e9 es el CAID?<\/a>\n\t\t\t\t\t<\/div>\n\n\t\t\t\t\t<div id=\"elementor-tab-content-1341\" class=\"elementor-tab-content elementor-clearfix\" data-tab=\"1\" role=\"region\" aria-labelledby=\"elementor-tab-title-1341\"><p>El Centro de Atenci\u00f3n Integral para la Discapacidad (CAID) es el proyecto m\u00e1s importante desarrollado en el pa\u00eds para la evaluaci\u00f3n, diagn\u00f3stico y rehabilitaci\u00f3n de ni\u00f1os y ni\u00f1as de cero a doce\u00a0 a\u00f1os con trastornos del espectro autista (TEA), par\u00e1lisis cerebral (PC) y s\u00edndrome de Down.<\/p><\/div>\n\t\t\t\t<\/div>\n\t\t\t\t\t\t\t<div class=\"elementor-toggle-item\">\n\t\t\t\t\t<div id=\"elementor-tab-title-1342\" class=\"elementor-tab-title\" data-tab=\"2\" role=\"button\" aria-controls=\"elementor-tab-content-1342\" aria-expanded=\"false\">\n\t\t\t\t\t\t\t\t\t\t\t\t<span class=\"elementor-toggle-icon elementor-toggle-icon-left\" aria-hidden=\"true\">\n\t\t\t\t\t\t\t\t\t\t\t\t\t\t\t<span class=\"elementor-toggle-icon-closed\"><i class=\"fas fa-caret-right\"><\/i><\/span>\n\t\t\t\t\t\t\t\t<span class=\"elementor-toggle-icon-opened\"><i class=\"elementor-toggle-icon-opened fas fa-caret-up\"><\/i><\/span>\n\t\t\t\t\t\t\t\t\t\t\t\t\t<\/span>\n\t\t\t\t\t\t\t\t\t\t\t\t<a class=\"elementor-toggle-title\" tabindex=\"0\">\u00bfCu\u00e1les condiciones atienden?<\/a>\n\t\t\t\t\t<\/div>\n\n\t\t\t\t\t<div id=\"elementor-tab-content-1342\" class=\"elementor-tab-content elementor-clearfix\" data-tab=\"2\" role=\"region\" aria-labelledby=\"elementor-tab-title-1342\"><p>Actualmente nuestros servicios est\u00e1n enfocados en ni\u00f1os y ni\u00f1as de cero a doce\u00a0a\u00f1os con trastornos del espectro autista (TEA), par\u00e1lisis cerebral (PC) y s\u00edndrome de Down.<\/p><\/div>\n\t\t\t\t<\/div>\n\t\t\t\t\t\t\t<div class=\"elementor-toggle-item\">\n\t\t\t\t\t<div id=\"elementor-tab-title-1343\" class=\"elementor-tab-title\" data-tab=\"3\" role=\"button\" aria-controls=\"elementor-tab-content-1343\" aria-expanded=\"false\">\n\t\t\t\t\t\t\t\t\t\t\t\t<span class=\"elementor-toggle-icon elementor-toggle-icon-left\" aria-hidden=\"true\">\n\t\t\t\t\t\t\t\t\t\t\t\t\t\t\t<span class=\"elementor-toggle-icon-closed\"><i class=\"fas fa-caret-right\"><\/i><\/span>\n\t\t\t\t\t\t\t\t<span class=\"elementor-toggle-icon-opened\"><i class=\"elementor-toggle-icon-opened fas fa-caret-up\"><\/i><\/span>\n\t\t\t\t\t\t\t\t\t\t\t\t\t<\/span>\n\t\t\t\t\t\t\t\t\t\t\t\t<a class=\"elementor-toggle-title\" tabindex=\"0\">\u00bfAtienden ni\u00f1os de todas las edades?<\/a>\n\t\t\t\t\t<\/div>\n\n\t\t\t\t\t<div id=\"elementor-tab-content-1343\" class=\"elementor-tab-content elementor-clearfix\" data-tab=\"3\" role=\"region\" aria-labelledby=\"elementor-tab-title-1343\"><p>Actualmente nuestros servicios est\u00e1n enfocados en ni\u00f1os y ni\u00f1as de cero a doce\u00a0a\u00f1os con trastornos del espectro autista (TEA), par\u00e1lisis cerebral (PC) y s\u00edndrome de Down.<\/p><\/div>\n\t\t\t\t<\/div>\n\t\t\t\t\t\t\t<div class=\"elementor-toggle-item\">\n\t\t\t\t\t<div id=\"elementor-tab-title-1344\" class=\"elementor-tab-title\" data-tab=\"4\" role=\"button\" aria-controls=\"elementor-tab-content-1344\" aria-expanded=\"false\">\n\t\t\t\t\t\t\t\t\t\t\t\t<span class=\"elementor-toggle-icon elementor-toggle-icon-left\" aria-hidden=\"true\">\n\t\t\t\t\t\t\t\t\t\t\t\t\t\t\t<span class=\"elementor-toggle-icon-closed\"><i class=\"fas fa-caret-right\"><\/i><\/span>\n\t\t\t\t\t\t\t\t<span class=\"elementor-toggle-icon-opened\"><i class=\"elementor-toggle-icon-opened fas fa-caret-up\"><\/i><\/span>\n\t\t\t\t\t\t\t\t\t\t\t\t\t<\/span>\n\t\t\t\t\t\t\t\t\t\t\t\t<a class=\"elementor-toggle-title\" tabindex=\"0\">\u00bfCu\u00e1les son los servicios que ofrecen en el CAID?<\/a>\n\t\t\t\t\t<\/div>\n\n\t\t\t\t\t<div id=\"elementor-tab-content-1344\" class=\"elementor-tab-content elementor-clearfix\" data-tab=\"4\" role=\"region\" aria-labelledby=\"elementor-tab-title-1344\"><p><strong>Inicio de la ruta de atenci\u00f3n:<\/strong> <br \/>&#8211; Registro y admisi\u00f3n<br \/>&#8211; Servicio social <br \/>&#8211; Evaluaci\u00f3n m\u00e9dica <br \/>&#8211; Evaluaci\u00f3n del desarrollo<\/p><p><strong>Servicios m\u00e9dicos:<\/strong> <br \/>&#8211; Pediatr\u00eda <br \/>&#8211; Odontopediatr\u00eda<br \/>&#8211; Psiquiatr\u00eda <br \/>&#8211; Nutrici\u00f3n <br \/>&#8211; Fisiatr\u00eda<\/p><p><strong>Atenci\u00f3n y terapias:<\/strong> <br \/>&#8211; Terapia del habla y del lenguaje<br \/>&#8211; Terapia f\u00edsica <br \/>&#8211; Terapia ocupacional <br \/>&#8211; Intervenciones tecnol\u00f3gicas <br \/>&#8211; Terapia art\u00edstica <br \/>&#8211; Terapia familiar <br \/>&#8211; Terapia acu\u00e1tica <br \/>&#8211; Intervenci\u00f3n grupal <br \/>&#8211; Apoyo psicopedag\u00f3gico <br \/>&#8211; Atenci\u00f3n temprana <br \/>&#8211; Intervenci\u00f3n conductual <br \/>&#8211; Entrenamiento a familias<\/p><\/div>\n\t\t\t\t<\/div>\n\t\t\t\t\t\t\t<div class=\"elementor-toggle-item\">\n\t\t\t\t\t<div id=\"elementor-tab-title-1345\" class=\"elementor-tab-title\" data-tab=\"5\" role=\"button\" aria-controls=\"elementor-tab-content-1345\" aria-expanded=\"false\">\n\t\t\t\t\t\t\t\t\t\t\t\t<span class=\"elementor-toggle-icon elementor-toggle-icon-left\" aria-hidden=\"true\">\n\t\t\t\t\t\t\t\t\t\t\t\t\t\t\t<span class=\"elementor-toggle-icon-closed\"><i class=\"fas fa-caret-right\"><\/i><\/span>\n\t\t\t\t\t\t\t\t<span class=\"elementor-toggle-icon-opened\"><i class=\"elementor-toggle-icon-opened fas fa-caret-up\"><\/i><\/span>\n\t\t\t\t\t\t\t\t\t\t\t\t\t<\/span>\n\t\t\t\t\t\t\t\t\t\t\t\t<a class=\"elementor-toggle-title\" tabindex=\"0\">\u00bfCu\u00e1les son los programas que ofrecen en el CAID?<\/a>\n\t\t\t\t\t<\/div>\n\n\t\t\t\t\t<div id=\"elementor-tab-content-1345\" class=\"elementor-tab-content elementor-clearfix\" data-tab=\"5\" role=\"region\" aria-labelledby=\"elementor-tab-title-1345\"><p>Programas:<\/p><ul><li>Habilidades sociales <\/li><li>Inclusi\u00f3n educativa <\/li><li>Educaci\u00f3n vial <\/li><li>Terapia asistida con animales <\/li><li>Terapia alimentaria <\/li><li>Actividades tem\u00e1ticas<\/li><\/ul><\/div>\n\t\t\t\t<\/div>\n\t\t\t\t\t\t\t<div class=\"elementor-toggle-item\">\n\t\t\t\t\t<div id=\"elementor-tab-title-1346\" class=\"elementor-tab-title\" data-tab=\"6\" role=\"button\" aria-controls=\"elementor-tab-content-1346\" aria-expanded=\"false\">\n\t\t\t\t\t\t\t\t\t\t\t\t<span class=\"elementor-toggle-icon elementor-toggle-icon-left\" aria-hidden=\"true\">\n\t\t\t\t\t\t\t\t\t\t\t\t\t\t\t<span class=\"elementor-toggle-icon-closed\"><i class=\"fas fa-caret-right\"><\/i><\/span>\n\t\t\t\t\t\t\t\t<span class=\"elementor-toggle-icon-opened\"><i class=\"elementor-toggle-icon-opened fas fa-caret-up\"><\/i><\/span>\n\t\t\t\t\t\t\t\t\t\t\t\t\t<\/span>\n\t\t\t\t\t\t\t\t\t\t\t\t<a class=\"elementor-toggle-title\" tabindex=\"0\">\u00bfCu\u00e1les son los requisitos para que un ni\u00f1o reciba asistencia en el CAID?<\/a>\n\t\t\t\t\t<\/div>\n\n\t\t\t\t\t<div id=\"elementor-tab-content-1346\" class=\"elementor-tab-content elementor-clearfix\" data-tab=\"6\" role=\"region\" aria-labelledby=\"elementor-tab-title-1346\">Completar el formulario de solicitud de admisi\u00f3n.\n\nSolicitar en oficina o descargar en la web www.caid.gob.do\n\nAnexar los siguientes documentos:\n\nActa de nacimiento\nCopia de c\u00e9dula de ambos padres\n2 fotos 2\u00d72\nEstudios m\u00e9dicos anteriores y foto del seguro m\u00e9dico (en caso de tenerlos)\n\nLuego de las evaluaciones, se determina si el ni\u00f1o o ni\u00f1a posee una de las condiciones que tratamos:\n\nAutismo\nS\u00edndrome de down\nPar\u00e1lisis cerebral\n\nEn este caso, se realiza plan terap\u00e9utico y el ni\u00f1o comienza a recibir las terapias.\n\nSi no es criterio CAID es referido a otro centro o especialista.<\/div>\n\t\t\t\t<\/div>\n\t\t\t\t\t\t\t<div class=\"elementor-toggle-item\">\n\t\t\t\t\t<div id=\"elementor-tab-title-1347\" class=\"elementor-tab-title\" data-tab=\"7\" role=\"button\" aria-controls=\"elementor-tab-content-1347\" aria-expanded=\"false\">\n\t\t\t\t\t\t\t\t\t\t\t\t<span class=\"elementor-toggle-icon elementor-toggle-icon-left\" aria-hidden=\"true\">\n\t\t\t\t\t\t\t\t\t\t\t\t\t\t\t<span class=\"elementor-toggle-icon-closed\"><i class=\"fas fa-caret-right\"><\/i><\/span>\n\t\t\t\t\t\t\t\t<span class=\"elementor-toggle-icon-opened\"><i class=\"elementor-toggle-icon-opened fas fa-caret-up\"><\/i><\/span>\n\t\t\t\t\t\t\t\t\t\t\t\t\t<\/span>\n\t\t\t\t\t\t\t\t\t\t\t\t<a class=\"elementor-toggle-title\" tabindex=\"0\">\u00bfCu\u00e1l es el costo de las terapias?<\/a>\n\t\t\t\t\t<\/div>\n\n\t\t\t\t\t<div id=\"elementor-tab-content-1347\" class=\"elementor-tab-content elementor-clearfix\" data-tab=\"7\" role=\"region\" aria-labelledby=\"elementor-tab-title-1347\"><p>Primero debe realizar el proceso de evaluaci\u00f3n y luego se determina el costo de los servicios a recibir, de acuerdo a la condici\u00f3n socio \u2013 econ\u00f3mica de la familia.<\/p><\/div>\n\t\t\t\t<\/div>\n\t\t\t\t\t\t\t<div class=\"elementor-toggle-item\">\n\t\t\t\t\t<div id=\"elementor-tab-title-1348\" class=\"elementor-tab-title\" data-tab=\"8\" role=\"button\" aria-controls=\"elementor-tab-content-1348\" aria-expanded=\"false\">\n\t\t\t\t\t\t\t\t\t\t\t\t<span class=\"elementor-toggle-icon elementor-toggle-icon-left\" aria-hidden=\"true\">\n\t\t\t\t\t\t\t\t\t\t\t\t\t\t\t<span class=\"elementor-toggle-icon-closed\"><i class=\"fas fa-caret-right\"><\/i><\/span>\n\t\t\t\t\t\t\t\t<span class=\"elementor-toggle-icon-opened\"><i class=\"elementor-toggle-icon-opened fas fa-caret-up\"><\/i><\/span>\n\t\t\t\t\t\t\t\t\t\t\t\t\t<\/span>\n\t\t\t\t\t\t\t\t\t\t\t\t<a class=\"elementor-toggle-title\" tabindex=\"0\">\u00bfCu\u00e1l es la ruta de atenci\u00f3n para los ni\u00f1os y ni\u00f1as que desean ingresar al CAID?<\/a>\n\t\t\t\t\t<\/div>\n\n\t\t\t\t\t<div id=\"elementor-tab-content-1348\" class=\"elementor-tab-content elementor-clearfix\" data-tab=\"8\" role=\"region\" aria-labelledby=\"elementor-tab-title-1348\"><ol><li>Completar el formulario de solicitud de admisi\u00f3n.<\/li><\/ol><p><em>Solicitar en oficina o descargar en la web\u00a0<a href=\"http:\/\/www.caid.gob.do\/\">www.caid.gob.do<\/a><\/em><\/p><p>Anexar los siguientes documentos:<\/p><ul><li>Acta de nacimiento<\/li><li>Copia de c\u00e9dula de ambos padres<\/li><li>2 fotos 2\u00d72<\/li><li>Estudios m\u00e9dicos anteriores y foto del seguro m\u00e9dico (en caso de tenerlos)<\/li><\/ul><p>\u00a0<\/p><ol start=\"2\"><li>Programar cita en evaluaci\u00f3n social.<\/li><\/ol><p><em>Solo asisten los padres o tutores.<\/em><\/p><p>\u00a0<\/p><ol start=\"3\"><li>Programar cita en evaluaci\u00f3n m\u00e9dica.<\/li><\/ol><p><em>Asisten padres o tutores y el ni\u00f1o o ni\u00f1a a evaluar.\u00a0<\/em>\u00a0<\/p><p>En este paso se determina si el ni\u00f1o o ni\u00f1a posee el criterio de atenci\u00f3n CAID, es decir si posee una de las condiciones que tratamos:<\/p><ul><li><em>Autismo<\/em><\/li><li><em>S\u00edndrome de down<\/em><\/li><li><em>Par\u00e1lisis cerebral<\/em><\/li><li>Criterio CAID \u2013 pasa al punto 4.<\/li><li>Criterio por investigar \u2013 pasa al punto 4.<\/li><li>Criterio NO CAID \u2013 se refiere a otro centro o especialista.<br \/><br \/><\/li><\/ul><ol start=\"4\"><li>Evaluaci\u00f3n SED<\/li><\/ol><p><em>El CAID realiza evaluaci\u00f3n y diagn\u00f3stico m\u00e1s profundo.<\/em><\/p><p><em>El ni\u00f1o o ni\u00f1a a evaluar participa en varias sesiones: formularios, entrevistas, estudios m\u00e9dicos, entre otros.<br \/><br \/><br \/><\/em><\/p><ol start=\"5\"><li>Entrega del plan terap\u00e9utico personalizado para el ni\u00f1o o ni\u00f1a.<\/li><\/ol><p><em>Incluye: resultados de pruebas, diagn\u00f3stico, recomendaciones, terapias.<\/em><\/p><p>\u00a0<\/p><ol start=\"6\"><li>Inicio del plan terap\u00e9utico.<\/li><\/ol><\/div>\n\t\t\t\t<\/div>\n\t\t\t\t\t\t\t<div class=\"elementor-toggle-item\">\n\t\t\t\t\t<div id=\"elementor-tab-title-1349\" class=\"elementor-tab-title\" data-tab=\"9\" role=\"button\" aria-controls=\"elementor-tab-content-1349\" aria-expanded=\"false\">\n\t\t\t\t\t\t\t\t\t\t\t\t<span class=\"elementor-toggle-icon elementor-toggle-icon-left\" aria-hidden=\"true\">\n\t\t\t\t\t\t\t\t\t\t\t\t\t\t\t<span class=\"elementor-toggle-icon-closed\"><i class=\"fas fa-caret-right\"><\/i><\/span>\n\t\t\t\t\t\t\t\t<span class=\"elementor-toggle-icon-opened\"><i class=\"elementor-toggle-icon-opened fas fa-caret-up\"><\/i><\/span>\n\t\t\t\t\t\t\t\t\t\t\t\t\t<\/span>\n\t\t\t\t\t\t\t\t\t\t\t\t<a class=\"elementor-toggle-title\" tabindex=\"0\">\u00bfCu\u00e1ntos centros CAID hay en el pa\u00eds?<\/a>\n\t\t\t\t\t<\/div>\n\n\t\t\t\t\t<div id=\"elementor-tab-content-1349\" class=\"elementor-tab-content elementor-clearfix\" data-tab=\"9\" role=\"region\" aria-labelledby=\"elementor-tab-title-1349\"><p>Actualmente, contamos con cuatro centros CAID en el pa\u00eds:<\/p><p>Santo Domingo Este<\/p><p>829-953-6146<br \/><br \/>Santo Domingo Oeste<\/p><p>849-936-8787<\/p><p>infosdo@caid.gob.do<\/p><p>CAID Santiago<\/p><p>849-937-4141<\/p><p>infostgo@caid.gob.do<\/p><p>CAID San Juan<\/p><p>809-557-9900<\/p><p>infosjm@caid.gob.do<\/p><\/div>\n\t\t\t\t<\/div>\n\t\t\t\t\t\t\t<div class=\"elementor-toggle-item\">\n\t\t\t\t\t<div id=\"elementor-tab-title-13410\" class=\"elementor-tab-title\" data-tab=\"10\" role=\"button\" aria-controls=\"elementor-tab-content-13410\" aria-expanded=\"false\">\n\t\t\t\t\t\t\t\t\t\t\t\t<span class=\"elementor-toggle-icon elementor-toggle-icon-left\" aria-hidden=\"true\">\n\t\t\t\t\t\t\t\t\t\t\t\t\t\t\t<span class=\"elementor-toggle-icon-closed\"><i class=\"fas fa-caret-right\"><\/i><\/span>\n\t\t\t\t\t\t\t\t<span class=\"elementor-toggle-icon-opened\"><i class=\"elementor-toggle-icon-opened fas fa-caret-up\"><\/i><\/span>\n\t\t\t\t\t\t\t\t\t\t\t\t\t<\/span>\n\t\t\t\t\t\t\t\t\t\t\t\t<a class=\"elementor-toggle-title\" tabindex=\"0\">\u00bfCu\u00e1les son los datos de contactos?<\/a>\n\t\t\t\t\t<\/div>\n\n\t\t\t\t\t<div id=\"elementor-tab-content-13410\" class=\"elementor-tab-content elementor-clearfix\" data-tab=\"10\" role=\"region\" aria-labelledby=\"elementor-tab-title-13410\"><p>Santo Domingo Este<\/p><p>829-953-6146<\/p><p>Santo Domingo Oeste<\/p><p>849-936-8787<\/p><p>infosdo@caid.gob.do<\/p><p>CAID Santiago<\/p><p>849-937-4141<\/p><p>infostgo@caid.gob.do<\/p><p>CAID San Juan<\/p><p>809-557-9900<\/p><p>infosjm@caid.gob.do<\/p><\/div>\n\t\t\t\t<\/div>\n\t\t\t\t\t\t\t\t<\/div>\n\t\t\t\t\t\t<\/div>\n\t\t\t\t<\/div>\n\t\t\t\t\t<\/div>\n\t\t<\/div>\n\t\t\t\t\t<\/div>\n\t\t<\/section>\n\t\t\t\t<\/div>\n\t\t","protected":false},"excerpt":{"rendered":"<p>\u00bfQu\u00e9 es el CAID? El Centro de Atenci\u00f3n Integral para la Discapacidad (CAID) es el proyecto m\u00e1s importante desarrollado en el pa\u00eds para la evaluaci\u00f3n, diagn\u00f3stico y rehabilitaci\u00f3n de ni\u00f1os y ni\u00f1as de cero a doce\u00a0 a\u00f1os con trastornos del espectro autista (TEA), par\u00e1lisis cerebral (PC) y s\u00edndrome de Down. \u00bfCu\u00e1les condiciones atienden? Actualmente nuestros [&hellip;]<\/p>\n","protected":false},"author":1,"featured_media":0,"parent":0,"menu_order":0,"comment_status":"closed","ping_status":"closed","template":"","meta":{"footnotes":""},"class_list":["post-2180","page","type-page","status-publish","hentry"],"yoast_head":"<!-- This site is optimized with the Yoast SEO plugin v27.0 - https:\/\/yoast.com\/product\/yoast-seo-wordpress\/ -->\r\n<title>PREGUNTAS FRECUENTES - Portal de Transparencia del CAID<\/title>\r\n<meta name=\"robots\" content=\"index, follow, max-snippet:-1, max-image-preview:large, max-video-preview:-1\" \/>\r\n<link rel=\"canonical\" href=\"https:\/\/caid.gob.do\/transparencia\/preguntas-frecuentes\/\" \/>\r\n<meta property=\"og:locale\" content=\"es_ES\" \/>\r\n<meta property=\"og:type\" content=\"article\" \/>\r\n<meta property=\"og:title\" content=\"PREGUNTAS FRECUENTES - Portal de Transparencia del CAID\" \/>\r\n<meta property=\"og:description\" content=\"\u00bfQu\u00e9 es el CAID? El Centro de Atenci\u00f3n Integral para la Discapacidad (CAID) es el proyecto m\u00e1s importante desarrollado en el pa\u00eds para la evaluaci\u00f3n, diagn\u00f3stico y rehabilitaci\u00f3n de ni\u00f1os y ni\u00f1as de cero a doce\u00a0 a\u00f1os con trastornos del espectro autista (TEA), par\u00e1lisis cerebral (PC) y s\u00edndrome de Down. \u00bfCu\u00e1les condiciones atienden? Actualmente nuestros [&hellip;]\" \/>\r\n<meta property=\"og:url\" content=\"https:\/\/caid.gob.do\/transparencia\/preguntas-frecuentes\/\" \/>\r\n<meta property=\"og:site_name\" content=\"Portal de Transparencia del CAID\" \/>\r\n<meta property=\"article:modified_time\" content=\"2024-09-04T18:24:19+00:00\" \/>\r\n<meta name=\"twitter:card\" content=\"summary_large_image\" \/>\r\n<meta name=\"twitter:label1\" content=\"Est. reading time\" \/>\n\t<meta name=\"twitter:data1\" content=\"3 minutos\" \/>\r\n<script type=\"application\/ld+json\" class=\"yoast-schema-graph\">{\"@context\":\"https:\/\/schema.org\",\"@graph\":[{\"@type\":\"WebPage\",\"@id\":\"https:\/\/caid.gob.do\/transparencia\/preguntas-frecuentes\/\",\"url\":\"https:\/\/caid.gob.do\/transparencia\/preguntas-frecuentes\/\",\"name\":\"PREGUNTAS FRECUENTES - Portal de Transparencia del CAID\",\"isPartOf\":{\"@id\":\"https:\/\/caid.gob.do\/transparencia\/#website\"},\"datePublished\":\"2023-02-15T14:54:30+00:00\",\"dateModified\":\"2024-09-04T18:24:19+00:00\",\"breadcrumb\":{\"@id\":\"https:\/\/caid.gob.do\/transparencia\/preguntas-frecuentes\/#breadcrumb\"},\"inLanguage\":\"es-DO\",\"potentialAction\":[{\"@type\":\"ReadAction\",\"target\":[\"https:\/\/caid.gob.do\/transparencia\/preguntas-frecuentes\/\"]}]},{\"@type\":\"BreadcrumbList\",\"@id\":\"https:\/\/caid.gob.do\/transparencia\/preguntas-frecuentes\/#breadcrumb\",\"itemListElement\":[{\"@type\":\"ListItem\",\"position\":1,\"name\":\"Est\u00e1s aqu\u00ed:\",\"item\":\"https:\/\/caid.gob.do\/transparencia\/\"},{\"@type\":\"ListItem\",\"position\":2,\"name\":\"PREGUNTAS FRECUENTES\"}]},{\"@type\":\"WebSite\",\"@id\":\"https:\/\/caid.gob.do\/transparencia\/#website\",\"url\":\"https:\/\/caid.gob.do\/transparencia\/\",\"name\":\"Portal de Transparencia del CAID\",\"description\":\"Transparencia del CAID\",\"publisher\":{\"@id\":\"https:\/\/caid.gob.do\/transparencia\/#organization\"},\"potentialAction\":[{\"@type\":\"SearchAction\",\"target\":{\"@type\":\"EntryPoint\",\"urlTemplate\":\"https:\/\/caid.gob.do\/transparencia\/?s={search_term_string}\"},\"query-input\":{\"@type\":\"PropertyValueSpecification\",\"valueRequired\":true,\"valueName\":\"search_term_string\"}}],\"inLanguage\":\"es-DO\"},{\"@type\":\"Organization\",\"@id\":\"https:\/\/caid.gob.do\/transparencia\/#organization\",\"name\":\"Portal de Transparencia del CAID\",\"url\":\"https:\/\/caid.gob.do\/transparencia\/\",\"logo\":{\"@type\":\"ImageObject\",\"inLanguage\":\"es-DO\",\"@id\":\"https:\/\/caid.gob.do\/transparencia\/#\/schema\/logo\/image\/\",\"url\":\"https:\/\/caid.gob.do\/transparencia\/wp-content\/uploads\/2023\/01\/CAID-LOGOS-EN-PNG_Mesa-de-trabajo-1.png\",\"contentUrl\":\"https:\/\/caid.gob.do\/transparencia\/wp-content\/uploads\/2023\/01\/CAID-LOGOS-EN-PNG_Mesa-de-trabajo-1.png\",\"width\":4500,\"height\":2220,\"caption\":\"Portal de Transparencia del CAID\"},\"image\":{\"@id\":\"https:\/\/caid.gob.do\/transparencia\/#\/schema\/logo\/image\/\"}}]}<\/script>\r\n<!-- \/ Yoast SEO plugin. -->","yoast_head_json":{"title":"PREGUNTAS FRECUENTES - Portal de Transparencia del CAID","robots":{"index":"index","follow":"follow","max-snippet":"max-snippet:-1","max-image-preview":"max-image-preview:large","max-video-preview":"max-video-preview:-1"},"canonical":"https:\/\/caid.gob.do\/transparencia\/preguntas-frecuentes\/","og_locale":"es_ES","og_type":"article","og_title":"PREGUNTAS FRECUENTES - Portal de Transparencia del CAID","og_description":"\u00bfQu\u00e9 es el CAID? El Centro de Atenci\u00f3n Integral para la Discapacidad (CAID) es el proyecto m\u00e1s importante desarrollado en el pa\u00eds para la evaluaci\u00f3n, diagn\u00f3stico y rehabilitaci\u00f3n de ni\u00f1os y ni\u00f1as de cero a doce\u00a0 a\u00f1os con trastornos del espectro autista (TEA), par\u00e1lisis cerebral (PC) y s\u00edndrome de Down. \u00bfCu\u00e1les condiciones atienden? Actualmente nuestros [&hellip;]","og_url":"https:\/\/caid.gob.do\/transparencia\/preguntas-frecuentes\/","og_site_name":"Portal de Transparencia del CAID","article_modified_time":"2024-09-04T18:24:19+00:00","twitter_card":"summary_large_image","twitter_misc":{"Est. reading time":"3 minutos"},"schema":{"@context":"https:\/\/schema.org","@graph":[{"@type":"WebPage","@id":"https:\/\/caid.gob.do\/transparencia\/preguntas-frecuentes\/","url":"https:\/\/caid.gob.do\/transparencia\/preguntas-frecuentes\/","name":"PREGUNTAS FRECUENTES - Portal de Transparencia del CAID","isPartOf":{"@id":"https:\/\/caid.gob.do\/transparencia\/#website"},"datePublished":"2023-02-15T14:54:30+00:00","dateModified":"2024-09-04T18:24:19+00:00","breadcrumb":{"@id":"https:\/\/caid.gob.do\/transparencia\/preguntas-frecuentes\/#breadcrumb"},"inLanguage":"es-DO","potentialAction":[{"@type":"ReadAction","target":["https:\/\/caid.gob.do\/transparencia\/preguntas-frecuentes\/"]}]},{"@type":"BreadcrumbList","@id":"https:\/\/caid.gob.do\/transparencia\/preguntas-frecuentes\/#breadcrumb","itemListElement":[{"@type":"ListItem","position":1,"name":"Est\u00e1s aqu\u00ed:","item":"https:\/\/caid.gob.do\/transparencia\/"},{"@type":"ListItem","position":2,"name":"PREGUNTAS FRECUENTES"}]},{"@type":"WebSite","@id":"https:\/\/caid.gob.do\/transparencia\/#website","url":"https:\/\/caid.gob.do\/transparencia\/","name":"Portal de Transparencia del CAID","description":"Transparencia del CAID","publisher":{"@id":"https:\/\/caid.gob.do\/transparencia\/#organization"},"potentialAction":[{"@type":"SearchAction","target":{"@type":"EntryPoint","urlTemplate":"https:\/\/caid.gob.do\/transparencia\/?s={search_term_string}"},"query-input":{"@type":"PropertyValueSpecification","valueRequired":true,"valueName":"search_term_string"}}],"inLanguage":"es-DO"},{"@type":"Organization","@id":"https:\/\/caid.gob.do\/transparencia\/#organization","name":"Portal de Transparencia del CAID","url":"https:\/\/caid.gob.do\/transparencia\/","logo":{"@type":"ImageObject","inLanguage":"es-DO","@id":"https:\/\/caid.gob.do\/transparencia\/#\/schema\/logo\/image\/","url":"https:\/\/caid.gob.do\/transparencia\/wp-content\/uploads\/2023\/01\/CAID-LOGOS-EN-PNG_Mesa-de-trabajo-1.png","contentUrl":"https:\/\/caid.gob.do\/transparencia\/wp-content\/uploads\/2023\/01\/CAID-LOGOS-EN-PNG_Mesa-de-trabajo-1.png","width":4500,"height":2220,"caption":"Portal de Transparencia del CAID"},"image":{"@id":"https:\/\/caid.gob.do\/transparencia\/#\/schema\/logo\/image\/"}}]}},"jetpack_sharing_enabled":true,"_links":{"self":[{"href":"https:\/\/caid.gob.do\/transparencia\/wp-json\/wp\/v2\/pages\/2180","targetHints":{"allow":["GET"]}}],"collection":[{"href":"https:\/\/caid.gob.do\/transparencia\/wp-json\/wp\/v2\/pages"}],"about":[{"href":"https:\/\/caid.gob.do\/transparencia\/wp-json\/wp\/v2\/types\/page"}],"author":[{"embeddable":true,"href":"https:\/\/caid.gob.do\/transparencia\/wp-json\/wp\/v2\/users\/1"}],"replies":[{"embeddable":true,"href":"https:\/\/caid.gob.do\/transparencia\/wp-json\/wp\/v2\/comments?post=2180"}],"version-history":[{"count":19,"href":"https:\/\/caid.gob.do\/transparencia\/wp-json\/wp\/v2\/pages\/2180\/revisions"}],"predecessor-version":[{"id":8351,"href":"https:\/\/caid.gob.do\/transparencia\/wp-json\/wp\/v2\/pages\/2180\/revisions\/8351"}],"wp:attachment":[{"href":"https:\/\/caid.gob.do\/transparencia\/wp-json\/wp\/v2\/media?parent=2180"}],"curies":[{"name":"wp","href":"https:\/\/api.w.org\/{rel}","templated":true}]}}