{"id":7302,"date":"2024-04-19T17:59:05","date_gmt":"2024-04-19T17:59:05","guid":{"rendered":"https:\/\/caid.gob.do\/transparencia\/?page_id=7302"},"modified":"2025-01-22T14:23:20","modified_gmt":"2025-01-22T18:23:20","slug":"inventario-de-almacen-2024","status":"publish","type":"page","link":"https:\/\/caid.gob.do\/transparencia\/portal-de-transparencia-del-caid\/finanzas\/inventario-de-almacen\/inventario-de-almacen-2024\/","title":{"rendered":"Inventario de almac\u00e9n 2024"},"content":{"rendered":"\t\t<div data-elementor-type=\"wp-page\" data-elementor-id=\"7302\" class=\"elementor elementor-7302\" data-elementor-post-type=\"page\">\n\t\t\t\t<div class=\"elementor-element elementor-element-99107de e-flex e-con-boxed e-con e-parent\" data-id=\"99107de\" data-element_type=\"container\" data-e-type=\"container\">\n\t\t\t\t\t<div class=\"e-con-inner\">\n\t\t\t\t<div class=\"elementor-element elementor-element-52825af elementor-widget elementor-widget-toggle\" data-id=\"52825af\" data-element_type=\"widget\" data-e-type=\"widget\" data-widget_type=\"toggle.default\">\n\t\t\t\t<div class=\"elementor-widget-container\">\n\t\t\t\t\t\t\t<div class=\"elementor-toggle\">\n\t\t\t\t\t\t\t<div class=\"elementor-toggle-item\">\n\t\t\t\t\t<div id=\"elementor-tab-title-8651\" class=\"elementor-tab-title\" data-tab=\"1\" role=\"button\" aria-controls=\"elementor-tab-content-8651\" aria-expanded=\"false\">\n\t\t\t\t\t\t\t\t\t\t\t\t<span class=\"elementor-toggle-icon elementor-toggle-icon-left\" aria-hidden=\"true\">\n\t\t\t\t\t\t\t\t\t\t\t\t\t\t\t<span class=\"elementor-toggle-icon-closed\"><i class=\"fas fa-caret-right\"><\/i><\/span>\n\t\t\t\t\t\t\t\t<span class=\"elementor-toggle-icon-opened\"><i class=\"elementor-toggle-icon-opened fas fa-caret-up\"><\/i><\/span>\n\t\t\t\t\t\t\t\t\t\t\t\t\t<\/span>\n\t\t\t\t\t\t\t\t\t\t\t\t<a class=\"elementor-toggle-title\" tabindex=\"0\">Trimestre octubre - diciembre del a\u00f1o 2024<\/a>\n\t\t\t\t\t<\/div>\n\n\t\t\t\t\t<div id=\"elementor-tab-content-8651\" class=\"elementor-tab-content elementor-clearfix\" data-tab=\"1\" role=\"region\" aria-labelledby=\"elementor-tab-title-8651\"><div class=\"grid\"><div><img decoding=\"async\" class=\"alignnone wp-image-636\" src=\"https:\/\/caid.gob.do\/transparencia\/wp-content\/uploads\/iconos-para-web-08.png\" alt=\"ICON PDF\" \/><\/div><div>Inventario de almac\u00e9n del cuarto trimestre del 2024<br \/><a href=\"https:\/\/caid.gob.do\/transparencia\/wp-content\/uploads\/D-INVENTARIO-T4-DICIEMBRE-2024_reutilizable.pdf\" target=\"_blank\" rel=\"noopener\"><strong>DESCARGAR<\/strong><\/a><\/div><\/div><hr \/><div class=\"grid\"><div><img decoding=\"async\" class=\"alignnone wp-image-636\" src=\"https:\/\/caid.gob.do\/transparencia\/wp-content\/uploads\/iconos-para-web-09.png\" alt=\"ICON PDF\" \/><\/div><div><p>Inventario de almac\u00e9n del cuarto trimestre del 2024<\/p><p><a href=\"https:\/\/caid.gob.do\/transparencia\/wp-content\/uploads\/D-Reporte-Inventario-T4-Diciembre-2024.xlsx\" target=\"_blank\" rel=\"noopener\"><strong>DESCARGAR<\/strong><\/a><\/p><\/div><\/div><\/div>\n\t\t\t\t<\/div>\n\t\t\t\t\t\t\t<div class=\"elementor-toggle-item\">\n\t\t\t\t\t<div id=\"elementor-tab-title-8652\" class=\"elementor-tab-title\" data-tab=\"2\" role=\"button\" aria-controls=\"elementor-tab-content-8652\" aria-expanded=\"false\">\n\t\t\t\t\t\t\t\t\t\t\t\t<span class=\"elementor-toggle-icon elementor-toggle-icon-left\" aria-hidden=\"true\">\n\t\t\t\t\t\t\t\t\t\t\t\t\t\t\t<span class=\"elementor-toggle-icon-closed\"><i class=\"fas fa-caret-right\"><\/i><\/span>\n\t\t\t\t\t\t\t\t<span class=\"elementor-toggle-icon-opened\"><i class=\"elementor-toggle-icon-opened fas fa-caret-up\"><\/i><\/span>\n\t\t\t\t\t\t\t\t\t\t\t\t\t<\/span>\n\t\t\t\t\t\t\t\t\t\t\t\t<a class=\"elementor-toggle-title\" tabindex=\"0\">Trimestre julio - septiembre del a\u00f1o 2024<\/a>\n\t\t\t\t\t<\/div>\n\n\t\t\t\t\t<div id=\"elementor-tab-content-8652\" class=\"elementor-tab-content elementor-clearfix\" data-tab=\"2\" role=\"region\" aria-labelledby=\"elementor-tab-title-8652\"><div class=\"grid\"><div><img decoding=\"async\" class=\"alignnone wp-image-636\" src=\"https:\/\/caid.gob.do\/transparencia\/wp-content\/uploads\/iconos-para-web-08.png\" alt=\"ICON PDF\" \/><\/div><div>Inventario de almac\u00e9n del tercer trimestre del 2024<br \/><a href=\"https:\/\/caid.gob.do\/transparencia\/wp-content\/uploads\/S-REPORTE-DE-INVENTARIO-T3-SEPTIEMBRE-2024_REUTILIZABLE.pdf\" target=\"_blank\" rel=\"noopener\"><strong>DESCARGAR<\/strong><\/a><\/div><\/div><hr \/><div class=\"grid\"><div><img decoding=\"async\" class=\"alignnone wp-image-636\" src=\"https:\/\/caid.gob.do\/transparencia\/wp-content\/uploads\/iconos-para-web-09.png\" alt=\"ICON PDF\" \/><\/div><div><p>Inventario de almac\u00e9n del tercer trimestre del 2024<\/p><p><a href=\"https:\/\/caid.gob.do\/transparencia\/wp-content\/uploads\/S-REPORTE-INVENTARIO-T3-SEPT-2024.xlsx\" target=\"_blank\" rel=\"noopener\"><strong>DESCARGAR<\/strong><\/a><\/p><\/div><\/div><\/div>\n\t\t\t\t<\/div>\n\t\t\t\t\t\t\t<div class=\"elementor-toggle-item\">\n\t\t\t\t\t<div id=\"elementor-tab-title-8653\" class=\"elementor-tab-title\" data-tab=\"3\" role=\"button\" aria-controls=\"elementor-tab-content-8653\" aria-expanded=\"false\">\n\t\t\t\t\t\t\t\t\t\t\t\t<span class=\"elementor-toggle-icon elementor-toggle-icon-left\" aria-hidden=\"true\">\n\t\t\t\t\t\t\t\t\t\t\t\t\t\t\t<span class=\"elementor-toggle-icon-closed\"><i class=\"fas fa-caret-right\"><\/i><\/span>\n\t\t\t\t\t\t\t\t<span class=\"elementor-toggle-icon-opened\"><i class=\"elementor-toggle-icon-opened fas fa-caret-up\"><\/i><\/span>\n\t\t\t\t\t\t\t\t\t\t\t\t\t<\/span>\n\t\t\t\t\t\t\t\t\t\t\t\t<a class=\"elementor-toggle-title\" tabindex=\"0\">Trimestre abril - junio del a\u00f1o 2024<\/a>\n\t\t\t\t\t<\/div>\n\n\t\t\t\t\t<div id=\"elementor-tab-content-8653\" class=\"elementor-tab-content elementor-clearfix\" data-tab=\"3\" role=\"region\" aria-labelledby=\"elementor-tab-title-8653\"><div class=\"grid\"><div><img decoding=\"async\" class=\"alignnone wp-image-636\" src=\"https:\/\/caid.gob.do\/transparencia\/wp-content\/uploads\/iconos-para-web-08.png\" alt=\"ICON PDF\" \/><\/div><div>Inventario de almac\u00e9n del segundo trimestre del 2024<br \/><a href=\"https:\/\/caid.gob.do\/transparencia\/wp-content\/uploads\/Inventario-Almacen-T2-PDF-reutilizable.pdf\" target=\"_blank\" rel=\"noopener\"><strong>DESCARGAR<\/strong><\/a><\/div><\/div><hr \/><div class=\"grid\"><div><img decoding=\"async\" class=\"alignnone wp-image-636\" src=\"https:\/\/caid.gob.do\/transparencia\/wp-content\/uploads\/iconos-para-web-09.png\" alt=\"ICON PDF\" \/><\/div><div><p>Inventario de almac\u00e9n del segundo trimestre del 2024<\/p><p><a href=\"https:\/\/caid.gob.do\/transparencia\/wp-content\/uploads\/ALMACEN-INVENTARIO-T2-ABRIL-JUNIO-2024.xlsx\" target=\"_blank\" rel=\"noopener\"><strong>DESCARGAR<\/strong><\/a><\/p><\/div><\/div><\/div>\n\t\t\t\t<\/div>\n\t\t\t\t\t\t\t<div class=\"elementor-toggle-item\">\n\t\t\t\t\t<div id=\"elementor-tab-title-8654\" class=\"elementor-tab-title\" data-tab=\"4\" role=\"button\" aria-controls=\"elementor-tab-content-8654\" aria-expanded=\"false\">\n\t\t\t\t\t\t\t\t\t\t\t\t<span class=\"elementor-toggle-icon elementor-toggle-icon-left\" aria-hidden=\"true\">\n\t\t\t\t\t\t\t\t\t\t\t\t\t\t\t<span class=\"elementor-toggle-icon-closed\"><i class=\"fas fa-caret-right\"><\/i><\/span>\n\t\t\t\t\t\t\t\t<span class=\"elementor-toggle-icon-opened\"><i class=\"elementor-toggle-icon-opened fas fa-caret-up\"><\/i><\/span>\n\t\t\t\t\t\t\t\t\t\t\t\t\t<\/span>\n\t\t\t\t\t\t\t\t\t\t\t\t<a class=\"elementor-toggle-title\" tabindex=\"0\">Trimestre enero - marzo del a\u00f1o 2024<\/a>\n\t\t\t\t\t<\/div>\n\n\t\t\t\t\t<div id=\"elementor-tab-content-8654\" class=\"elementor-tab-content elementor-clearfix\" data-tab=\"4\" role=\"region\" aria-labelledby=\"elementor-tab-title-8654\"><div class=\"grid\"><div><img decoding=\"async\" class=\"alignnone wp-image-636\" src=\"https:\/\/caid.gob.do\/transparencia\/wp-content\/uploads\/iconos-para-web-08.png\" alt=\"ICON PDF\" \/><\/div><div>Inventario de almac\u00e9n del primer trimestre del 2024<br \/><a href=\"https:\/\/caid.gob.do\/transparencia\/wp-content\/uploads\/REPORTE-INVENTARIO-ALMACEN-SDE-MARZO-2024.pdf\" target=\"_blank\" rel=\"noopener\"><strong>DESCARGAR<\/strong><\/a><\/div><\/div><hr \/><div class=\"grid\"><div><img decoding=\"async\" class=\"alignnone wp-image-636\" src=\"https:\/\/caid.gob.do\/transparencia\/wp-content\/uploads\/iconos-para-web-09.png\" alt=\"ICON PDF\" \/><\/div><div><p>Inventario de almac\u00e9n del primer trimestre del 2024<\/p><p><a href=\"https:\/\/caid.gob.do\/transparencia\/wp-content\/uploads\/Reporte-Inventario-Marzo-2024.xlsx\" target=\"_blank\" rel=\"noopener\"><strong>DESCARGAR<\/strong><\/a><\/p><\/div><\/div><\/div>\n\t\t\t\t<\/div>\n\t\t\t\t\t\t\t\t<\/div>\n\t\t\t\t\t\t<\/div>\n\t\t\t\t<\/div>\n\t\t\t\t\t<\/div>\n\t\t\t\t<\/div>\n\t\t\t\t<\/div>\n\t\t","protected":false},"excerpt":{"rendered":"<p>Trimestre octubre &#8211; diciembre del a\u00f1o 2024 Inventario de almac\u00e9n del cuarto trimestre del 2024DESCARGAR Inventario de almac\u00e9n del cuarto trimestre del 2024 DESCARGAR Trimestre julio &#8211; septiembre del a\u00f1o 2024 Inventario de almac\u00e9n del tercer trimestre del 2024DESCARGAR Inventario de almac\u00e9n del tercer trimestre del 2024 DESCARGAR Trimestre abril &#8211; junio del a\u00f1o 2024 [&hellip;]<\/p>\n","protected":false},"author":1,"featured_media":0,"parent":248,"menu_order":0,"comment_status":"closed","ping_status":"closed","template":"","meta":{"footnotes":""},"class_list":["post-7302","page","type-page","status-publish","hentry"],"yoast_head":"<!-- This site is optimized with the Yoast SEO plugin v27.6 - https:\/\/yoast.com\/product\/yoast-seo-wordpress\/ -->\r\n<title>Inventario de almac\u00e9n 2024 - Portal de Transparencia del CAID<\/title>\r\n<meta name=\"robots\" content=\"index, follow, max-snippet:-1, max-image-preview:large, max-video-preview:-1\" \/>\r\n<link rel=\"canonical\" href=\"https:\/\/caid.gob.do\/transparencia\/portal-de-transparencia-del-caid\/finanzas\/inventario-de-almacen\/inventario-de-almacen-2024\/\" \/>\r\n<meta property=\"og:locale\" content=\"es_ES\" \/>\r\n<meta property=\"og:type\" content=\"article\" \/>\r\n<meta property=\"og:title\" content=\"Inventario de almac\u00e9n 2024 - Portal de Transparencia del CAID\" \/>\r\n<meta property=\"og:description\" content=\"Trimestre octubre &#8211; diciembre del a\u00f1o 2024 Inventario de almac\u00e9n del cuarto trimestre del 2024DESCARGAR Inventario de almac\u00e9n del cuarto trimestre del 2024 DESCARGAR Trimestre julio &#8211; septiembre del a\u00f1o 2024 Inventario de almac\u00e9n del tercer trimestre del 2024DESCARGAR Inventario de almac\u00e9n del tercer trimestre del 2024 DESCARGAR Trimestre abril &#8211; junio del a\u00f1o 2024 [&hellip;]\" \/>\r\n<meta property=\"og:url\" content=\"https:\/\/caid.gob.do\/transparencia\/portal-de-transparencia-del-caid\/finanzas\/inventario-de-almacen\/inventario-de-almacen-2024\/\" \/>\r\n<meta property=\"og:site_name\" content=\"Portal de Transparencia del CAID\" \/>\r\n<meta property=\"article:modified_time\" content=\"2025-01-22T18:23:20+00:00\" \/>\r\n<meta name=\"twitter:card\" content=\"summary_large_image\" \/>\r\n<meta name=\"twitter:label1\" content=\"Est. reading time\" \/>\n\t<meta name=\"twitter:data1\" content=\"3 minutos\" \/>\r\n<script type=\"application\/ld+json\" class=\"yoast-schema-graph\">{\"@context\":\"https:\\\/\\\/schema.org\",\"@graph\":[{\"@type\":\"WebPage\",\"@id\":\"https:\\\/\\\/caid.gob.do\\\/transparencia\\\/portal-de-transparencia-del-caid\\\/finanzas\\\/inventario-de-almacen\\\/inventario-de-almacen-2024\\\/\",\"url\":\"https:\\\/\\\/caid.gob.do\\\/transparencia\\\/portal-de-transparencia-del-caid\\\/finanzas\\\/inventario-de-almacen\\\/inventario-de-almacen-2024\\\/\",\"name\":\"Inventario de almac\u00e9n 2024 - Portal de Transparencia del CAID\",\"isPartOf\":{\"@id\":\"https:\\\/\\\/caid.gob.do\\\/transparencia\\\/#website\"},\"primaryImageOfPage\":{\"@id\":\"https:\\\/\\\/caid.gob.do\\\/transparencia\\\/portal-de-transparencia-del-caid\\\/finanzas\\\/inventario-de-almacen\\\/inventario-de-almacen-2024\\\/#primaryimage\"},\"image\":{\"@id\":\"https:\\\/\\\/caid.gob.do\\\/transparencia\\\/portal-de-transparencia-del-caid\\\/finanzas\\\/inventario-de-almacen\\\/inventario-de-almacen-2024\\\/#primaryimage\"},\"thumbnailUrl\":\"https:\\\/\\\/caid.gob.do\\\/transparencia\\\/wp-content\\\/uploads\\\/iconos-para-web-08.png\",\"datePublished\":\"2024-04-19T17:59:05+00:00\",\"dateModified\":\"2025-01-22T18:23:20+00:00\",\"breadcrumb\":{\"@id\":\"https:\\\/\\\/caid.gob.do\\\/transparencia\\\/portal-de-transparencia-del-caid\\\/finanzas\\\/inventario-de-almacen\\\/inventario-de-almacen-2024\\\/#breadcrumb\"},\"inLanguage\":\"es-DO\",\"potentialAction\":[{\"@type\":\"ReadAction\",\"target\":[\"https:\\\/\\\/caid.gob.do\\\/transparencia\\\/portal-de-transparencia-del-caid\\\/finanzas\\\/inventario-de-almacen\\\/inventario-de-almacen-2024\\\/\"]}]},{\"@type\":\"ImageObject\",\"inLanguage\":\"es-DO\",\"@id\":\"https:\\\/\\\/caid.gob.do\\\/transparencia\\\/portal-de-transparencia-del-caid\\\/finanzas\\\/inventario-de-almacen\\\/inventario-de-almacen-2024\\\/#primaryimage\",\"url\":\"https:\\\/\\\/caid.gob.do\\\/transparencia\\\/wp-content\\\/uploads\\\/iconos-para-web-08.png\",\"contentUrl\":\"https:\\\/\\\/caid.gob.do\\\/transparencia\\\/wp-content\\\/uploads\\\/iconos-para-web-08.png\",\"width\":128,\"height\":128},{\"@type\":\"BreadcrumbList\",\"@id\":\"https:\\\/\\\/caid.gob.do\\\/transparencia\\\/portal-de-transparencia-del-caid\\\/finanzas\\\/inventario-de-almacen\\\/inventario-de-almacen-2024\\\/#breadcrumb\",\"itemListElement\":[{\"@type\":\"ListItem\",\"position\":1,\"name\":\"Est\u00e1s aqu\u00ed:\",\"item\":\"https:\\\/\\\/caid.gob.do\\\/transparencia\\\/\"},{\"@type\":\"ListItem\",\"position\":2,\"name\":\"Portal de transparencia del CAID\",\"item\":\"https:\\\/\\\/caid.gob.do\\\/transparencia\\\/\"},{\"@type\":\"ListItem\",\"position\":3,\"name\":\"Finanzas\",\"item\":\"https:\\\/\\\/caid.gob.do\\\/transparencia\\\/portal-de-transparencia-del-caid\\\/finanzas\\\/\"},{\"@type\":\"ListItem\",\"position\":4,\"name\":\"Inventario de almac\u00e9n\",\"item\":\"https:\\\/\\\/caid.gob.do\\\/transparencia\\\/portal-de-transparencia-del-caid\\\/finanzas\\\/inventario-de-almacen\\\/\"},{\"@type\":\"ListItem\",\"position\":5,\"name\":\"Inventario de almac\u00e9n 2024\"}]},{\"@type\":\"WebSite\",\"@id\":\"https:\\\/\\\/caid.gob.do\\\/transparencia\\\/#website\",\"url\":\"https:\\\/\\\/caid.gob.do\\\/transparencia\\\/\",\"name\":\"Portal de Transparencia del CAID\",\"description\":\"Transparencia del CAID\",\"publisher\":{\"@id\":\"https:\\\/\\\/caid.gob.do\\\/transparencia\\\/#organization\"},\"potentialAction\":[{\"@type\":\"SearchAction\",\"target\":{\"@type\":\"EntryPoint\",\"urlTemplate\":\"https:\\\/\\\/caid.gob.do\\\/transparencia\\\/?s={search_term_string}\"},\"query-input\":{\"@type\":\"PropertyValueSpecification\",\"valueRequired\":true,\"valueName\":\"search_term_string\"}}],\"inLanguage\":\"es-DO\"},{\"@type\":\"Organization\",\"@id\":\"https:\\\/\\\/caid.gob.do\\\/transparencia\\\/#organization\",\"name\":\"Portal de Transparencia del CAID\",\"url\":\"https:\\\/\\\/caid.gob.do\\\/transparencia\\\/\",\"logo\":{\"@type\":\"ImageObject\",\"inLanguage\":\"es-DO\",\"@id\":\"https:\\\/\\\/caid.gob.do\\\/transparencia\\\/#\\\/schema\\\/logo\\\/image\\\/\",\"url\":\"https:\\\/\\\/caid.gob.do\\\/transparencia\\\/wp-content\\\/uploads\\\/2023\\\/01\\\/CAID-LOGOS-EN-PNG_Mesa-de-trabajo-1.png\",\"contentUrl\":\"https:\\\/\\\/caid.gob.do\\\/transparencia\\\/wp-content\\\/uploads\\\/2023\\\/01\\\/CAID-LOGOS-EN-PNG_Mesa-de-trabajo-1.png\",\"width\":4500,\"height\":2220,\"caption\":\"Portal de Transparencia del CAID\"},\"image\":{\"@id\":\"https:\\\/\\\/caid.gob.do\\\/transparencia\\\/#\\\/schema\\\/logo\\\/image\\\/\"}}]}<\/script>\r\n<!-- \/ Yoast SEO plugin. -->","yoast_head_json":{"title":"Inventario de almac\u00e9n 2024 - Portal de Transparencia del CAID","robots":{"index":"index","follow":"follow","max-snippet":"max-snippet:-1","max-image-preview":"max-image-preview:large","max-video-preview":"max-video-preview:-1"},"canonical":"https:\/\/caid.gob.do\/transparencia\/portal-de-transparencia-del-caid\/finanzas\/inventario-de-almacen\/inventario-de-almacen-2024\/","og_locale":"es_ES","og_type":"article","og_title":"Inventario de almac\u00e9n 2024 - Portal de Transparencia del CAID","og_description":"Trimestre octubre &#8211; diciembre del a\u00f1o 2024 Inventario de almac\u00e9n del cuarto trimestre del 2024DESCARGAR Inventario de almac\u00e9n del cuarto trimestre del 2024 DESCARGAR Trimestre julio &#8211; septiembre del a\u00f1o 2024 Inventario de almac\u00e9n del tercer trimestre del 2024DESCARGAR Inventario de almac\u00e9n del tercer trimestre del 2024 DESCARGAR Trimestre abril &#8211; junio del a\u00f1o 2024 [&hellip;]","og_url":"https:\/\/caid.gob.do\/transparencia\/portal-de-transparencia-del-caid\/finanzas\/inventario-de-almacen\/inventario-de-almacen-2024\/","og_site_name":"Portal de Transparencia del CAID","article_modified_time":"2025-01-22T18:23:20+00:00","twitter_card":"summary_large_image","twitter_misc":{"Est. reading time":"3 minutos"},"schema":{"@context":"https:\/\/schema.org","@graph":[{"@type":"WebPage","@id":"https:\/\/caid.gob.do\/transparencia\/portal-de-transparencia-del-caid\/finanzas\/inventario-de-almacen\/inventario-de-almacen-2024\/","url":"https:\/\/caid.gob.do\/transparencia\/portal-de-transparencia-del-caid\/finanzas\/inventario-de-almacen\/inventario-de-almacen-2024\/","name":"Inventario de almac\u00e9n 2024 - Portal de Transparencia del CAID","isPartOf":{"@id":"https:\/\/caid.gob.do\/transparencia\/#website"},"primaryImageOfPage":{"@id":"https:\/\/caid.gob.do\/transparencia\/portal-de-transparencia-del-caid\/finanzas\/inventario-de-almacen\/inventario-de-almacen-2024\/#primaryimage"},"image":{"@id":"https:\/\/caid.gob.do\/transparencia\/portal-de-transparencia-del-caid\/finanzas\/inventario-de-almacen\/inventario-de-almacen-2024\/#primaryimage"},"thumbnailUrl":"https:\/\/caid.gob.do\/transparencia\/wp-content\/uploads\/iconos-para-web-08.png","datePublished":"2024-04-19T17:59:05+00:00","dateModified":"2025-01-22T18:23:20+00:00","breadcrumb":{"@id":"https:\/\/caid.gob.do\/transparencia\/portal-de-transparencia-del-caid\/finanzas\/inventario-de-almacen\/inventario-de-almacen-2024\/#breadcrumb"},"inLanguage":"es-DO","potentialAction":[{"@type":"ReadAction","target":["https:\/\/caid.gob.do\/transparencia\/portal-de-transparencia-del-caid\/finanzas\/inventario-de-almacen\/inventario-de-almacen-2024\/"]}]},{"@type":"ImageObject","inLanguage":"es-DO","@id":"https:\/\/caid.gob.do\/transparencia\/portal-de-transparencia-del-caid\/finanzas\/inventario-de-almacen\/inventario-de-almacen-2024\/#primaryimage","url":"https:\/\/caid.gob.do\/transparencia\/wp-content\/uploads\/iconos-para-web-08.png","contentUrl":"https:\/\/caid.gob.do\/transparencia\/wp-content\/uploads\/iconos-para-web-08.png","width":128,"height":128},{"@type":"BreadcrumbList","@id":"https:\/\/caid.gob.do\/transparencia\/portal-de-transparencia-del-caid\/finanzas\/inventario-de-almacen\/inventario-de-almacen-2024\/#breadcrumb","itemListElement":[{"@type":"ListItem","position":1,"name":"Est\u00e1s aqu\u00ed:","item":"https:\/\/caid.gob.do\/transparencia\/"},{"@type":"ListItem","position":2,"name":"Portal de transparencia del CAID","item":"https:\/\/caid.gob.do\/transparencia\/"},{"@type":"ListItem","position":3,"name":"Finanzas","item":"https:\/\/caid.gob.do\/transparencia\/portal-de-transparencia-del-caid\/finanzas\/"},{"@type":"ListItem","position":4,"name":"Inventario de almac\u00e9n","item":"https:\/\/caid.gob.do\/transparencia\/portal-de-transparencia-del-caid\/finanzas\/inventario-de-almacen\/"},{"@type":"ListItem","position":5,"name":"Inventario de almac\u00e9n 2024"}]},{"@type":"WebSite","@id":"https:\/\/caid.gob.do\/transparencia\/#website","url":"https:\/\/caid.gob.do\/transparencia\/","name":"Portal de Transparencia del CAID","description":"Transparencia del CAID","publisher":{"@id":"https:\/\/caid.gob.do\/transparencia\/#organization"},"potentialAction":[{"@type":"SearchAction","target":{"@type":"EntryPoint","urlTemplate":"https:\/\/caid.gob.do\/transparencia\/?s={search_term_string}"},"query-input":{"@type":"PropertyValueSpecification","valueRequired":true,"valueName":"search_term_string"}}],"inLanguage":"es-DO"},{"@type":"Organization","@id":"https:\/\/caid.gob.do\/transparencia\/#organization","name":"Portal de Transparencia del CAID","url":"https:\/\/caid.gob.do\/transparencia\/","logo":{"@type":"ImageObject","inLanguage":"es-DO","@id":"https:\/\/caid.gob.do\/transparencia\/#\/schema\/logo\/image\/","url":"https:\/\/caid.gob.do\/transparencia\/wp-content\/uploads\/2023\/01\/CAID-LOGOS-EN-PNG_Mesa-de-trabajo-1.png","contentUrl":"https:\/\/caid.gob.do\/transparencia\/wp-content\/uploads\/2023\/01\/CAID-LOGOS-EN-PNG_Mesa-de-trabajo-1.png","width":4500,"height":2220,"caption":"Portal de Transparencia del CAID"},"image":{"@id":"https:\/\/caid.gob.do\/transparencia\/#\/schema\/logo\/image\/"}}]}},"jetpack_sharing_enabled":true,"_links":{"self":[{"href":"https:\/\/caid.gob.do\/transparencia\/wp-json\/wp\/v2\/pages\/7302","targetHints":{"allow":["GET"]}}],"collection":[{"href":"https:\/\/caid.gob.do\/transparencia\/wp-json\/wp\/v2\/pages"}],"about":[{"href":"https:\/\/caid.gob.do\/transparencia\/wp-json\/wp\/v2\/types\/page"}],"author":[{"embeddable":true,"href":"https:\/\/caid.gob.do\/transparencia\/wp-json\/wp\/v2\/users\/1"}],"replies":[{"embeddable":true,"href":"https:\/\/caid.gob.do\/transparencia\/wp-json\/wp\/v2\/comments?post=7302"}],"version-history":[{"count":25,"href":"https:\/\/caid.gob.do\/transparencia\/wp-json\/wp\/v2\/pages\/7302\/revisions"}],"predecessor-version":[{"id":9299,"href":"https:\/\/caid.gob.do\/transparencia\/wp-json\/wp\/v2\/pages\/7302\/revisions\/9299"}],"up":[{"embeddable":true,"href":"https:\/\/caid.gob.do\/transparencia\/wp-json\/wp\/v2\/pages\/248"}],"wp:attachment":[{"href":"https:\/\/caid.gob.do\/transparencia\/wp-json\/wp\/v2\/media?parent=7302"}],"curies":[{"name":"wp","href":"https:\/\/api.w.org\/{rel}","templated":true}]}}